000
CXUS55 KVEF 010910
CF6EED
PRELIMINARY LOCAL CLIMATOLOGICAL DATA (WS FORM: F-6)
STATION: NEEDLES CA
MONTH: JUNE
YEAR: 2023
LATITUDE: 34 46 N
LONGITUDE: 114 37 W
TEMPERATURE IN F: :PCPN: SNOW: WIND :SUNSHINE: SKY :PK WND
================================================================================
1 2 3 4 5 6A 6B 7 8 9 10 11 12 13 14 15 16 17 18
12Z AVG MX 2MIN
DY MAX MIN AVG DEP HDD CDD WTR SNW DPTH SPD SPD DIR MIN PSBL S-S WX SPD DR
================================================================================
1 94 70 82 -7 0 17 0.00 M M 9.7 20 170 M M 0 27 140
2 97 72 85 -4 0 20 0.00 M M 9.5 16 230 M M 0 24 200
3 101 72 87 -2 0 22 0.00 M M 5.7 16 190 M M 0 23 180
4 104 76 90 0 0 25 0.00 M M 6.9 17 220 M M 0 28 130
5 103 74 89 -1 0 24 0.00 M M 9.4 29 170 M M 0 39 160
6 95 73 84 -6 0 19 0.00 M M 12.2 24 160 M M 0 33 140
7 94 73 84 -6 0 19 0.00 M M 11.0 23 180 M M 0 8 34 200
8 95 71 83 -8 0 18 0.00 M M 10.5 21 190 M M 0 31 210
9 97 73 85 -6 0 20 0.00 M M 8.7 21 210 M M 0 34 190
10 99 76 88 -4 0 23 0.00 M M 7.4 20 140 M M 0 27 170
11 92 69 81 -11 0 16 0.09 M M 10.1 26 270 M M 1 3 32 160
12 93 67 80 -12 0 15 0.00 M M 6.8 16 210 M M 1 23 190
13 97 72 85 -7 0 20 0.00 M M 5.7 14 220 M M 0 19 220
14 100 74 87 -6 0 22 0.00 M M 7.4 20 190 M M 0 27 180
15 101 77 89 -4 0 24 0.00 M M 8.0 18 180 M M 0 26 150
16 97 81 89 -4 0 24 0.00 M M 12.9 30 360 M M 0 37 360
17 105 75 90 -4 0 25 0.00 M M 6.9 15 200 M M 0 22 200
18 106 83 95 1 0 30 0.00 M M 12.0 26 180 M M 0 38 180
19 103 77 90 -4 0 25 0.00 M M 13.2 28 170 M M 0 38 180
20 99 78 89 -5 0 24 0.00 M M 8.2 16 260 M M 0 26 170
21 102 71 87 -8 0 22 0.00 M M 6.9 17 210 M M 0 23 230
22 100 72 86 -9 0 21 0.00 M M 11.4 25 180 M M 0 32 180
23 97 68 83 -12 0 18 0.00 M M 7.5 20 260 M M 0 27 250
24 102 65 84 -12 0 19 0.00 M M 5.8 18 220 M M 0 25 150
25 104 73 89 -7 0 24 0.00 M M 7.6 23 230 M M 0 30 210
26 104 75 90 -6 0 25 0.00 M M 9.7 23 230 M M 0 32 200
27 103 76 90 -6 0 25 0.00 M M 7.6 22 230 M M 0 29 130
28 104 75 90 -6 0 25 0.00 M M 7.7 20 170 M M 0 29 210
29 107 74 91 -6 0 26 0.00 M M 5.0 13 30 M M 0 19 30
30 111 77 94 -3 0 29 0.00 M M 6.5 17 360 M M 0 28 310
================================================================================
SM 3006 2209 0 666 0.09 M 257.9 M 2
================================================================================
AV100.2 73.6 8.6 FASTST M M 0 MAX(MPH)
MISC ----> 30 360 39 160
================================================================================
NOTES:
# LAST OF SEVERAL OCCURRENCES
COLUMN 17 PEAK WIND IN M.P.H.
PRELIMINARY LOCAL CLIMATOLOGICAL DATA (WS FORM: F-6) , PAGE 2
STATION: NEEDLES CA
MONTH: JUNE
YEAR: 2023
LATITUDE: 34 46 N
LONGITUDE: 114 37 W
[TEMPERATURE DATA] [PRECIPITATION DATA] SYMBOLS USED IN COLUMN 16
AVERAGE MONTHLY: 86.9 TOTAL FOR MONTH: 0.09 1 = FOG OR MIST
DPTR FM NORMAL: -6.1 DPTR FM NORMAL: 0.05 2 = FOG REDUCING VISIBILITY
HIGHEST: 111 ON 30 GRTST 24HR 0.09 ON 11-11 TO 1/4 MILE OR LESS
LOWEST: 65 ON 24 3 = THUNDER
SNOW, ICE PELLETS, HAIL 4 = ICE PELLETS
TOTAL MONTH: M 5 = HAIL
GRTST 24HR M ON M 6 = FREEZING RAIN OR DRIZZLE
GRTST DEPTH: M ON M 7 = DUSTSTORM OR SANDSTORM:
VSBY 1/2 MILE OR LESS
8 = SMOKE OR HAZE
[NO. OF DAYS WITH] [WEATHER - DAYS WITH] 9 = BLOWING SNOW
X = TORNADO
MAX 32 OR BELOW: 0 0.01 INCH OR MORE: 1
MAX 90 OR ABOVE: 30 0.10 INCH OR MORE: 0
MIN 32 OR BELOW: 0 0.50 INCH OR MORE: 0
MIN 0 OR BELOW: 0 1.00 INCH OR MORE: 0
[HDD (BASE 65) ]
TOTAL THIS MO. 0 CLEAR (SCALE 0-3) 30
DPTR FM NORMAL 0 PTCLDY (SCALE 4-7) 0
TOTAL FM JUL 1 1401 CLOUDY (SCALE 8-10) 0
DPTR FM NORMAL 462
[CDD (BASE 65) ]
TOTAL THIS MO. 666
DPTR FM NORMAL -174 [PRESSURE DATA]
TOTAL FM JAN 1 1483 HIGHEST SLP M ON M
DPTR FM NORMAL -324 LOWEST SLP 29.49 ON 5
[REMARKS]
#FINAL-06-23#