000
CXUS56 KEKA 011230
CF6EKA
PRELIMINARY LOCAL CLIMATOLOGICAL DATA (WS FORM: F-6)
STATION: EUREKA CA
MONTH: OCTOBER
YEAR: 2022
LATITUDE: 40 47 N
LONGITUDE: 124 10 W
TEMPERATURE IN F: :PCPN: SNOW: WIND :SUNSHINE: SKY :PK WND
================================================================================
1 2 3 4 5 6A 6B 7 8 9 10 11 12 13 14 15 16 17 18
12Z AVG MX 2MIN
DY MAX MIN AVG DEP HDD CDD WTR SNW DPTH SPD SPD DIR MIN PSBL S-S WX SPD DR
================================================================================
1 64 55 60 4 5 0 0.00 0.0 0 2.8 8 290 M M 4 18 10 M
2 61 55 58 2 7 0 0.00 0.0 0 2.0 5 60 M M 10 5 M
3 60 55 58 2 7 0 0.00 0.0 0 2.7 7 20 M M 10 1 8 M
4 62 55 59 3 6 0 0.00 0.0 0 4.4 9 10 M M 10 1 10 M
5 63 55 59 3 6 0 0.01 0.0 0 1.5 6 320 M M 10 1 8 M
6 60 53 57 2 8 0 0.01 0.0 0 3.1 6 350 M M 10 1 7 M
7 58 52 55 0 10 0 0.02 0.0 0 2.2 6 220 M M 10 2 7 M
8 58 51 55 0 10 0 T 0.0 0 1.1 5 330 M M 9 2 6 M
9 57 49 53 -2 12 0 T 0.0 0 2.1 6 310 M M 10 2 6 M
10 55 50 53 -2 12 0 T 0.0 0 1.4 5 20 M M 10 1 6 M
11 59 49 54 -1 11 0 0.00 0.0 0 1.6 7 270 M M 9 2 7 270
12 56 47 52 -3 13 0 T 0.0 0 1.8 6 340 M M 10 2 6 M
13 57 47 52 -3 13 0 0.00 0.0 0 1.8 8 20 M M 8 2 8 M
14 56 46 51 -4 14 0 0.00 0.0 0 1.8 6 270 M M 8 2 7 M
15 56 47 52 -2 13 0 0.00 0.0 0 4.0 10 30 M M 10 2 13 M
16 68 53 61 7 4 0 0.00 0.0 0 3.0 9 M M M 7 10 M
17 68 49 59 5 6 0 0.00 0.0 0 2.0 7 M M M 9 7 M
18 62 47 55 1 10 0 0.00 0.0 0 1.6 8 M M M 4 2 8 M
19 57 46 52 -2 13 0 0.00 0.0 0 2.7 8 M M M 9 2 8 M
20 53 50 52 -2 13 0 T 0.0 0 2.2 7 M M M 9 1 7 M
21 62 50 56 2 9 0 0.07 0.0 0 3.8 7 330 M M 9 1 8 M
22 60 46 53 -1 12 0 0.01 0.0 0 5.3 10 350 M M 3 12 M
23 58 42 50 -4 15 0 0.00 0.0 0 4.4 14 20 M M 0 8 17 M
24 62 41 52 -2 13 0 0.00 0.0 0 2.0 5 40 M M 10 1 5 M
25 56 47 52 -1 13 0 0.01 0.0 0 2.4 7 350 M M 7 1 8 M
26 57 42 50 -3 15 0 0.01 0.0 0 4.1 11 350 M M 4 14 M
27 58 40 49 -4 16 0 0.00 0.0 0 2.9 6 280 M M 1 7 M
28 62 41 52 -1 13 0 0.00 0.0 0 1.3 8 350 M M 7 8 M
29 67 42 55 2 10 0 0.00 0.0 0 1.8 7 290 M M 5 28 7 M
30 58 45 52 -1 13 0 0.00 0.0 0 3.0 8 30 M M 6 28 10 M
31 61 42 52 -1 13 0 0.00 0.0 0 2.1 8 300 M M 7 18 8 M
================================================================================
SM 1851 1489 335 0 0.14 0.0 78.9 M 235
================================================================================
AV 59.7 48.0 2.5 FASTST M M 8 MAX(MPH)
MISC ----> 14 20 17 9999
================================================================================
NOTES:
# LAST OF SEVERAL OCCURRENCES
COLUMN 17 PEAK WIND IN M.P.H.
PRELIMINARY LOCAL CLIMATOLOGICAL DATA (WS FORM: F-6) , PAGE 2
STATION: EUREKA CA
MONTH: OCTOBER
YEAR: 2022
LATITUDE: 40 47 N
LONGITUDE: 124 10 W
[TEMPERATURE DATA] [PRECIPITATION DATA] SYMBOLS USED IN COLUMN 16
AVERAGE MONTHLY: 53.9 TOTAL FOR MONTH: 0.14 1 = FOG OR MIST
DPTR FM NORMAL: -0.4 DPTR FM NORMAL: -2.17 2 = FOG REDUCING VISIBILITY
HIGHEST: 68 ON 17,16 GRTST 24HR 0.08 ON 21-22 TO 1/4 MILE OR LESS
LOWEST: 40 ON 27 3 = THUNDER
SNOW, ICE PELLETS, HAIL 4 = ICE PELLETS
TOTAL MONTH: 0.0 INCH 5 = HAIL
GRTST 24HR 0.0 6 = FREEZING RAIN OR DRIZZLE
GRTST DEPTH: 0 7 = DUSTSTORM OR SANDSTORM:
VSBY 1/2 MILE OR LESS
8 = SMOKE OR HAZE
[NO. OF DAYS WITH] [WEATHER - DAYS WITH] 9 = BLOWING SNOW
X = TORNADO
MAX 32 OR BELOW: 0 0.01 INCH OR MORE: 7
MAX 90 OR ABOVE: 0 0.10 INCH OR MORE: 0
MIN 32 OR BELOW: 0 0.50 INCH OR MORE: 0
MIN 0 OR BELOW: 0 1.00 INCH OR MORE: 0
[HDD (BASE 65) ]
TOTAL THIS MO. 335 CLEAR (SCALE 0-3) 3
DPTR FM NORMAL 4 PTCLDY (SCALE 4-7) 11
TOTAL FM JUL 1 849 CLOUDY (SCALE 8-10) 17
DPTR FM NORMAL -142
[CDD (BASE 65) ]
TOTAL THIS MO. 0
DPTR FM NORMAL 0 [PRESSURE DATA]
TOTAL FM JAN 1 1 HIGHEST SLP M ON M
DPTR FM NORMAL 0 LOWEST SLP 29.73 ON 31
[REMARKS]
#FINAL-10-22#