000
CXUS51 KRLX 020143
CLMEKN
CLIMATE REPORT
NATIONAL WEATHER SERVICE CHARLESTON WV
943 PM EDT SAT JUL 01 2023
...................................
...THE ELKINS WV CLIMATE SUMMARY FOR THE MONTH OF JUNE 2023...
CLIMATE NORMAL PERIOD: 1991 TO 2020
CLIMATE RECORD PERIOD: 1899 TO 2023
WEATHER OBSERVED NORMAL DEPART LAST YEAR`S
VALUE DATE(S) VALUE FROM VALUE
NORMAL
..............................................................
TEMPERATURE (F)
RECORD
HIGH 96 06/29/2012
LOW 25 06/08/1977
HIGHEST 87 06/02 91
LOWEST 39 06/08 40
AVG. MAXIMUM 76.3 80.2 -3.9 79.7
AVG. MINIMUM 51.1 55.5 -4.4 54.8
MEAN 63.7 67.8 -4.1 67.3
DAYS MAX >= 90 0 0.4 -0.4 2
DAYS MAX >= 80 9 17
DAYS MIN <= 32 0 0.0 0.0 0
PRECIPITATION (INCHES)
RECORD
MAXIMUM 10.05 1998
MINIMUM 1.11 2005
TOTALS 4.16 4.48 -0.32 6.43
DAILY AVG. 0.14 0.15 -0.01 0.21
DAYS >= .01 15 14.6 0.4 12
DAYS >= .10 12 9.3 2.7 8
DAYS >= .50 3 2.8 0.2 3
DAYS >= 1.00 0 1.1 -1.1 1
GREATEST
24 HR. TOTAL 1.10 06/23 TO 06/24 2.75
DEGREE DAYS
HEATING TOTAL 72 36 36 39
SINCE 7/1 5064 5441 -377 MM
COOLING TOTAL 40 122 -82 115
SINCE 1/1 45 165 -120 MM
..............................................................
WIND (MPH)
AVERAGE WIND SPEED 3.3
HIGHEST WIND SPEED/DIRECTION 22/010 DATE 06/03
HIGHEST GUST SPEED/DIRECTION 33/020 DATE 06/03
33/240 06/14
SKY COVER
AVERAGE SKY COVER 0.52
NUMBER OF DAYS FAIR 11
NUMBER OF DAYS PC 11
NUMBER OF DAYS CLOUDY 8
AVERAGE RH (PERCENT) 71
WEATHER CONDITIONS. NUMBER OF DAYS WITH
THUNDERSTORM 5 MIXED PRECIP 0
HEAVY RAIN 8 RAIN 9
LIGHT RAIN 18 FREEZING RAIN 0
LT FREEZING RAIN 0 HAIL 0
HEAVY SNOW 0 SNOW 0
LIGHT SNOW 0 SLEET 0
FOG 27 FOG W/VIS <= 1/4 MILE 10
HAZE 12
- INDICATES NEGATIVE NUMBERS.
R INDICATES RECORD WAS SET OR TIED.
MM INDICATES DATA IS MISSING.
T INDICATES TRACE AMOUNT.
$$