352
CXUS56 KLKN 071943
CF6EKO
PRELIMINARY LOCAL CLIMATOLOGICAL DATA (WS FORM: F-6)
STATION: ELKO AIRPORT NV
MONTH: JUNE
YEAR: 2020
LATITUDE: 40 49 N
LONGITUDE: 115 47 W
TEMPERATURE IN F: :PCPN: SNOW: WIND :SUNSHINE: SKY :PK WND
================================================================================
1 2 3 4 5 6A 6B 7 8 9 10 11 12 13 14 15 16 17 18
12Z AVG MX 2MIN
DY MAX MIN AVG DEP HDD CDD WTR SNW DPTH SPD SPD DIR MIN PSBL S-S WX SPD DR
================================================================================
1 81 45 63 5 2 0 0.00 0.0 0 6.0 22 330 M M 1 29 320
2 88 47 68 10 0 3 0.00 0.0 0 4.5 22 260 M M 0 29 250
3 91 48 70 12 0 5 0.00 0.0 0 7.3 25 270 M M 0 32 270
4 87 50 69 11 0 4 0.00 0.0 0 5.8 18 220 M M 0 23 230
5 92 43 68 9 0 3 0.00 0.0 0 8.8 43 190 M M 1 3 55 190
6 71 45 58 -1 7 0 0.02 0.0 0 9.7 35 250 M M 5 38 42 250
7 50 34 42 -17 23 0 0.12 T 0 11.2 31 250 M M 6 13 39 220
8 61 31 46 -14 19 0 0.00 0.0 0 7.9 21 270 M M 6 27 260
9 74 29 52 -8 13 0 0.00 0.0 0 4.1 15 290 M M 0 23 250
10 83 38 61 1 4 0 0.00 0.0 0 3.8 15 250 M M 0 21 230
11 91 43 67 6 0 2 0.00 0.0 0 7.6 28 150 M M 0 39 160
12 90 54 72 11 0 7 0.00 0.0 0 13.1 32 170 M M 0 41 170
13 65 39 52 -9 13 0 T 0.0 0 13.2 33 240 M M 3 40 240
14 73 38 56 -6 9 0 0.00 0.0 0 7.6 22 250 M M 1 29 260
15 82 41 62 0 3 0 0.03 0.0 0 9.2 29 270 M M 2 36 270
16 73 47 60 -2 5 0 0.01 0.0 0 10.4 29 280 M M 7 36 280
17 67 36 52 -11 13 0 0.00 0.0 0 6.7 21 300 M M 2 24 300
18 75 34 55 -8 10 0 0.00 0.0 0 5.2 15 40 M M 1 19 40
19 81 41 61 -2 4 0 0.00 0.0 0 4.1 16 280 M M 0 20 280
20 87 43 65 1 0 0 0.00 0.0 0 4.2 16 270 M M 0 20 210
21 89 47 68 4 0 3 0.00 0.0 0 8.2 24 290 M M 0 35 270
22 92 49 71 7 0 6 0.00 0.0 0 5.3 17 330 M M 0 21 330
23 94 48 71 6 0 6 0.00 0.0 0 4.2 13 270 M M 0 16 300
24 98 53 76 11 0 11 T 0.0 0 7.0 31 330 M M 1 41 320
25 86 55 71 6 0 6 0.05 0.0 0 6.4 18 190 M M 1 3 24 350
26 93 48 71 5 0 6 0.00 0.0 0 4.6 17 280 M M 0 24 280
27 95 50 73 7 0 8 T 0.0 0 9.0 47 270 M M 0 3 58 280
28 79 43 61 -5 4 0 0.00 0.0 0 9.6 28 250 M M 4 36 270
29 63 34 49 -18 16 0 0.22 0.0 0 10.8 33 330 M M 6 1 40 310
30 78 45 62 -5 3 0 0.00 0.0 0 5.7 21 250 M M 4 31 250
================================================================================
SM 2429 1298 148 70 0.45 T 221.2 M 51
================================================================================
AV 81.0 43.3 7.4 FASTST M M 2 MAX(MPH)
MISC ----> # 47 270 # 58 280
================================================================================
NOTES:
# LAST OF SEVERAL OCCURRENCES
COLUMN 17 PEAK WIND IN M.P.H.
PRELIMINARY LOCAL CLIMATOLOGICAL DATA (WS FORM: F-6) , PAGE 2
STATION: ELKO AIRPORT NV
MONTH: JUNE
YEAR: 2020
LATITUDE: 40 49 N
LONGITUDE: 115 47 W
[TEMPERATURE DATA] [PRECIPITATION DATA] SYMBOLS USED IN COLUMN 16
AVERAGE MONTHLY: 62.1 TOTAL FOR MONTH: 0.45 1 = FOG OR MIST
DPTR FM NORMAL: -0.1 DPTR FM NORMAL: -0.20 2 = FOG REDUCING VISIBILITY
HIGHEST: 98 ON 24 GRTST 24HR 0.22 ON 29-29 TO 1/4 MILE OR LESS
LOWEST: 29 ON 9 3 = THUNDER
SNOW, ICE PELLETS, HAIL 4 = ICE PELLETS
TOTAL MONTH: T 5 = HAIL
GRTST 24HR T ON 7- 7 6 = FREEZING RAIN OR DRIZZLE
GRTST DEPTH: 0 7 = DUSTSTORM OR SANDSTORM:
VSBY 1/2 MILE OR LESS
8 = SMOKE OR HAZE
[NO. OF DAYS WITH] [WEATHER - DAYS WITH] 9 = BLOWING SNOW
X = TORNADO
MAX 32 OR BELOW: 0 0.01 INCH OR MORE: 6
MAX 90 OR ABOVE: 9 0.10 INCH OR MORE: 2
MIN 32 OR BELOW: 2 0.50 INCH OR MORE: 0
MIN 0 OR BELOW: 0 1.00 INCH OR MORE: 0
[HDD (BASE 65) ]
TOTAL THIS MO. 148 CLEAR (SCALE 0-3) 23
DPTR FM NORMAL 17 PTCLDY (SCALE 4-7) 7
TOTAL FM JUL 1 6428 CLOUDY (SCALE 8-10) 0
DPTR FM NORMAL -638
[CDD (BASE 65) ]
TOTAL THIS MO. 70
DPTR FM NORMAL 23 [PRESSURE DATA]
TOTAL FM JAN 1 101 HIGHEST SLP 30.28 ON 9
DPTR FM NORMAL 50 LOWEST SLP 29.38 ON 28
[REMARKS]
#FINAL-06-20#