000
CXUS56 KOTX 011010
CF6EPH
PRELIMINARY LOCAL CLIMATOLOGICAL DATA (WS FORM: F-6)
STATION: EPHRATA WA AIRPORT
MONTH: NOVEMBER
YEAR: 2021
LATITUDE: 47 18 N
LONGITUDE: 119 31 W
TEMPERATURE IN F: :PCPN: SNOW: WIND :SUNSHINE: SKY :PK WND
================================================================================
1 2 3 4 5 6A 6B 7 8 9 10 11 12 13 14 15 16 17 18
12Z AVG MX 2MIN
DY MAX MIN AVG DEP HDD CDD WTR SNW DPTH SPD SPD DIR MIN PSBL S-S WX SPD DR
================================================================================
1 53 35 44 1 21 0 T M M 9.0 16 20 M M 7 19 30
2 48 33 41 -2 24 0 0.12 M M 3.9 10 310 M M 9 12 13 310
3 51 44 48 6 17 0 0.01 M M 7.2 15 350 M M 8 18 17 350
4 55 40 48 6 17 0 0.14 M M 7.9 20 190 M M 7 1 23 190
5 53 32 43 2 22 0 T M M 5.1 13 230 M M 3 15 240
6 52 31 42 1 23 0 T M M 9.3 26 220 M M 4 1 31 220
7 51 29 40 -1 25 0 0.00 M M 11.7 23 190 M M 1 29 190
8 56 29 43 3 22 0 0.00 M M 7.1 14 10 M M 0 17 10
9 51 33 42 2 23 0 0.20 M M 9.2 18 220 M M 4 1 24 250
10 50 25 38 -1 27 0 0.00 M M 3.5 12 260 M M 1 13 260
11 45 39 42 3 23 0 0.30 M M 7.5 12 360 M M 10 1 13 10
12 45 36 41 2 24 0 0.10 M M 5.5 16 220 M M 9 12 19 230
13 46 31 39 1 26 0 T M M 5.6 15 290 M M 5 18 300
14 69 37 53 15 12 0 0.00 M M 15.9 26 230 M M 2 1 37 250
15 64 33 49 11 16 0 T M M 17.1 46 220 M M 1 8 55 220
16 50 27 39 2 26 0 0.00 M M 11.6 22 300 M M 0 26 300
17 43 19 31 -6 34 0 0.00 M M 6.9 14 350 M M 0 17 10
18 37 33 35 -2 30 0 0.15 M M 8.2 14 350 M M 9 1 16 350
19 42 27 35 -1 30 0 0.04 M M 8.5 18 320 M M 6 12 22 320
20 41 28 35 -1 30 0 0.00 M M 4.4 12 360 M M 8 12 13 360
21 35 27 31 -5 34 0 0.00 M M 2.1 7 10 M M 9 1 8 50
22 36 31 34 -1 31 0 0.01 M M 3.5 10 160 M M 9 1 11 300
23 40 26 33 -2 32 0 0.04 M M 2.9 16 160 M M 6 126 20 170
24 38 23 31 -4 34 0 T M M 7.4 14 360 M M 2 15 10
25 41 34 38 4 27 0 0.01 M M 2.7 9 350 M M 7 10 350
26 54 31 43 9 22 0 T M M 3.5 12 20 M M 2 1 13 20
27 44 34 39 5 26 0 0.05 M M 6.5 13 20 M M 6 1 15 210
28 61 39 50 17 15 0 0.00 M M 12.1 22 210 M M 1 1 27 210
29 62 37 50 17 15 0 0.00 M M 6.0 16 220 M M 0 18 220
30 60 36 48 15 17 0 0.00 M M 9.5 25 210 M M 3 1 30 210
================================================================================
SM 1473 959 725 0 1.17 M 221.3 M 139
================================================================================
AV 49.1 32.0 7.4 FASTST M M 5 MAX(MPH)
MISC ----> 46 220 55 220
================================================================================
NOTES:
# LAST OF SEVERAL OCCURRENCES
COLUMN 17 PEAK WIND IN M.P.H.
PRELIMINARY LOCAL CLIMATOLOGICAL DATA (WS FORM: F-6) , PAGE 2
STATION: EPHRATA WA AIRPORT
MONTH: NOVEMBER
YEAR: 2021
LATITUDE: 47 18 N
LONGITUDE: 119 31 W
[TEMPERATURE DATA] [PRECIPITATION DATA] SYMBOLS USED IN COLUMN 16
AVERAGE MONTHLY: 40.5 TOTAL FOR MONTH: 1.17 1 = FOG OR MIST
DPTR FM NORMAL: 2.9 DPTR FM NORMAL: 0.31 2 = FOG REDUCING VISIBILITY
HIGHEST: 69 ON 14 GRTST 24HR 0.36 ON 11-12 TO 1/4 MILE OR LESS
LOWEST: 19 ON 17 3 = THUNDER
SNOW, ICE PELLETS, HAIL 4 = ICE PELLETS
TOTAL MONTH: M 5 = HAIL
GRTST 24HR M ON M 6 = FREEZING RAIN OR DRIZZLE
GRTST DEPTH: M ON M 7 = DUSTSTORM OR SANDSTORM:
VSBY 1/2 MILE OR LESS
8 = SMOKE OR HAZE
[NO. OF DAYS WITH] [WEATHER - DAYS WITH] 9 = BLOWING SNOW
X = TORNADO
MAX 32 OR BELOW: 0 0.01 INCH OR MORE: 12
MAX 90 OR ABOVE: 0 0.10 INCH OR MORE: 6
MIN 32 OR BELOW: 15 0.50 INCH OR MORE: 0
MIN 0 OR BELOW: 0 1.00 INCH OR MORE: 0
[HDD (BASE 65) ]
TOTAL THIS MO. 725 CLEAR (SCALE 0-3) 13
DPTR FM NORMAL -97 PTCLDY (SCALE 4-7) 10
TOTAL FM JUL 1 1270 CLOUDY (SCALE 8-10) 7
DPTR FM NORMAL -99
[CDD (BASE 65) ]
TOTAL THIS MO. 0
DPTR FM NORMAL 0 [PRESSURE DATA]
TOTAL FM JAN 1 1221 HIGHEST SLP M ON M
DPTR FM NORMAL 378 LOWEST SLP 29.42 ON 15
[REMARKS]
#FINAL-11-21#