679
CXUS56 KOTX 011010
CF6EPH
PRELIMINARY LOCAL CLIMATOLOGICAL DATA (WS FORM: F-6)
STATION: EPHRATA WA AIRPORT
MONTH: DECEMBER
YEAR: 2020
LATITUDE: 47 18 N
LONGITUDE: 119 31 W
TEMPERATURE IN F: :PCPN: SNOW: WIND :SUNSHINE: SKY :PK WND
================================================================================
1 2 3 4 5 6A 6B 7 8 9 10 11 12 13 14 15 16 17 18
12Z AVG MX 2MIN
DY MAX MIN AVG DEP HDD CDD WTR SNW DPTH SPD SPD DIR MIN PSBL S-S WX SPD DR
================================================================================
1 44 21 33 2 32 0 0.00 M M 4.5 12 40 M M 0 13 40
2 44 26 35 5 30 0 0.00 M M 6.2 10 50 M M 0 15 350
3 43 23 33 3 32 0 T M M 4.3 7 360 M M 1 M M
4 41 22 32 2 33 0 T M M 3.7 10 300 M M 1 12 13 250
5 34 19 27 -2 38 0 T M M 3.0 14 220 M M 6 12 17 220
6 28 24 26 -3 39 0 0.00 M M 2.6 10 10 M M 10 12 11 10
7 31 27 29 0 36 0 0.00 M M 3.2 7 210 M M 10 1 8 70
8 36 29 33 5 32 0 0.00 M M 4.6 10 320 M M 10 1 11 320
9 33 28 31 3 34 0 T M M 5.9 13 20 M M 9 12 15 10
10 39 31 35 7 30 0 0.00 M M 8.7 15 350 M M 9 1 18 340
11 37 30 34 6 31 0 0.02 M M 3.2 10 350 M M 10 1 12 350
12 34 25 30 3 35 0 0.00 M M 4.7 12 360 M M 8 13 310
13 33 29 31 4 34 0 0.02 M M 5.5 10 310 M M 9 1 12 320
14 33 27 30 3 35 0 0.00 M M 3.6 8 20 M M 9 1 9 20
15 38 26 32 5 33 0 0.01 M M 3.0 9 200 M M 8 12 11 200
16 38 25 32 5 33 0 0.22 M M 6.2 14 360 M M 9 12 16 10
17 48 31 40 14 25 0 0.00 M M 8.7 16 220 M M 4 12 19 220
18 40 32 36 10 29 0 0.00 M M 5.2 15 210 M M 5 17 210
19 49 34 42 16 23 0 0.06 M M 7.3 17 190 M M 4 1 23 230
20 51 37 44 18 21 0 T M M 8.1 16 240 M M 1 19 240
21 52 37 45 19 20 0 0.18 M M 6.8 30 280 M M 9 12 41 280
22 45 29 37 11 28 0 0.00 M M 11.4 23 290 M M 0 30 300
23 37 17 27 1 38 0 0.00 M M 4.6 13 290 M M 0 15 290
24 37 22 30 4 35 0 0.00 M M 7.6 14 320 M M 0 15 320
25 35 26 31 5 34 0 0.09 M M 8.1 14 330 M M 6 1 16 320
26 33 28 31 5 34 0 T M M 4.1 12 310 M M 10 1 13 310
27 35 29 32 6 33 0 T M M 9.1 14 360 M M 8 1 16 360
28 33 23 28 2 37 0 T M M 3.2 10 210 M M 9 1 13 210
29 32 29 31 5 34 0 0.02 M M 1.6 8 190 M M 10 1 9 190
30 31 28 30 4 35 0 0.26 M M 2.9 9 50 M M 10 12 11 40
31 36 23 30 4 35 0 0.00 M M 3.0 12 330 M M 8 1 14 300
================================================================================
SM 1180 837 998 0 0.88 M 164.6 M 193
================================================================================
AV 38.1 27.0 5.3 FASTST M M 6 MAX(MPH)
MISC ----> 30 280 41 280
================================================================================
NOTES:
# LAST OF SEVERAL OCCURRENCES
COLUMN 17 PEAK WIND IN M.P.H.
PRELIMINARY LOCAL CLIMATOLOGICAL DATA (WS FORM: F-6) , PAGE 2
STATION: EPHRATA WA AIRPORT
MONTH: DECEMBER
YEAR: 2020
LATITUDE: 47 18 N
LONGITUDE: 119 31 W
[TEMPERATURE DATA] [PRECIPITATION DATA] SYMBOLS USED IN COLUMN 16
AVERAGE MONTHLY: 32.5 TOTAL FOR MONTH: 0.88 1 = FOG OR MIST
DPTR FM NORMAL: 5.1 DPTR FM NORMAL: -0.36 2 = FOG REDUCING VISIBILITY
HIGHEST: 52 ON 21 GRTST 24HR 0.28 ON 29-30 TO 1/4 MILE OR LESS
LOWEST: 17 ON 23 3 = THUNDER
SNOW, ICE PELLETS, HAIL 4 = ICE PELLETS
TOTAL MONTH: M 5 = HAIL
GRTST 24HR M ON M 6 = FREEZING RAIN OR DRIZZLE
GRTST DEPTH: M ON M 7 = DUSTSTORM OR SANDSTORM:
VSBY 1/2 MILE OR LESS
8 = SMOKE OR HAZE
[NO. OF DAYS WITH] [WEATHER - DAYS WITH] 9 = BLOWING SNOW
X = TORNADO
MAX 32 OR BELOW: 4 0.01 INCH OR MORE: 9
MAX 90 OR ABOVE: 0 0.10 INCH OR MORE: 3
MIN 32 OR BELOW: 28 0.50 INCH OR MORE: 0
MIN 0 OR BELOW: 0 1.00 INCH OR MORE: 0
[HDD (BASE 65) ]
TOTAL THIS MO. 998 CLEAR (SCALE 0-3) 8
DPTR FM NORMAL -169 PTCLDY (SCALE 4-7) 8
TOTAL FM JUL 1 2288 CLOUDY (SCALE 8-10) 15
DPTR FM NORMAL -300
[CDD (BASE 65) ]
TOTAL THIS MO. 0
DPTR FM NORMAL 0 [PRESSURE DATA]
TOTAL FM JAN 1 846 HIGHEST SLP M ON M
DPTR FM NORMAL 74 LOWEST SLP 29.40 ON 21
[REMARKS]
#FINAL-12-20#