000
CXUS54 KEWX 051820
CF6ERV
PRELIMINARY LOCAL CLIMATOLOGICAL DATA (WS FORM: F-6)
STATION: KERRVILLE
MONTH: JULY
YEAR: 2022
LATITUDE: 29 58 N
LONGITUDE: 99 5 W
TEMPERATURE IN F: :PCPN: SNOW: WIND :SUNSHINE: SKY :PK WND
================================================================================
1 2 3 4 5 6A 6B 7 8 9 10 11 12 13 14 15 16 17 18
12Z AVG MX 2MIN
DY MAX MIN AVG DEP HDD CDD WTR SNW DPTH SPD SPD DIR MIN PSBL S-S WX SPD DR
================================================================================
1 99 72 86 M 0 21 M M M 6.3 17 90 M M 3 24 90
2 99 73 86 M 0 21 M M M 8.0 15 140 M M 2 24 140
3 96 73 85 M 0 20 M M M 10.7 17 140 M M 3 22 130
4 97 72 85 M 0 20 M M M 12.0 18 160 M M 5 28 150
5 98 74 86 M 0 21 M M M 10.7 15 130 M M 3 22 180
6 99 74 87 M 0 22 M M M 9.6 15 170 M M 2 21 170
7 99 73 86 M 0 21 0.00 0.0 M 8.5 14 150 M M 2 20 150
8 100 74 87 M 0 22 0.00 0.0 M 6.7 12 160 M M 1 17 160
9 103 74 89 M 0 24 M M M 4.2 10 150 M M 3 24 120
10 104 71 88 M 0 23 0.54 M M 3.6 36 250 M M 2 58 250
11 104 70 87 M 0 22 M M M 3.4 10 150 M M 2 3 35 190
12 103 75 89 M 0 24 0.04 0.0 M 6.3 13 300 M M 5 21 180
13 100 71 86 M 0 21 0.01 0.0 M 3.7 13 130 M M 2 28 50
14 101 68 85 M 0 20 0.28 M M 5.8 33 30 M M 2 3 51 130
15 94 66 80 M 0 15 M M M 4.0 17 160 M M 2 22 160
16 96 72 84 M 0 19 M M M 6.9 15 150 M M 5 26 150
17 99 70 85 M 0 20 M M M 7.1 12 150 M M 0 20 190
18 99 72 86 M 0 21 M M M 7.4 15 170 M M 0 21 100
19 101 73 87 M 0 22 M M M 8.0 13 170 M M 0 20 0
20 101 73 87 M 0 22 M M M 8.2 14 130 M M 1 21 150
21 95 77 86 M 0 21 M M M 9.7 15 120 M M 6 21 150
22 98 74 86 M 0 21 M M M 10.5 17 150 M M 4 23 130
23 97 72 85 M 0 20 M M M 11.0 17 190 M M 3 25 150
24 98 74 86 M 0 21 M M M 12.0 17 170 M M 5 28 180
25 99 72 86 M 0 21 M M M 10.5 20 150 M M 2 26 150
26 98 70 84 M 0 19 M M M 9.3 16 140 M M 0 25 130
27 98 73 86 M 0 21 M M M 9.0 16 180 M M 3 21 180
28 97 73 85 M 0 20 M M M 10.0 17 160 M M 4 24 160
29 99 73 86 M 0 21 M M M 10.8 16 160 M M 2 29 150
30 98 73 86 M 0 21 M M M 9.8 18 160 M M 0 24 160
31 97 73 85 M 0 20 M M M 8.6 16 190 M M 1 21 150
================================================================================
SM 3066 2244 0 647 0.87 0.0 252.2 M 75
================================================================================
AV 98.9 72.4 8.1 FASTST M M 2 MAX(MPH)
MISC ----> 36 250 58 250
================================================================================
NOTES:
# LAST OF SEVERAL OCCURRENCES
COLUMN 17 PEAK WIND IN M.P.H.
PRELIMINARY LOCAL CLIMATOLOGICAL DATA (WS FORM: F-6) , PAGE 2
STATION: KERRVILLE
MONTH: JULY
YEAR: 2022
LATITUDE: 29 58 N
LONGITUDE: 99 5 W
[TEMPERATURE DATA] [PRECIPITATION DATA] SYMBOLS USED IN COLUMN 16
AVERAGE MONTHLY: 85.6 TOTAL FOR MONTH: 0.87 1 = FOG OR MIST
DPTR FM NORMAL: 0.0 DPTR FM NORMAL: M 2 = FOG REDUCING VISIBILITY
HIGHEST: 104 ON 10,11 GRTST 24HR 0.54 ON 10-10 TO 1/4 MILE OR LESS
LOWEST: 66 ON 15 3 = THUNDER
SNOW, ICE PELLETS, HAIL 4 = ICE PELLETS
TOTAL MONTH: 0.0 INCH 5 = HAIL
GRTST 24HR 0.0 6 = FREEZING RAIN OR DRIZZLE
GRTST DEPTH: M ON M 7 = DUSTSTORM OR SANDSTORM:
VSBY 1/2 MILE OR LESS
8 = SMOKE OR HAZE
[NO. OF DAYS WITH] [WEATHER - DAYS WITH] 9 = BLOWING SNOW
X = TORNADO
MAX 32 OR BELOW: 0 0.01 INCH OR MORE: 4
MAX 90 OR ABOVE: 31 0.10 INCH OR MORE: 2
MIN 32 OR BELOW: 0 0.50 INCH OR MORE: 1
MIN 0 OR BELOW: 0 1.00 INCH OR MORE: 0
[HDD (BASE 65) ]
TOTAL THIS MO. 0 CLEAR (SCALE 0-3) 22
DPTR FM NORMAL M PTCLDY (SCALE 4-7) 9
TOTAL FM JUL 1 0 CLOUDY (SCALE 8-10) 0
DPTR FM NORMAL M
[CDD (BASE 65) ]
TOTAL THIS MO. 647
DPTR FM NORMAL M [PRESSURE DATA]
TOTAL FM JAN 1 1924 HIGHEST SLP M ON M
DPTR FM NORMAL M LOWEST SLP M ON M
[REMARKS]
#FINAL-07-22#