000
CXUS54 KEWX 011110
CF6ERV
PRELIMINARY LOCAL CLIMATOLOGICAL DATA (WS FORM: F-6)
STATION: KERRVILLE
MONTH: DECEMBER
YEAR: 2023
LATITUDE: 29 58 N
LONGITUDE: 99 5 W
TEMPERATURE IN F: :PCPN: SNOW: WIND :SUNSHINE: SKY :PK WND
================================================================================
1 2 3 4 5 6A 6B 7 8 9 10 11 12 13 14 15 16 17 18
12Z AVG MX 2MIN
DY MAX MIN AVG DEP HDD CDD WTR SNW DPTH SPD SPD DIR MIN PSBL S-S WX SPD DR
================================================================================
1 74 44 59 M 6 0 M M M 4.2 13 320 M M 1 1 10 340
2 70 41 56 M 9 0 M M M 4.5 14 310 M M 0 18 300
3 73 34 54 M 11 0 M M M 4.4 16 230 M M 0 21 230
4 71 38 55 M 10 0 0.03 M M 3.8 9 30 M M 0 M M
5 72 33 53 M 12 0 M M M 1.0 5 140 M M 0 M M
6 69 36 53 M 12 0 M M M 2.2 8 170 M M 0 M M
7 67 40 54 M 11 0 M M M 7.1 15 190 M M 9 24 160
8 70 50 60 M 5 0 M M M 7.7 12 200 M M 6 1 16 180
9 71 47 59 M 6 0 M M M 7.9 21 360 M M 3 12 28 360
10 58 28 43 M 22 0 M M M 7.3 15 350 M M 0 28 360
11 63 25 44 M 21 0 M M M 3.6 14 170 M M 0 16 200
12 65 33 49 M 16 0 M M M 6.8 16 130 M M 7 27 130
13 56 49 53 M 12 0 0.25 M M 7.5 12 100 M M 10 18 100
14 57 46 52 M 13 0 0.05 M M 4.4 8 110 M M 10 1 M M
15 62 45 54 M 11 0 0.28 M M 4.5 10 350 M M 8 1 17 350
16 64 35 50 M 15 0 M M M 7.5 18 360 M M 0 1 24 340
17 72 30 51 M 14 0 M M M 3.7 10 210 M M 0 M M
18 68 35 52 M 13 0 M M M 4.0 9 30 M M 0 M M
19 65 37 51 M 14 0 M 0.0 M 4.7 14 170 M M 1 20 150
20 66 51 59 M 6 0 M M M 7.6 14 170 M M 8 1 21 190
21 62 59 61 M 4 0 0.17 M M 8.4 15 160 M M 10 17 160
22 69 55 62 M 3 0 0.02 M M 3.0 9 150 M M 9 1 M M
23 65 56 61 M 4 0 0.01 M M 9.4 14 150 M M 10 1 20 150
24 69 49 59 M 6 0 0.42 M M 8.2 16 290 M M 5 25 290
25 53 34 44 M 21 0 M M M 8.0 16 340 M M 0 22 340
26 56 29 43 M 22 0 M M M 4.2 13 220 M M 1 18 170
27 62 29 46 M 19 0 M M M 5.3 13 330 M M 0 20 340
28 60 30 45 M 20 0 M M M 2.3 9 330 M M 0 17 290
29 59 28 44 M 21 0 M M M 4.6 13 310 M M 0 18 300
30 69 28 49 M 16 0 M M M 2.8 9 210 M M 0 M M
31 69 31 50 M 15 0 M M M 4.0 14 180 M M 0 21 170
================================================================================
SM 2026 1205 390 0 1.23 0.0 164.4 M 98
================================================================================
AV 65.4 38.9 5.3 FASTST M M 3 MAX(MPH)
MISC ----> 21 360 # 28 360
================================================================================
NOTES:
# LAST OF SEVERAL OCCURRENCES
COLUMN 17 PEAK WIND IN M.P.H.
PRELIMINARY LOCAL CLIMATOLOGICAL DATA (WS FORM: F-6) , PAGE 2
STATION: KERRVILLE
MONTH: DECEMBER
YEAR: 2023
LATITUDE: 29 58 N
LONGITUDE: 99 5 W
[TEMPERATURE DATA] [PRECIPITATION DATA] SYMBOLS USED IN COLUMN 16
AVERAGE MONTHLY: 52.1 TOTAL FOR MONTH: 1.23 1 = FOG OR MIST
DPTR FM NORMAL: 0.0 DPTR FM NORMAL: M 2 = FOG REDUCING VISIBILITY
HIGHEST: 74 ON 1 GRTST 24HR 0.42 ON 24-24 TO 1/4 MILE OR LESS
LOWEST: 25 ON 11 3 = THUNDER
SNOW, ICE PELLETS, HAIL 4 = ICE PELLETS
TOTAL MONTH: 0.0 INCH 5 = HAIL
GRTST 24HR 0.0 6 = FREEZING RAIN OR DRIZZLE
GRTST DEPTH: M ON M 7 = DUSTSTORM OR SANDSTORM:
VSBY 1/2 MILE OR LESS
8 = SMOKE OR HAZE
[NO. OF DAYS WITH] [WEATHER - DAYS WITH] 9 = BLOWING SNOW
X = TORNADO
MAX 32 OR BELOW: 0 0.01 INCH OR MORE: 8
MAX 90 OR ABOVE: 0 0.10 INCH OR MORE: 4
MIN 32 OR BELOW: 9 0.50 INCH OR MORE: 0
MIN 0 OR BELOW: 0 1.00 INCH OR MORE: 0
[HDD (BASE 65) ]
TOTAL THIS MO. 390 CLEAR (SCALE 0-3) 20
DPTR FM NORMAL M PTCLDY (SCALE 4-7) 4
TOTAL FM JUL 1 726 CLOUDY (SCALE 8-10) 7
DPTR FM NORMAL M
[CDD (BASE 65) ]
TOTAL THIS MO. 0
DPTR FM NORMAL M [PRESSURE DATA]
TOTAL FM JAN 1 3091 HIGHEST SLP M ON M
DPTR FM NORMAL M LOWEST SLP M ON M
[REMARKS]
#FINAL-12-23#