000
CXUS56 KSLC 010910
CF6EVW
PRELIMINARY LOCAL CLIMATOLOGICAL DATA (WS FORM: F-6)
STATION: EVANSTON WY
MONTH: JANUARY
YEAR: 2024
LATITUDE: 41 16 N
LONGITUDE: 111 2 W
TEMPERATURE IN F: :PCPN: SNOW: WIND :SUNSHINE: SKY :PK WND
================================================================================
1 2 3 4 5 6A 6B 7 8 9 10 11 12 13 14 15 16 17 18
12Z AVG MX 2MIN
DY MAX MIN AVG DEP HDD CDD WTR SNW DPTH SPD SPD DIR MIN PSBL S-S WX SPD DR
================================================================================
1 42 20 31 10 34 0 0.00 M M 3.4 8 350 M M 0 10 340
2 40 18 29 8 36 0 0.00 0.0 M 4.2 9 230 M M 0 13 230
3 36 19 28 7 37 0 0.00 M M 5.3 12 80 M M 3 15 90
4 31 20 26 5 39 0 T M M 5.2 14 260 M M 10 18 17 260
5 28 14 21 -1 44 0 T M M 10.1 21 260 M M 9 18 26 270
6 28 10 19 -3 46 0 T M M 12.0 23 230 M M 6 1 34 250
7 25 10 18 -4 47 0 0.03 M M 8.2 17 350 M M 10 18 23 320
8 23 5 14 -8 51 0 T M M 9.1 20 250 M M 5 18 26 230
9 29 6 18 -4 47 0 0.02 M M 17.7 32 230 M M 8 12 50 230
10 22 11 17 -5 48 0 0.04 M M 15.9 29 220 M M 9 128 42 230
11 19 2 11 -11 54 0 T M M 13.7 25 230 M M 7 1 37 230
12 22 13 18 -4 47 0 0.01 M M 26.3 45 240 M M 10 1289 61 280
13 28 10 19 -3 46 0 T M M 17.4 39 230 M M 8 18 59 230
14 31 25 28 6 37 0 0.01 M M 21.1 36 250 M M 9 1 51 250
15 26 2 14 -8 51 0 T M M 13.0 33 250 M M 5 47 260
16 24 2 13 -9 52 0 0.00 M M 11.2 21 220 M M 0 26 210
17 32 16 24 2 41 0 0.01 M M 16.2 26 240 M M 9 12 36 220
18 35 22 29 7 36 0 T M M 12.7 25 250 M M 6 1 33 250
19 37 26 32 10 33 0 0.00 M M 5.7 14 230 M M 7 15 240
20 38 25 32 10 33 0 T M M 9.2 18 230 M M 6 1 24 220
21 37 29 33 11 32 0 T M M 7.9 15 230 M M 8 12 18 230
22 38 30 34 12 31 0 0.01 M M 4.1 12 280 M M 9 12 15 220
23 38 29 34 12 31 0 T M M 3.7 9 250 M M 9 12 110
24 36 25 31 9 34 0 T M M 7.9 16 250 M M 6 12 22 250
25 33 24 29 7 36 0 0.06 M M 5.1 10 250 M M 10 12 14 250
26 34 23 29 7 36 0 T M M 4.4 10 260 M M 6 1 12 200
27 36 19 28 6 37 0 0.00 M M 10.8 17 230 M M 8 21 230
28 44 31 38 16 27 0 0.00 M M 6.0 14 230 M M 6 18 230
29 45 30 38 16 27 0 0.00 M M 3.2 8 10 M M 1 11 220
30 46 26 36 14 29 0 0.00 M M 3.3 8 150 M M 0 9 140
31 46 27 37 15 28 0 0.00 M M 5.3 10 80 M M 0 13 110
================================================================================
SM 1029 569 1207 0 0.19 0.0 299.3 M 190
================================================================================
AV 33.2 18.4 9.7 FASTST M M 6 MAX(MPH)
MISC ----> 45 240 61 280
================================================================================
NOTES:
# LAST OF SEVERAL OCCURRENCES
COLUMN 17 PEAK WIND IN M.P.H.
PRELIMINARY LOCAL CLIMATOLOGICAL DATA (WS FORM: F-6) , PAGE 2
STATION: EVANSTON WY
MONTH: JANUARY
YEAR: 2024
LATITUDE: 41 16 N
LONGITUDE: 111 2 W
[TEMPERATURE DATA] [PRECIPITATION DATA] SYMBOLS USED IN COLUMN 16
AVERAGE MONTHLY: 25.8 TOTAL FOR MONTH: 0.19 1 = FOG OR MIST
DPTR FM NORMAL: 4.1 DPTR FM NORMAL: -0.22 2 = FOG REDUCING VISIBILITY
HIGHEST: 46 ON 31,30 GRTST 24HR 0.25 ON 10-11 TO 1/4 MILE OR LESS
LOWEST: 2 ON 16,15 3 = THUNDER
SNOW, ICE PELLETS, HAIL 4 = ICE PELLETS
TOTAL MONTH: 0.0 INCH 5 = HAIL
GRTST 24HR 0.0 6 = FREEZING RAIN OR DRIZZLE
GRTST DEPTH: M ON M 7 = DUSTSTORM OR SANDSTORM:
VSBY 1/2 MILE OR LESS
8 = SMOKE OR HAZE
[NO. OF DAYS WITH] [WEATHER - DAYS WITH] 9 = BLOWING SNOW
X = TORNADO
MAX 32 OR BELOW: 14 0.01 INCH OR MORE: 8
MAX 90 OR ABOVE: 0 0.10 INCH OR MORE: 0
MIN 32 OR BELOW: 31 0.50 INCH OR MORE: 0
MIN 0 OR BELOW: 0 1.00 INCH OR MORE: 0
[HDD (BASE 65) ]
TOTAL THIS MO. 1207 CLEAR (SCALE 0-3) 6
DPTR FM NORMAL -135 PTCLDY (SCALE 4-7) 13
TOTAL FM JUL 1 3944 CLOUDY (SCALE 8-10) 12
DPTR FM NORMAL -759
[CDD (BASE 65) ]
TOTAL THIS MO. 0
DPTR FM NORMAL 0 [PRESSURE DATA]
TOTAL FM JAN 1 0 HIGHEST SLP M ON M
DPTR FM NORMAL 0 LOWEST SLP 29.48 ON 10
[REMARKS]
#FINAL-01-24#