000
CXUS53 KIND 010600
CF6EYE
PRELIMINARY LOCAL CLIMATOLOGICAL DATA (WS FORM: F-6)
STATION: INDIANAPOLIS EAGLE CREEK IN
MONTH: SEPTEMBER
YEAR: 2023
LATITUDE: 39 49 N
LONGITUDE: 86 18 W
TEMPERATURE IN F: :PCPN: SNOW: WIND :SUNSHINE: SKY :PK WND
================================================================================
1 2 3 4 5 6A 6B 7 8 9 10 11 12 13 14 15 16 17 18
12Z AVG MX 2MIN
DY MAX MIN AVG DEP HDD CDD WTR SNW DPTH SPD SPD DIR MIN PSBL S-S WX SPD DR
================================================================================
1 83 56 70 -2 0 5 0.00 M M 4.0 12 130 M M 0 15 110
2 88 61 75 3 0 10 T M M 3.0 12 200 M M 1 19 280
3 89 71 80 8 0 15 0.00 M M 4.3 14 200 M M 1 21 210
4 90 66 78 7 0 13 0.00 M M 4.7 13 190 M M 2 1 21 180
5 89 71 80 9 0 15 0.50 M M 5.1 14 210 M M 2 13 24 200
6 84 66 75 4 0 10 T M M 7.2 16 310 M M 4 26 240
7 76 66 71 0 0 6 0.02 M M 7.6 14 300 M M 10 1 18 270
8 74 62 68 -2 0 3 T M M 7.1 16 340 M M 9 19 340
9 77 62 70 0 0 5 0.14 M M 6.0 12 40 M M 7 1 19 10
10 78 56 67 -3 0 2 0.00 M M 2.8 9 330 M M 1 18 14 340
11 81 56 69 0 0 4 0.01 M M 3.9 10 300 M M 2 16 290
12 74 57 66 -3 0 1 0.06 M M 6.5 12 350 M M 7 1 17 320
13 75 52 64 -5 1 0 T M M 3.1 12 300 M M 2 1 17 270
14 76 51 64 -4 1 0 0.00 M M 3.7 12 70 M M 1 20 10
15 77 51 64 -4 1 0 0.00 M M 2.9 10 60 M M 0 18 15 150
16 72 52 62 -6 3 0 T M M 1.1 6 60 M M 2 12 9 310
17 74 52 63 -4 2 0 0.01 M M 2.7 14 330 M M 6 123 18 340
18 73 54 64 -3 1 0 0.00 M M 6.1 15 330 M M 2 22 320
19 77 50 64 -3 1 0 0.00 M M 2.5 10 170 M M 0 1 16 190
20 82 53 68 2 0 3 0.00 M M 2.4 15 130 M M 0 22 110
21 80 63 72 6 0 7 0.00 M M 4.2 9 210 M M 0 15 200
22 83 56 70 5 0 5 0.00 M M 3.3 10 100 M M 1 15 110
23 79 56 68 3 0 3 0.00 M M 5.0 14 60 M M 0 20 90
24 82 52 67 2 0 2 0.00 M M 2.2 10 70 M M 0 15 60
25 83 58 71 7 0 6 0.00 M M 4.4 13 80 M M 1 18 70
26 80 61 71 7 0 6 0.10 M M 6.7 24 170 M M 5 3 36 190
27 76 62 69 6 0 4 0.18 M M 3.9 12 310 M M 8 13 16 340
28 75 60 68 5 0 3 T M M 2.8 10 360 M M 7 12 13 300
29 77 58 68 5 0 3 0.01 M M 2.4 9 60 M M 5 128 14 40
30 83 54 69 7 0 4 0.00 M M 1.9 10 70 M M 0 18 16 120
================================================================================
SM 2387 1745 10 135 1.03 M 123.5 M 86
================================================================================
AV 79.6 58.2 4.1 FASTST M M 3 MAX(MPH)
MISC ----> 24 170 36 190
================================================================================
NOTES:
# LAST OF SEVERAL OCCURRENCES
COLUMN 17 PEAK WIND IN M.P.H.
PRELIMINARY LOCAL CLIMATOLOGICAL DATA (WS FORM: F-6) , PAGE 2
STATION: INDIANAPOLIS EAGLE CREEK IN
MONTH: SEPTEMBER
YEAR: 2023
LATITUDE: 39 49 N
LONGITUDE: 86 18 W
[TEMPERATURE DATA] [PRECIPITATION DATA] SYMBOLS USED IN COLUMN 16
AVERAGE MONTHLY: 68.9 TOTAL FOR MONTH: 1.03 1 = FOG OR MIST
DPTR FM NORMAL: 1.3 DPTR FM NORMAL: -1.54 2 = FOG REDUCING VISIBILITY
HIGHEST: 90 ON 4 GRTST 24HR 0.50 ON 5- 5 TO 1/4 MILE OR LESS
LOWEST: 50 ON 19 3 = THUNDER
SNOW, ICE PELLETS, HAIL 4 = ICE PELLETS
TOTAL MONTH: M 5 = HAIL
GRTST 24HR M ON M 6 = FREEZING RAIN OR DRIZZLE
GRTST DEPTH: M ON M 7 = DUSTSTORM OR SANDSTORM:
VSBY 1/2 MILE OR LESS
8 = SMOKE OR HAZE
[NO. OF DAYS WITH] [WEATHER - DAYS WITH] 9 = BLOWING SNOW
X = TORNADO
MAX 32 OR BELOW: 0 0.01 INCH OR MORE: 9
MAX 90 OR ABOVE: 1 0.10 INCH OR MORE: 4
MIN 32 OR BELOW: 0 0.50 INCH OR MORE: 1
MIN 0 OR BELOW: 0 1.00 INCH OR MORE: 0
[HDD (BASE 65) ]
TOTAL THIS MO. 10 CLEAR (SCALE 0-3) 20
DPTR FM NORMAL -45 PTCLDY (SCALE 4-7) 8
TOTAL FM JUL 1 10 CLOUDY (SCALE 8-10) 2
DPTR FM NORMAL -47
[CDD (BASE 65) ]
TOTAL THIS MO. 135
DPTR FM NORMAL 2 [PRESSURE DATA]
TOTAL FM JAN 1 1065 HIGHEST SLP M ON M
DPTR FM NORMAL -43 LOWEST SLP 29.79 ON 6
[REMARKS]
#FINAL-09-23#