000
CXUS52 KKEY 020030 CCA
CF6EYW
PRELIMINARY LOCAL CLIMATOLOGICAL DATA (WS FORM: F-6)...CORRECTED
STATION: KEY WEST
MONTH: NOVEMBER
YEAR: 2020
LATITUDE: 24 32 N
LONGITUDE: 81 45 W
TEMPERATURE IN F: :PCPN: SNOW: WIND :SUNSHINE: SKY :PK WND
================================================================================
1 2 3 4 5 6A 6B 7 8 9 10 11 12 13 14 15 16 17 18
12Z AVG MX 2MIN
DY MAX MIN AVG DEP HDD CDD WTR SNW DPTH SPD SPD DIR MIN PSBL S-S WX SPD DR
================================================================================
1 88 78 83 5 0 18 0.04 0.0 0 7.8 16 20 M M 2 18 20 20
2 83 75 79 1 0 14 0.01 0.0 0 15.8 23 40 M M 6 35 50
3 80 73 77 -1 0 12 0.00 0.0 0 16.4 24 50 M M 8 36 50
4 80 73 77 0 0 12 0.00 0.0 0 13.8 21 50 M M 9 34 50
5 84 75 80 3 0 15 0.08 0.0 0 11.6 25 100 M M 6 1 33 100
6 82 75 79 2 0 14 0.06 0.0 0 11.0 20 80 M M 3 1 25 80
7 77 71 74 -3 0 9 2.95 0.0 0 12.0 35 110 M M 9 13 42 120
8 78 73 76 -1 0 11 0.91 0.0 0 13.8 23 40 M M 8 1 34 40
9 82 75 79 2 0 14 0.96 0.0 0 18.4 28 110 M M 6 1 36 110
10 82 79 81 4 0 16 0.14 0.0 0 20.3 30 150 M M 6 1 37 140
11 81 77 79 3 0 14 0.17 0.0 0 21.6 37 180 M M 9 18 45 170
12 83 78 81 5 0 16 0.02 0.0 0 6.4 16 180 M M 5 18 20 180
13 82 74 78 2 0 13 1.64 0.0 0 6.4 13 20 M M 9 1 24 280
14 84 74 79 3 0 14 0.04 0.0 0 9.4 16 100 M M 2 1 20 90
15 83 76 80 4 0 15 0.02 0.0 0 9.3 24 140 M M 2 1 29 140
16 84 76 80 4 0 15 T 0.0 0 8.4 16 30 M M 3 21 40
17 80 74 77 1 0 12 T 0.0 0 13.8 21 30 M M 4 32 40
18 79 71 75 0 0 10 0.00 0.0 0 16.2 22 50 M M 2 33 40
19 80 72 76 1 0 11 0.00 0.0 0 14.8 22 60 M M 5 32 50
20 81 72 77 2 0 12 0.00 0.0 0 11.9 21 70 M M 3 29 60
21 82 73 78 3 0 13 0.00 0.0 0 11.8 18 70 M M 3 26 30
22 81 73 77 2 0 12 0.00 0.0 0 8.8 15 50 M M 1 23 40
23 80 73 77 2 0 12 0.00 0.0 0 10.9 16 360 M M 2 23 360
24 82 71 77 2 0 12 T 0.0 0 12.2 20 70 M M 1 28 80
25 81 73 77 2 0 12 0.01 0.0 0 13.7 22 100 M M 6 28 100
26 82 75 79 5 0 14 T 0.0 0 11.0 22 120 M M 2 28 130
27 83 74 79 5 0 14 T 0.0 0 6.6 14 100 M M 4 17 40
28 81 73 77 3 0 12 0.00 0.0 0 4.6 13 180 M M 4 19 170
29 81 73 77 3 0 12 0.00 0.0 0 6.3 13 180 M M 3 18 140
30 81 69 75 1 0 10 0.47 0.0 0 12.2 24 250 M M 5 1 34 250
================================================================================
SM 2447 2218 0 390 7.52 0.0 357.2 M 138
================================================================================
AV 81.6 73.9 11.9 FASTST M M 5 MAX(MPH)
MISC ----> # 37 180 # 45 170
================================================================================
NOTES:
# LAST OF SEVERAL OCCURRENCES
COLUMN 17 PEAK WIND IN M.P.H.
PRELIMINARY LOCAL CLIMATOLOGICAL DATA (WS FORM: F-6) , PAGE 2
STATION: KEY WEST
MONTH: NOVEMBER
YEAR: 2020
LATITUDE: 24 32 N
LONGITUDE: 81 45 W
[TEMPERATURE DATA] [PRECIPITATION DATA] SYMBOLS USED IN COLUMN 16
AVERAGE MONTHLY: 77.8 TOTAL FOR MONTH: 7.52 1 = FOG OR MIST
DPTR FM NORMAL: 2.0 DPTR FM NORMAL: 5.22 2 = FOG REDUCING VISIBILITY
HIGHEST: 88 ON 1 GRTST 24HR 2.95 ON 7- 7 TO 1/4 MILE OR LESS
LOWEST: 69 ON 30 3 = THUNDER
SNOW, ICE PELLETS, HAIL 4 = ICE PELLETS
TOTAL MONTH: 0.0 INCH 5 = HAIL
GRTST 24HR 0.0 6 = FREEZING RAIN OR DRIZZLE
GRTST DEPTH: 0 7 = DUSTSTORM OR SANDSTORM:
VSBY 1/2 MILE OR LESS
8 = SMOKE OR HAZE
[NO. OF DAYS WITH] [WEATHER - DAYS WITH] 9 = BLOWING SNOW
X = TORNADO
MAX 32 OR BELOW: 0 0.01 INCH OR MORE: 15
MAX 90 OR ABOVE: 0 0.10 INCH OR MORE: 7
MIN 32 OR BELOW: 0 0.50 INCH OR MORE: 4
MIN 0 OR BELOW: 0 1.00 INCH OR MORE: 2
[HDD (BASE 65) ]
TOTAL THIS MO. 0 CLEAR (SCALE 0-3) 13
DPTR FM NORMAL -1 PTCLDY (SCALE 4-7) 11
TOTAL FM JUL 1 0 CLOUDY (SCALE 8-10) 6
DPTR FM NORMAL -1
[CDD (BASE 65) ]
TOTAL THIS MO. 390
DPTR FM NORMAL 65 [PRESSURE DATA]
TOTAL FM JAN 1 5452 HIGHEST SLP M ON M
DPTR FM NORMAL 919 LOWEST SLP 29.48 ON 9
[REMARKS]
#FINAL-11-20#
CORRECTED DEPARTURE FROM NORMAL (COLUMN 5) FOR NOVEMBER 25TH.
CORRECTED AVERAGE MONTHLY TEMPERATURE DEPARTURE FROM NORMAL.
CORRECTED CLOUD COVER DAYS TABLE.
ROSS