000
CXAK56 PAFG 101628
CF6FAI
PRELIMINARY LOCAL CLIMATOLOGICAL DATA (WS FORM: F-6)
STATION: FAIRBANKS AK
MONTH: APRIL
YEAR: 2023
LATITUDE: 64 49 N
LONGITUDE: 147 52 W
TEMPERATURE IN F: :PCPN: SNOW: WIND :SUNSHINE: SKY :PK WND
================================================================================
1 2 3 4 5 6A 6B 7 8 9 10 11 12 13 14 15 16 17 18
12Z AVG MX 2MIN
DY MAX MIN AVG DEP HDD CDD WTR SNW DPTH SPD SPD DIR MIN PSBL S-S WX SPD DR
================================================================================
1 29 2 16 -5 49 0 T T 23 4.5 15 250 M M 7 1 18 250
2 31 14 23 1 42 0 0.21 4.8 23 6.4 18 270 M M 9 1 28 290
3 34 -7 14 -9 51 0 T T 28 3.2 8 80 M M 6 10 70
4 40 18 29 5 36 0 T T 27 2.9 17 240 M M 8 1 21 250
5 28 17 23 -2 42 0 T T 25 7.5 15 260 M M 9 1 19 230
6 19 5 12 -14 53 0 T T 25 5.6 13 230 M M 8 1 16 240
7 22 -14 4 -23 61 0 0.00 0.0 25 1.9 7 260 M M 2 9 220
8 17 -5 6 -22 59 0 0.01 0.2 25 5.3 13 280 M M 9 1 16 240
9 11 -1 5 -24 60 0 0.03 0.3 25 8.1 15 240 M M 9 1 18 280
10 13 -10 2 -28 63 0 0.00 0.0 26 2.0 8 170 M M 8 12 170
11 16 -13 2 -28 63 0 0.04 0.5 26 2.9 9 360 M M 8 1 11 350
12 24 12 18 -13 47 0 0.14 2.4 25 4.2 14 260 M M 10 1 17 250
13 25 -13 6 -26 59 0 T T 28 4.5 13 340 M M 6 14 340
14 38 2 20 -13 45 0 0.00 0.0 27 9.2 16 10 M M 5 19 10
15 38 14 26 -8 39 0 0.00 0.0 27 7.5 15 10 M M 4 9 19 10
16 33 20 27 -8 38 0 0.00 0.0 26 4.5 13 190 M M 8 15 230
17 34 10 22 -14 43 0 T T 26 4.8 13 10 M M 8 17 360
18 29 21 25 -11 40 0 T T 26 11.5 24 30 M M 8 29 30
19 42 15 29 -8 36 0 0.00 0.0 25 5.8 13 20 M M 4 14 360
20 46 22 34 -4 31 0 0.00 0.0 25 5.0 12 20 M M 1 15 350
21 44 21 33 -5 32 0 0.01 T 23 2.9 12 30 M M 7 1 14 70
22 35 14 25 -14 40 0 0.03 0.4 22 18.3 30 40 M M 8 1 35 30
23 17 8 13 -27 52 0 T T 22 20.9 30 50 M M 7 1 36 50
24 28 10 19 -21 46 0 0.00 0.0 22 12.7 18 50 M M 7 22 40
25 41 13 27 -14 38 0 0.00 0.0 22 7.9 12 10 M M 5 14 10
26 40 23 32 -10 33 0 0.00 0.0 21 4.9 9 200 M M 7 11 360
27 47 26 37 -5 28 0 0.00 0.0 20 3.0 10 200 M M 7 12 190
28 50 26 38 -5 27 0 T 0.0 19 3.6 16 210 M M 8 24 200
29 54 25 40 -4 25 0 T 0.0 17 3.1 20 70 M M 5 23 70
30 50 37 44 0 21 0 0.04 0.0 14 4.2 10 40 M M 7 12 20
================================================================================
SM 975 312 1299 0 0.51 8.6 188.8 M 205
================================================================================
AV 32.5 10.4 6.3 FASTST M M 7 MAX(MPH)
MISC ----> # 30 40 36 50
================================================================================
NOTES:
# LAST OF SEVERAL OCCURRENCES
COLUMN 17 PEAK WIND IN M.P.H.
PRELIMINARY LOCAL CLIMATOLOGICAL DATA (WS FORM: F-6) , PAGE 2
STATION: FAIRBANKS AK
MONTH: APRIL
YEAR: 2023
LATITUDE: 64 49 N
LONGITUDE: 147 52 W
[TEMPERATURE DATA] [PRECIPITATION DATA] SYMBOLS USED IN COLUMN 16
AVERAGE MONTHLY: 21.5 TOTAL FOR MONTH: 0.51 1 = FOG OR MIST
DPTR FM NORMAL: -12.2 DPTR FM NORMAL: 0.17 2 = FOG REDUCING VISIBILITY
HIGHEST: 54 ON 29 GRTST 24HR 0.21 ON 1- 2 TO 1/4 MILE OR LESS
LOWEST: -14 ON 7 3 = THUNDER
SNOW, ICE PELLETS, HAIL 4 = ICE PELLETS
TOTAL MONTH: 8.6 INCHES 5 = HAIL
GRTST 24HR 4.8 ON 2- 2 6 = FREEZING RAIN OR DRIZZLE
GRTST DEPTH: 28 ON 13, 3 7 = DUSTSTORM OR SANDSTORM:
VSBY 1/2 MILE OR LESS
8 = SMOKE OR HAZE
[NO. OF DAYS WITH] [WEATHER - DAYS WITH] 9 = BLOWING SNOW
X = TORNADO
MAX 32 OR BELOW: 14 0.01 INCH OR MORE: 8
MAX 90 OR ABOVE: 0 0.10 INCH OR MORE: 2
MIN 32 OR BELOW: 29 0.50 INCH OR MORE: 0
MIN 0 OR BELOW: 7 1.00 INCH OR MORE: 0
[HDD (BASE 65) ]
TOTAL THIS MO. 1299 CLEAR (SCALE 0-3) 2
DPTR FM NORMAL 359 PTCLDY (SCALE 4-7) 21
TOTAL FM JUL 1 12509 CLOUDY (SCALE 8-10) 7
DPTR FM NORMAL -309
[CDD (BASE 65) ]
TOTAL THIS MO. 0
DPTR FM NORMAL 0 [PRESSURE DATA]
TOTAL FM JAN 1 0 HIGHEST SLP 30.44 ON 20
DPTR FM NORMAL 0 LOWEST SLP 29.42 ON 8
[REMARKS]
#FINAL-04-23#