000
CXUS52 KFFC 011110
CF6FFC
PRELIMINARY LOCAL CLIMATOLOGICAL DATA (WS FORM: F-6)
STATION: PEACHTREE CITY
MONTH: FEBRUARY
YEAR: 2023
LATITUDE: 33 20 N
LONGITUDE: 84 34 W
TEMPERATURE IN F: :PCPN: SNOW: WIND :SUNSHINE: SKY :PK WND
================================================================================
1 2 3 4 5 6A 6B 7 8 9 10 11 12 13 14 15 16 17 18
12Z AVG MX 2MIN
DY MAX MIN AVG DEP HDD CDD WTR SNW DPTH SPD SPD DIR MIN PSBL S-S WX SPD DR
================================================================================
1 64 51 58 12 7 0 0.03 M M 4.8 17 300 M M 10 18 29 280
2 52 47 50 4 15 0 0.79 M M 5.0 13 320 M M 10 18 16 350
3 52 37 45 -1 20 0 0.12 M M 11.7 22 310 M M 3 1 31 330
4 54 28 41 -5 24 0 0.00 M M 4.6 14 130 M M 0 24 120
5 66 34 50 3 15 0 0.00 M M 2.3 12 270 M M 3 18 17 260
6 69 34 52 5 13 0 0.00 M M 1.7 14 340 M M 0 1 19 330
7 70 31 51 4 14 0 0.00 M M 2.0 10 140 M M 0 18 160
8 76 49 63 16 2 0 0.00 M M 2.7 13 130 M M 6 19 180
9 72 54 63 15 2 0 0.01 0.0 M 6.1 20 140 M M 7 18 27 170
10 64 51 58 10 7 0 0.09 0.0 M 5.1 14 320 M M 6 1 19 320
11 56 44 50 2 15 0 0.76 M M 7.0 18 80 M M 7 18 35 70
12 49 37 43 -5 22 0 0.17 M M 7.5 18 310 M M 9 18 27 60
13 67 31 49 1 16 0 0.00 M M 3.2 14 310 M M 0 1 20 310
14 71 32 52 4 13 0 0.00 M M 3.9 15 120 M M 0 22 140
15 68 46 57 8 8 0 T M M 2.2 9 140 M M 7 1 14 180
16 75 46 61 12 4 0 0.00 M M 4.3 14 150 M M 6 12 23 200
17 68 33 51 2 14 0 0.35 M M 13.8 26 310 M M 7 1 37 340
18 58 27 43 -6 22 0 0.00 M M 4.4 15 320 M M 0 20 310
19 65 35 50 0 15 0 0.00 M M 2.2 10 250 M M 2 18 260
20 75 37 56 6 9 0 0.00 M M 4.9 16 270 M M 1 28 210
21 71 55 63 13 2 0 0.01 M M 5.2 15 250 M M 6 1 27 260
22 81 53 67 17 0 2 0.00 M M 5.0 15 150 M M 4 18 28 240
23 78 68 73 23 0 8 0.01 M M 3.9 13 230 M M 8 1 25 210
24 75 56 66 15 0 1 0.36 M M 3.3 14 320 M M 9 1 16 320
25 63 54 59 8 6 0 0.05 M M 2.7 10 90 M M 10 1 17 90
26 76 56 66 15 0 1 0.00 M M 3.6 17 300 M M 6 1 25 320
27 75 53 64 13 1 0 0.02 M M 3.7 14 220 M M 6 1 27 230
28 80 53 67 15 0 2 0.00 M M 3.5 16 280 M M 1 12 22 300
================================================================================
SM 1890 1232 266 14 2.77 0.0 130.3 M 134
================================================================================
AV 67.5 44.0 4.7 FASTST M M 5 MAX(MPH)
MISC ----> 26 310 37 340
================================================================================
NOTES:
# LAST OF SEVERAL OCCURRENCES
COLUMN 17 PEAK WIND IN M.P.H.
PRELIMINARY LOCAL CLIMATOLOGICAL DATA (WS FORM: F-6) , PAGE 2
STATION: PEACHTREE CITY
MONTH: FEBRUARY
YEAR: 2023
LATITUDE: 33 20 N
LONGITUDE: 84 34 W
[TEMPERATURE DATA] [PRECIPITATION DATA] SYMBOLS USED IN COLUMN 16
AVERAGE MONTHLY: 55.8 TOTAL FOR MONTH: 2.77 1 = FOG OR MIST
DPTR FM NORMAL: 7.0 DPTR FM NORMAL: -1.84 2 = FOG REDUCING VISIBILITY
HIGHEST: 81 ON 22 GRTST 24HR 0.93 ON 11-12 TO 1/4 MILE OR LESS
LOWEST: 27 ON 18 3 = THUNDER
SNOW, ICE PELLETS, HAIL 4 = ICE PELLETS
TOTAL MONTH: 0.0 INCH 5 = HAIL
GRTST 24HR 0.0 6 = FREEZING RAIN OR DRIZZLE
GRTST DEPTH: M ON M 7 = DUSTSTORM OR SANDSTORM:
VSBY 1/2 MILE OR LESS
8 = SMOKE OR HAZE
[NO. OF DAYS WITH] [WEATHER - DAYS WITH] 9 = BLOWING SNOW
X = TORNADO
MAX 32 OR BELOW: 0 0.01 INCH OR MORE: 13
MAX 90 OR ABOVE: 0 0.10 INCH OR MORE: 6
MIN 32 OR BELOW: 5 0.50 INCH OR MORE: 2
MIN 0 OR BELOW: 0 1.00 INCH OR MORE: 0
[HDD (BASE 65) ]
TOTAL THIS MO. 266 CLEAR (SCALE 0-3) 10
DPTR FM NORMAL -193 PTCLDY (SCALE 4-7) 12
TOTAL FM JUL 1 1656 CLOUDY (SCALE 8-10) 6
DPTR FM NORMAL -465
[CDD (BASE 65) ]
TOTAL THIS MO. 14
DPTR FM NORMAL 11 [PRESSURE DATA]
TOTAL FM JAN 1 15 HIGHEST SLP 30.59 ON 4
DPTR FM NORMAL 14 LOWEST SLP 29.69 ON 27
[REMARKS]
#FINAL-02-23#