000
CXUS53 KFGF 010915
CF6FGF
PRELIMINARY LOCAL CLIMATOLOGICAL DATA (WS FORM: F-6)
STATION: GRAND FORKS UNIV. (NWS) ND
MONTH: DECEMBER
YEAR: 2022
LATITUDE: 47 55 N
LONGITUDE: 97 6 W
TEMPERATURE IN F: :PCPN: SNOW: WIND :SUNSHINE: SKY :PK WND
================================================================================
1 2 3 4 5 6A 6B 7 8 9 10 11 12 13 14 15 16 17 18
12Z AVG MX 2MIN
DY MAX MIN AVG DEP HDD CDD WTR SNW DPTH SPD SPD DIR MIN PSBL S-S WX SPD DR
================================================================================
1 27 3 15 -5 50 0 0.00 0.0 4 M M M M M M M M
2 25 0 13 -6 52 0 0.04 0.6 4 M M M M M M 9 M M
3 10 -5 3 -16 62 0 T T 4 M M M M M M M M
4 34 5 20 2 45 0 0.00 0.0 4 M M M M M M M M
5 19 -5 7 -11 58 0 0.00 0.0 4 M M M M M M M M
6 8 -7 1 -16 64 0 0.03 0.7 4 M M M M M M M M
7 -1 -18 -9 -26 74 0 0.00 0.0 4 M M M M M M M M
8 13 -3 5 -12 60 0 T T 4 M M M M M M M M
9 29 10 20 4 45 0 T T 4 M M M M M M M M
10 31 27 29 13 36 0 T T 4 M M M M M M 6 M M
11 32 25 29 14 36 0 0.00 0.0 4 M M M M M M M M
12 30 24 27 12 38 0 T 0.0 4 M M M M M M 6 M M
13 33 28 31 16 34 0 0.62 7.5 4 M M M M M M 6 M M
14 33 30 32 18 33 0 0.22 2.7 12 M M M M M M M M
15 32 25 29 15 36 0 0.43 6.1 16 M M M M M M M M
16 25 11 18 5 47 0 0.08 1.5 16 M M M M M M M M
17 13 -6 4 -9 61 0 0.03 0.3 16 M M M M M M M M
18 0 -11 -5 -18 70 0 T T 16 M M M M M M M M
19 0 -11 -5 -17 70 0 0.13 2.1 15 M M M M M M M M
20 -6 -24 -15 -27 80 0 0.00 0.0 16 M M M M M M M M
21 -12 -22 -17 -29 82 0 0.15 2.0 18 M M M M M M M M
22 -7 -15 -11 -22 76 0 T 0.1 18 M M M M M M M M
23 -5 -12 -8 -19 73 0 0.00 0.0 17 M M M M M M 9 M M
24 -2 -15 -8 -19 73 0 0.00 0.0 16 M M M M M M M M
25 0 -17 -8 -18 73 0 0.04 1.1 16 M M M M M M M M
26 4 -12 -4 -14 69 0 0.00 0.0 16 M M M M M M M M
27 23 4 14 4 51 0 0.00 0.0 15 M M M M M M M M
28 27 22 25 16 40 0 0.00 0.0 14 M M M M M M M M
29 23 11 17 8 48 0 T T 13 M M M M M M M M
30 17 1 9 0 56 0 T 0.1 13 M M M M M M M M
31 20 15 18 9 47 0 T 0.0 13 M M M M M M M M
================================================================================
SM 475 58 1739 0 1.77 24.8 M M M
================================================================================
AV 15.3 1.9 M FASTST M M M MAX(MPH)
MISC ----> M M M M
================================================================================
NOTES:
# LAST OF SEVERAL OCCURRENCES
COLUMN 17 PEAK WIND IN M.P.H.
PRELIMINARY LOCAL CLIMATOLOGICAL DATA (WS FORM: F-6) , PAGE 2
STATION: GRAND FORKS UNIV. (NWS) ND
MONTH: DECEMBER
YEAR: 2022
LATITUDE: 47 55 N
LONGITUDE: 97 6 W
[TEMPERATURE DATA] [PRECIPITATION DATA] SYMBOLS USED IN COLUMN 16
AVERAGE MONTHLY: 8.6 TOTAL FOR MONTH: 1.77 1 = FOG OR MIST
DPTR FM NORMAL: -5.0 DPTR FM NORMAL: 1.04 2 = FOG REDUCING VISIBILITY
HIGHEST: 34 ON 4 GRTST 24HR 0.62 ON 13-13 TO 1/4 MILE OR LESS
LOWEST: -24 ON 20 3 = THUNDER
SNOW, ICE PELLETS, HAIL 4 = ICE PELLETS
TOTAL MONTH: 24.8 INCHES 5 = HAIL
GRTST 24HR 7.5 ON 13-13 6 = FREEZING RAIN OR DRIZZLE
GRTST DEPTH: 18 ON 22,21 7 = DUSTSTORM OR SANDSTORM:
VSBY 1/2 MILE OR LESS
8 = SMOKE OR HAZE
[NO. OF DAYS WITH] [WEATHER - DAYS WITH] 9 = BLOWING SNOW
X = TORNADO
MAX 32 OR BELOW: 28 0.01 INCH OR MORE: 10
MAX 90 OR ABOVE: 0 0.10 INCH OR MORE: 5
MIN 32 OR BELOW: 31 0.50 INCH OR MORE: 1
MIN 0 OR BELOW: 16 1.00 INCH OR MORE: 0
[HDD (BASE 65) ]
TOTAL THIS MO. 1739 CLEAR (SCALE 0-3) 0
DPTR FM NORMAL 146 PTCLDY (SCALE 4-7) 0
TOTAL FM JUL 1 3613 CLOUDY (SCALE 8-10) 31
DPTR FM NORMAL -60
[CDD (BASE 65) ]
TOTAL THIS MO. 0
DPTR FM NORMAL 0 [PRESSURE DATA]
TOTAL FM JAN 1 539 HIGHEST SLP M ON M
DPTR FM NORMAL 108 LOWEST SLP M ON M
[REMARKS]
#FINAL-12-22#