000
CXUS53 KFGF 010815
CF6FGF
PRELIMINARY LOCAL CLIMATOLOGICAL DATA (WS FORM: F-6)
STATION: GRAND FORKS UNIV. (NWS) ND
MONTH: MAY
YEAR: 2021
LATITUDE: 47 55 N
LONGITUDE: 97 6 W
TEMPERATURE IN F: :PCPN: SNOW: WIND :SUNSHINE: SKY :PK WND
================================================================================
1 2 3 4 5 6A 6B 7 8 9 10 11 12 13 14 15 16 17 18
12Z AVG MX 2MIN
DY MAX MIN AVG DEP HDD CDD WTR SNW DPTH SPD SPD DIR MIN PSBL S-S WX SPD DR
================================================================================
1 85 46 66 16 0 1 0.00 0.0 0 M M M M M M M M
2 69 42 56 5 9 0 0.22 0.0 0 M M M M M M M M
3 52 33 43 -8 22 0 0.13 0.0 0 M M M M M M M M
4 55 28 42 -10 23 0 0.00 0.0 0 M M M M M M M M
5 56 29 43 -9 22 0 T 0.0 0 M M M M M M M M
6 61 27 44 -8 21 0 T 0.0 0 M M M M M M M M
7 58 27 43 -10 22 0 0.00 0.0 0 M M M M M M M M
8 61 33 47 -6 18 0 0.00 0.0 0 M M M M M M M M
9 58 29 44 -9 21 0 0.00 0.0 0 M M M M M M M M
10 58 29 44 -10 21 0 0.00 0.0 0 M M M M M M M M
11 66 33 50 -4 15 0 0.00 0.0 0 M M M M M M M M
12 71 40 56 2 9 0 0.00 0.0 0 M M M M M M M M
13 73 46 60 5 5 0 0.00 0.0 0 M M M M M M M M
14 69 46 58 3 7 0 0.03 0.0 0 M M M M M M 3 M M
15 76 40 58 2 7 0 0.00 0.0 0 M M M M M M M M
16 83 51 67 11 0 2 0.01 0.0 0 M M M M M M M M
17 85 52 69 13 0 4 0.00 0.0 0 M M M M M M M M
18 81 56 69 13 0 4 0.00 0.0 0 M M M M M M M M
19 87 59 73 16 0 8 0.57 0.0 0 M M M M M M 3 M M
20 65 50 58 1 7 0 0.47 0.0 0 M M M M M M 13 M M
21 82 48 65 7 0 0 T 0.0 0 M M M M M M M M
22 52 42 47 -11 18 0 0.55 0.0 0 M M M M M M 3 M M
23 66 47 57 -1 8 0 0.35 0.0 0 M M M M M M 3 M M
24 83 55 69 11 0 4 T 0.0 0 M M M M M M M M
25 70 43 57 -2 8 0 0.01 0.0 0 M M M M M M 8 M M
26 53 36 45 -14 20 0 0.00 0.0 0 M M M M M M M M
27 57 38 48 -11 17 0 0.00 0.0 0 M M M M M M M M
28 67 36 52 -8 13 0 0.00 0.0 0 M M M M M M M M
29 62 47 55 -5 10 0 0.23 0.0 0 M M M M M M M M
30 77 46 62 2 3 0 T 0.0 0 M M M M M M M M
31 75 44 60 -1 5 0 0.00 0.0 0 M M M M M M M M
================================================================================
SM 2113 1278 331 23 2.57 0.0 M M M
================================================================================
AV 68.2 41.2 M FASTST M M M MAX(MPH)
MISC ----> M M M M
================================================================================
NOTES:
# LAST OF SEVERAL OCCURRENCES
COLUMN 17 PEAK WIND IN M.P.H.
PRELIMINARY LOCAL CLIMATOLOGICAL DATA (WS FORM: F-6) , PAGE 2
STATION: GRAND FORKS UNIV. (NWS) ND
MONTH: MAY
YEAR: 2021
LATITUDE: 47 55 N
LONGITUDE: 97 6 W
[TEMPERATURE DATA] [PRECIPITATION DATA] SYMBOLS USED IN COLUMN 16
AVERAGE MONTHLY: 54.7 TOTAL FOR MONTH: 2.57 1 = FOG OR MIST
DPTR FM NORMAL: -1.1 DPTR FM NORMAL: -0.18 2 = FOG REDUCING VISIBILITY
HIGHEST: 87 ON 19 GRTST 24HR 0.57 ON 19-19 TO 1/4 MILE OR LESS
LOWEST: 27 ON 7, 6 3 = THUNDER
SNOW, ICE PELLETS, HAIL 4 = ICE PELLETS
TOTAL MONTH: T 5 = HAIL
GRTST 24HR 0.0 6 = FREEZING RAIN OR DRIZZLE
GRTST DEPTH: 0 7 = DUSTSTORM OR SANDSTORM:
VSBY 1/2 MILE OR LESS
8 = SMOKE OR HAZE
[NO. OF DAYS WITH] [WEATHER - DAYS WITH] 9 = BLOWING SNOW
X = TORNADO
MAX 32 OR BELOW: 0 0.01 INCH OR MORE: 10
MAX 90 OR ABOVE: 0 0.10 INCH OR MORE: 7
MIN 32 OR BELOW: 6 0.50 INCH OR MORE: 2
MIN 0 OR BELOW: 0 1.00 INCH OR MORE: 0
[HDD (BASE 65) ]
TOTAL THIS MO. 331 CLEAR (SCALE 0-3) 0
DPTR FM NORMAL 21 PTCLDY (SCALE 4-7) 0
TOTAL FM JUL 1 8462 CLOUDY (SCALE 8-10) 31
DPTR FM NORMAL -663
[CDD (BASE 65) ]
TOTAL THIS MO. 23
DPTR FM NORMAL 0 [PRESSURE DATA]
TOTAL FM JAN 1 23 HIGHEST SLP M ON M
DPTR FM NORMAL -3 LOWEST SLP M ON M
[REMARKS]
#FINAL-05-21#