000
CXUS53 KARX 010930
CF6FKA
PRELIMINARY LOCAL CLIMATOLOGICAL DATA (WS FORM: F-6)
STATION: PRESTON MN
MONTH: JUNE
YEAR: 2020
LATITUDE: 43 40 N
LONGITUDE: 92 11 W
TEMPERATURE IN F: :PCPN: SNOW: WIND :SUNSHINE: SKY :PK WND
================================================================================
1 2 3 4 5 6A 6B 7 8 9 10 11 12 13 14 15 16 17 18
12Z AVG MX 2MIN
DY MAX MIN AVG DEP HDD CDD WTR SNW DPTH SPD SPD DIR MIN PSBL S-S WX SPD DR
================================================================================
1 84 55 70 M 0 5 0.12 0.0 0 14.5 25 190 M M 2 35 190
2 92 64 78 M 0 13 M 0.0 0 10.5 25 40 M M 2 3 47 40
3 82 59 71 M 0 6 0.00 0.0 0 5.1 12 270 M M 2 12 M M
4 86 57 72 M 0 7 0.00 0.0 0 3.9 7 150 M M 0 M M
5 80 64 72 M 0 7 0.00 0.0 0 8.1 15 350 M M 2 3 22 350
6 78 60 69 M 0 4 0.13 0.0 0 5.7 12 360 M M 3 3 M M
7 83 61 72 M 0 7 0.00 0.0 0 13.8 20 160 M M 2 38 24 170
8 89 67 78 M 0 13 0.00 0.0 0 12.8 18 150 M M 0 24 150
9 78 64 71 M 0 6 1.53 0.0 0 8.3 21 350 M M 5 28 350
10 67 56 62 M 3 0 0.08 0.0 0 14.4 23 340 M M 5 13 36 330
11 76 53 65 M 0 0 0.00 0.0 0 12.7 27 300 M M 0 38 300
12 81 54 68 M 0 3 0.00 0.0 0 9.5 14 360 M M 0 20 20
13 67 50 59 M 6 0 M 0.0 0 8.2 14 110 M M 2 18 110
14 73 49 61 M 4 0 0.00 0.0 0 12.8 20 140 M M 2 28 150
15 77 57 67 M 0 2 0.00 0.0 0 13.1 20 160 M M 1 25 160
16 83 59 71 M 0 6 0.00 0.0 0 11.2 18 190 M M 0 25 190
17 82 57 70 M 0 5 0.00 0.0 0 10.6 20 160 M M 0 25 180
18 83 62 73 M 0 8 0.18 0.0 0 10.1 15 290 M M 3 3 23 170
19 70 63 67 M 0 2 0.05 0.0 0 5.8 20 160 M M 8 M M
20 69 58 64 M 1 0 0.06 0.0 0 4.7 14 360 M M 6 18 320
21 83 56 70 M 0 5 0.58 0.0 0 8.0 25 310 M M 3 3 39 310
22 65 58 62 M 3 0 0.32 0.0 0 5.0 12 40 M M 5 M M
23 72 54 63 M 2 0 0.00 0.0 0 8.2 14 350 M M 3 20 330
24 75 53 64 M 1 0 0.02 0.0 0 5.7 13 340 M M 1 3 16 30
25 81 55 68 M 0 3 0.00 0.0 0 3.6 9 210 M M 1 M M
26 80 64 72 M 0 7 M 0.0 0 6.2 13 290 M M 2 3 18 290
27 82 63 73 M 0 8 0.00 0.0 0 3.3 8 310 M M 0 M M
28 83 61 72 M 0 7 0.00 0.0 0 8.7 16 160 M M 2 3 21 120
29 84 67 76 M 0 11 0.00 0.0 0 9.1 13 70 M M 5 20 170
30 85 69 77 M 0 12 0.00 0.0 0 8.8 16 150 M M 3 22 140
================================================================================
SM 2370 1769 20 147 3.07 0.0 262.4 M 70
================================================================================
AV 79.0 59.0 8.7 FASTST M M 2 MAX(MPH)
MISC ----> # 27 300 # 47 40
================================================================================
NOTES:
# LAST OF SEVERAL OCCURRENCES
COLUMN 17 PEAK WIND IN M.P.H.
PRELIMINARY LOCAL CLIMATOLOGICAL DATA (WS FORM: F-6) , PAGE 2
STATION: PRESTON MN
MONTH: JUNE
YEAR: 2020
LATITUDE: 43 40 N
LONGITUDE: 92 11 W
[TEMPERATURE DATA] [PRECIPITATION DATA] SYMBOLS USED IN COLUMN 16
AVERAGE MONTHLY: 69.0 TOTAL FOR MONTH: 3.07 1 = FOG OR MIST
DPTR FM NORMAL: M DPTR FM NORMAL: M 2 = FOG REDUCING VISIBILITY
HIGHEST: 92 ON 2 GRTST 24HR 1.53 ON 9- 9 TO 1/4 MILE OR LESS
LOWEST: 49 ON 14 3 = THUNDER
SNOW, ICE PELLETS, HAIL 4 = ICE PELLETS
TOTAL MONTH: 0.0 INCH 5 = HAIL
GRTST 24HR 0.0 6 = FREEZING RAIN OR DRIZZLE
GRTST DEPTH: 0 7 = DUSTSTORM OR SANDSTORM:
VSBY 1/2 MILE OR LESS
8 = SMOKE OR HAZE
[NO. OF DAYS WITH] [WEATHER - DAYS WITH] 9 = BLOWING SNOW
X = TORNADO
MAX 32 OR BELOW: 0 0.01 INCH OR MORE: 10
MAX 90 OR ABOVE: 1 0.10 INCH OR MORE: 6
MIN 32 OR BELOW: 0 0.50 INCH OR MORE: 2
MIN 0 OR BELOW: 0 1.00 INCH OR MORE: 1
[HDD (BASE 65) ]
TOTAL THIS MO. 20 CLEAR (SCALE 0-3) 23
DPTR FM NORMAL M PTCLDY (SCALE 4-7) 7
TOTAL FM JUL 1 7782 CLOUDY (SCALE 8-10) 0
DPTR FM NORMAL M
[CDD (BASE 65) ]
TOTAL THIS MO. 147
DPTR FM NORMAL M [PRESSURE DATA]
TOTAL FM JAN 1 168 HIGHEST SLP M ON M
DPTR FM NORMAL M LOWEST SLP M ON M
[REMARKS]
#FINAL-06-20#