000
CXUS53 KMKX 010810
CF6FLD
PRELIMINARY LOCAL CLIMATOLOGICAL DATA (WS FORM: F-6)
STATION: FOND_DU_LAC WI
MONTH: APRIL
YEAR: 2023
LATITUDE: 43 46 N
LONGITUDE: 88 29 W
TEMPERATURE IN F: :PCPN: SNOW: WIND :SUNSHINE: SKY :PK WND
================================================================================
1 2 3 4 5 6A 6B 7 8 9 10 11 12 13 14 15 16 17 18
12Z AVG MX 2MIN
DY MAX MIN AVG DEP HDD CDD WTR SNW DPTH SPD SPD DIR MIN PSBL S-S WX SPD DR
================================================================================
1 41 29 35 -5 30 0 0.05 M M 11.3 30 350 M M 6 1 42 340
2 50 29 40 0 25 0 T M M 12.9 26 170 M M 1 33 160
3 61 41 51 11 14 0 0.06 M M 7.7 17 220 M M 5 25 210
4 47 37 42 1 23 0 0.68 M M 12.9 31 20 M M 10 13 39 20
5 64 34 49 8 16 0 0.10 M M 15.4 28 270 M M 4 13 41 250
6 49 29 39 -3 26 0 0.00 M M 12.9 30 270 M M 0 41 280
7 48 26 37 -5 28 0 0.00 M M 7.0 15 150 M M 3 23 160
8 57 36 47 5 18 0 0.00 M M 6.3 15 30 M M 4 21 180
9 68 31 50 7 15 0 0.00 M M 10.3 23 200 M M 0 34 180
10 72 51 62 19 3 0 0.00 M M 11.9 22 190 M M 0 28 200
11 78 52 65 21 0 0 0.00 M M 10.6 21 250 M M 0 31 230
12 85 59 72 28 0 7 M M M 15.9 23 210 M M 0 44 210
13 83 57 70 26 0 5 0.00 M M 11.3 22 190 M M 0 32 170
14 83 52 68 23 0 3 0.00 M M 9.3 21 190 M M 0 29 200
15 84 57 71 26 0 6 0.07 M M 8.1 32 230 M M 1 3 57 240
16 62 34 48 2 17 0 0.27 M M 9.9 20 240 M M 10 13 28 230
17 36 31 34 -12 31 0 T M M 18.9 29 310 M M 9 1 41 310
18 55 32 44 -2 21 0 T M M 10.0 20 310 M M 2 27 320
19 41 36 39 -8 26 0 0.49 M M 12.8 24 130 M M 7 13 33 120
20 72 41 57 10 8 0 0.10 M M 12.7 22 120 M M 6 3 34 270
21 56 37 47 -1 18 0 T M M 11.6 28 210 M M 5 41 220
22 46 33 40 -8 25 0 0.05 M M 7.5 22 320 M M 7 1 29 320
23 42 30 36 -12 29 0 T M M 6.0 15 320 M M 8 21 330
24 49 29 39 -10 26 0 T M M 5.2 16 290 M M 6 22 250
25 50 33 42 -7 23 0 0.00 M M 7.1 14 30 M M 8 18 40
26 53 34 44 -6 21 0 T M M 5.2 17 140 M M 5 23 140
27 66 35 51 1 14 0 T M M 11.5 23 190 M M 2 32 200
28 67 35 51 1 14 0 T M M 5.2 14 50 M M 0 18 50
29 49 38 44 -7 21 0 0.13 M M 10.1 21 290 M M 8 1 28 300
30 45 37 41 -10 24 0 0.18 M M 14.2 24 320 M M 10 1 32 330
================================================================================
SM 1759 1135 516 21 2.18 M 311.7 M 127
================================================================================
AV 58.6 37.8 10.4 FASTST M M 4 MAX(MPH)
MISC ----> 32 230 57 240
================================================================================
NOTES:
# LAST OF SEVERAL OCCURRENCES
COLUMN 17 PEAK WIND IN M.P.H.
PRELIMINARY LOCAL CLIMATOLOGICAL DATA (WS FORM: F-6) , PAGE 2
STATION: FOND_DU_LAC WI
MONTH: APRIL
YEAR: 2023
LATITUDE: 43 46 N
LONGITUDE: 88 29 W
[TEMPERATURE DATA] [PRECIPITATION DATA] SYMBOLS USED IN COLUMN 16
AVERAGE MONTHLY: 48.2 TOTAL FOR MONTH: 2.18 1 = FOG OR MIST
DPTR FM NORMAL: 2.8 DPTR FM NORMAL: -0.61 2 = FOG REDUCING VISIBILITY
HIGHEST: 85 ON 12 GRTST 24HR 0.85 ON 31- 1 TO 1/4 MILE OR LESS
LOWEST: 26 ON 7 3 = THUNDER
SNOW, ICE PELLETS, HAIL 4 = ICE PELLETS
TOTAL MONTH: M 5 = HAIL
GRTST 24HR M ON M 6 = FREEZING RAIN OR DRIZZLE
GRTST DEPTH: M ON M 7 = DUSTSTORM OR SANDSTORM:
VSBY 1/2 MILE OR LESS
8 = SMOKE OR HAZE
[NO. OF DAYS WITH] [WEATHER - DAYS WITH] 9 = BLOWING SNOW
X = TORNADO
MAX 32 OR BELOW: 0 0.01 INCH OR MORE: 11
MAX 90 OR ABOVE: 0 0.10 INCH OR MORE: 7
MIN 32 OR BELOW: 9 0.50 INCH OR MORE: 1
MIN 0 OR BELOW: 0 1.00 INCH OR MORE: 0
[HDD (BASE 65) ]
TOTAL THIS MO. 516 CLEAR (SCALE 0-3) 13
DPTR FM NORMAL -74 PTCLDY (SCALE 4-7) 12
TOTAL FM JUL 1 6313 CLOUDY (SCALE 8-10) 5
DPTR FM NORMAL -644
[CDD (BASE 65) ]
TOTAL THIS MO. 21
DPTR FM NORMAL 19 [PRESSURE DATA]
TOTAL FM JAN 1 21 HIGHEST SLP M ON M
DPTR FM NORMAL 18 LOWEST SLP 29.26 ON 1
[REMARKS]
#FINAL-04-23#