000
CXUS53 KMKX 010810
CF6FLD
PRELIMINARY LOCAL CLIMATOLOGICAL DATA (WS FORM: F-6)
STATION: FOND_DU_LAC WI
MONTH: AUGUST
YEAR: 2023
LATITUDE: 43 46 N
LONGITUDE: 88 29 W
TEMPERATURE IN F: :PCPN: SNOW: WIND :SUNSHINE: SKY :PK WND
================================================================================
1 2 3 4 5 6A 6B 7 8 9 10 11 12 13 14 15 16 17 18
12Z AVG MX 2MIN
DY MAX MIN AVG DEP HDD CDD WTR SNW DPTH SPD SPD DIR MIN PSBL S-S WX SPD DR
================================================================================
1 84 56 70 -1 0 5 0.00 M M 2.8 13 120 M M 0 17 90
2 86 66 76 5 0 11 0.00 M M 7.8 16 200 M M 1 21 220
3 88 67 78 7 0 13 0.73 M M 6.7 31 340 M M 3 3 46 330
4 83 63 73 2 0 8 0.00 M M 4.9 13 70 M M 0 1 19 100
5 80 66 73 2 0 8 0.00 M M 8.1 16 80 M M 2 21 70
6 79 62 71 0 0 6 0.00 M M 7.5 17 70 M M 1 1 26 60
7 80 64 72 1 0 7 0.00 M M 4.4 14 20 M M 3 19 20
8 84 62 73 3 0 8 T M M 4.4 22 310 M M 2 3 29 300
9 84 61 73 3 0 8 0.41 M M 6.9 21 310 M M 2 13 28 300
10 81 61 71 1 0 6 0.00 M M 5.0 16 280 M M 2 1 23 270
11 85 63 74 4 0 9 0.06 M M 8.5 36 310 M M 4 13 50 310
12 83 61 72 2 0 7 0.00 M M 7.3 18 280 M M 5 26 280
13 71 62 67 -3 0 2 0.02 M M 6.8 13 40 M M 8 16 50
14 66 61 64 -6 1 0 1.67 M M 9.4 26 60 M M 10 1 37 60
15 77 57 67 -3 0 2 0.00 M M 8.1 20 20 M M 2 27 20
16 81 61 71 1 0 6 0.00 M M 12.8 26 200 M M 0 40 200
17 73 59 66 -3 0 1 0.35 M M 12.0 28 300 M M 4 13 38 320
18 76 51 64 -5 1 0 0.00 M M 5.4 12 220 M M 0 15 220
19 84 59 72 3 0 7 0.00 M M 11.3 24 190 M M 0 31 180
20 86 67 77 8 0 12 0.00 M M 7.5 13 80 M M 2 18 60
21 79 61 70 1 0 5 0.00 M M 7.2 14 90 M M 4 18 100
22 83 67 75 6 0 10 0.00 M M 8.4 16 150 M M 4 24 130
23 98 70 84 16 0 19 0.00 M M 8.7 16 260 M M 2 1 24 240
24 86 69 78 10 0 13 0.00 M M 8.1 17 20 M M 6 1 21 10
25 81 69 75 7 0 10 T M M 4.0 20 350 M M 8 3 25 350
26 70 60 65 -3 0 0 0.00 M M 11.5 22 40 M M 7 29 40
27 75 55 65 -3 0 0 0.00 M M 6.1 15 30 M M 5 21 30
28 81 52 67 -1 0 2 0.00 M M 6.4 12 210 M M 2 17 220
29 77 58 68 1 0 3 T M M 12.2 21 30 M M 4 28 10
30 70 47 59 -8 6 0 0.00 M M 7.8 16 40 M M 4 23 360
31 78 43 61 -6 4 0 0.00 M M 4.7 13 120 M M 0 17 130
================================================================================
SM 2489 1880 12 188 3.24 M 232.7 M 97
================================================================================
AV 80.3 60.6 7.5 FASTST M M 3 MAX(MPH)
MISC ----> 36 310 50 310
================================================================================
NOTES:
# LAST OF SEVERAL OCCURRENCES
COLUMN 17 PEAK WIND IN M.P.H.
PRELIMINARY LOCAL CLIMATOLOGICAL DATA (WS FORM: F-6) , PAGE 2
STATION: FOND_DU_LAC WI
MONTH: AUGUST
YEAR: 2023
LATITUDE: 43 46 N
LONGITUDE: 88 29 W
[TEMPERATURE DATA] [PRECIPITATION DATA] SYMBOLS USED IN COLUMN 16
AVERAGE MONTHLY: 70.5 TOTAL FOR MONTH: 3.24 1 = FOG OR MIST
DPTR FM NORMAL: 1.1 DPTR FM NORMAL: -0.21 2 = FOG REDUCING VISIBILITY
HIGHEST: 98 ON 23 GRTST 24HR 1.67 ON 14-14 TO 1/4 MILE OR LESS
LOWEST: 43 ON 31 3 = THUNDER
SNOW, ICE PELLETS, HAIL 4 = ICE PELLETS
TOTAL MONTH: M 5 = HAIL
GRTST 24HR M ON M 6 = FREEZING RAIN OR DRIZZLE
GRTST DEPTH: M ON M 7 = DUSTSTORM OR SANDSTORM:
VSBY 1/2 MILE OR LESS
8 = SMOKE OR HAZE
[NO. OF DAYS WITH] [WEATHER - DAYS WITH] 9 = BLOWING SNOW
X = TORNADO
MAX 32 OR BELOW: 0 0.01 INCH OR MORE: 6
MAX 90 OR ABOVE: 1 0.10 INCH OR MORE: 4
MIN 32 OR BELOW: 0 0.50 INCH OR MORE: 2
MIN 0 OR BELOW: 0 1.00 INCH OR MORE: 1
[HDD (BASE 65) ]
TOTAL THIS MO. 12 CLEAR (SCALE 0-3) 17
DPTR FM NORMAL -8 PTCLDY (SCALE 4-7) 12
TOTAL FM JUL 1 12 CLOUDY (SCALE 8-10) 2
DPTR FM NORMAL -17
[CDD (BASE 65) ]
TOTAL THIS MO. 188
DPTR FM NORMAL 33 [PRESSURE DATA]
TOTAL FM JAN 1 600 HIGHEST SLP M ON M
DPTR FM NORMAL 80 LOWEST SLP 29.54 ON 17
[REMARKS]
#FINAL-08-23#