000
CXUS52 KILM 271000
CF6FLO
PRELIMINARY LOCAL CLIMATOLOGICAL DATA (WS FORM: F-6)
STATION: FLORENCE SOUTH CAROLINA
MONTH: MARCH
YEAR: 2024
LATITUDE: 34 10 N
LONGITUDE: 79 43 W
TEMPERATURE IN F: :PCPN: SNOW: WIND :SUNSHINE: SKY :PK WND
================================================================================
1 2 3 4 5 6A 6B 7 8 9 10 11 12 13 14 15 16 17 18
12Z AVG MX 2MIN
DY MAX MIN AVG DEP HDD CDD WTR SNW DPTH SPD SPD DIR MIN PSBL S-S WX SPD DR
================================================================================
1 60 46 53 0 12 0 1.43 M M 9.4 17 110 M M 8 1 23 110
2 65 54 60 7 5 0 0.17 M M 3.6 10 290 M M 9 12 14 120
3 70 49 60 7 5 0 0.00 M M 1.4 7 140 M M 9 12 9 100
4 75 52 64 11 1 0 0.00 M M 6.4 15 350 M M 4 12 21 20
5 76 47 62 8 3 0 0.00 M M 3.0 12 150 M M 1 1 15 150
6 73 58 66 12 0 1 1.52 M M 6.2 12 330 M M 8 13 15 280
7 74 58 66 12 0 1 0.01 M M 5.5 15 360 M M 8 1 19 10
8 70 52 61 7 4 0 0.00 M M 8.0 18 100 M M 6 12 24 90
9 78 53 66 12 0 1 0.44 M M 13.1 24 220 M M 8 1 33 220
10 67 49 58 3 7 0 0.00 M M 13.3 26 270 M M 0 38 270
11 65 37 51 -4 14 0 0.00 M M 6.0 14 270 M M 0 8 23 350
12 74 36 55 0 10 0 0.00 M M 4.6 14 230 M M 0 20 210
13 79 43 61 5 4 0 0.00 M M 5.4 16 260 M M 0 18 25 280
14 82 43 63 7 2 0 0.00 M M 4.7 15 190 M M 0 18 20 190
15 80 53 67 11 0 2 0.28 M M 7.4 17 270 M M 1 13 27 300
16 78 58 68 12 0 3 0.00 M M 6.0 16 150 M M 4 12 21 120
17 76 51 64 8 1 0 T M M 8.6 20 240 M M 3 12 27 250
18 66 49 58 1 7 0 0.00 M M 10.0 26 340 M M 2 38 340
19 59 35 47 -10 18 0 0.00 M M 9.6 18 350 M M 0 27 340
20 75 38 57 0 8 0 0.00 M M 7.1 20 250 M M 0 27 280
21 73 45 59 1 6 0 0.00 M M 6.8 16 50 M M 0 8 23 50
22 74 49 62 4 3 0 0.27 M M 8.6 20 150 M M 5 1 28 120
23 73 53 63 5 2 0 0.04 M M 10.2 22 330 M M 9 1 30 330
24 60 41 51 -7 14 0 0.00 M M 12.8 23 40 M M 0 31 360
25 67 36 52 -6 13 0 0.00 M M 8.4 15 50 M M 2 21 70
26 74 48 61 2 4 0 0.00 M M 9.8 18 140 M M 6 25 140
================================================================================
SM 1863 1233 143 8 4.16 M 195.9 M 93
================================================================================
AV 71.7 47.4 7.5 FASTST M M 4 MAX(MPH)
MISC ----> # 26 270 # 38 270
================================================================================
NOTES:
# LAST OF SEVERAL OCCURRENCES
COLUMN 17 PEAK WIND IN M.P.H.
PRELIMINARY LOCAL CLIMATOLOGICAL DATA (WS FORM: F-6) , PAGE 2
STATION: FLORENCE SOUTH CAROLINA
MONTH: MARCH
YEAR: 2024
LATITUDE: 34 10 N
LONGITUDE: 79 43 W
[TEMPERATURE DATA] [PRECIPITATION DATA] SYMBOLS USED IN COLUMN 16
AVERAGE MONTHLY: 59.5 TOTAL FOR MONTH: 4.16 1 = FOG OR MIST
DPTR FM NORMAL: 3.9 DPTR FM NORMAL: 1.49 2 = FOG REDUCING VISIBILITY
HIGHEST: 82 ON 14 GRTST 24HR 1.60 ON 1- 2 TO 1/4 MILE OR LESS
LOWEST: 35 ON 19 3 = THUNDER
SNOW, ICE PELLETS, HAIL 4 = ICE PELLETS
TOTAL MONTH: M 5 = HAIL
GRTST 24HR M ON M 6 = FREEZING RAIN OR DRIZZLE
GRTST DEPTH: M ON M 7 = DUSTSTORM OR SANDSTORM:
VSBY 1/2 MILE OR LESS
8 = SMOKE OR HAZE
[NO. OF DAYS WITH] [WEATHER - DAYS WITH] 9 = BLOWING SNOW
X = TORNADO
MAX 32 OR BELOW: 0 0.01 INCH OR MORE: 8
MAX 90 OR ABOVE: 0 0.10 INCH OR MORE: 6
MIN 32 OR BELOW: 0 0.50 INCH OR MORE: 2
MIN 0 OR BELOW: 0 1.00 INCH OR MORE: 2
[HDD (BASE 65) ]
TOTAL THIS MO. 143 CLEAR (SCALE 0-3) 13
DPTR FM NORMAL -117 PTCLDY (SCALE 4-7) 9
TOTAL FM JUL 1 1923 CLOUDY (SCALE 8-10) 4
DPTR FM NORMAL -257
[CDD (BASE 65) ]
TOTAL THIS MO. 8
DPTR FM NORMAL -6 [PRESSURE DATA]
TOTAL FM JAN 1 23 HIGHEST SLP M ON M
DPTR FM NORMAL 0 LOWEST SLP 29.63 ON 9
[REMARKS]