000
CXUS52 KILM 011000
CF6FLO
PRELIMINARY LOCAL CLIMATOLOGICAL DATA (WS FORM: F-6)
STATION: FLORENCE SOUTH CAROLINA
MONTH: MARCH
YEAR: 2022
LATITUDE: 34 10 N
LONGITUDE: 79 43 W
TEMPERATURE IN F: :PCPN: SNOW: WIND :SUNSHINE: SKY :PK WND
================================================================================
1 2 3 4 5 6A 6B 7 8 9 10 11 12 13 14 15 16 17 18
12Z AVG MX 2MIN
DY MAX MIN AVG DEP HDD CDD WTR SNW DPTH SPD SPD DIR MIN PSBL S-S WX SPD DR
================================================================================
1 71 38 55 2 10 0 0.00 M M 3.5 10 330 M M 0 13 340
2 78 36 57 4 8 0 0.00 M M 3.3 15 280 M M 0 8 19 260
3 85 41 63 10 2 0 0.00 M M 5.5 20 260 M M 0 26 290
4 64 47 56 3 9 0 0.00 M M 8.5 22 70 M M 4 29 70
5 78 53 66 12 0 1 0.00 M M 6.6 17 180 M M 6 8 21 180
6 84 58 71 17 0 6 0.00 M M 9.7 22 220 M M 1 1 32 240
7 84 63 74 20 0 9 T M M 12.5 25 210 M M 4 1 35 230
8 72 60 66 12 0 1 T M M 8.9 18 140 M M 7 24 160
9 77 58 68 14 0 3 T M M 8.0 18 220 M M 10 128 23 50
10 59 47 53 -2 12 0 0.23 M M 8.6 18 50 M M 10 18 21 30
11 60 47 54 -1 11 0 0.46 M M 5.0 14 200 M M 9 18 16 200
12 68 30 49 -6 16 0 0.62 M M 14.9 31 290 M M 7 18 40 310
13 53 24 39 -17 26 0 0.00 M M 4.6 13 200 M M 0 17 200
14 68 31 50 -6 15 0 0.00 M M 4.0 14 170 M M 0 20 160
15 73 37 55 -1 10 0 0.00 M M 2.5 13 140 M M 2 15 140
16 68 56 62 6 3 0 1.39 M M 7.8 22 120 M M 9 138 30 120
17 72 53 63 7 2 0 1.07 M M 6.5 17 330 M M 6 13 23 330
18 80 47 64 7 1 0 0.02 M M 6.8 30 270 M M 2 1 40 270
19 80 56 68 11 0 3 0.00 M M 10.6 25 240 M M 4 33 240
20 70 45 58 1 7 0 0.00 M M 10.6 23 310 M M 0 30 290
21 72 38 55 -3 10 0 0.00 M M 5.0 15 60 M M 0 18 70
22 77 45 61 3 4 0 0.00 M M 5.6 16 170 M M 2 22 140
23 78 57 68 10 0 3 T M M 10.3 22 170 M M 4 31 200
24 70 56 63 5 2 0 0.12 M M 8.1 16 260 M M 8 1 20 220
25 74 51 63 5 2 0 0.01 M M 12.4 22 260 M M 2 30 250
26 68 43 56 -3 9 0 0.00 M M 11.6 30 280 M M 0 39 290
27 68 33 51 -8 14 0 0.00 M M 8.0 23 280 M M 0 31 300
28 69 32 51 -8 14 0 0.00 M M 7.8 22 270 M M 0 34 280
29 63 38 51 -9 14 0 0.00 M M 5.8 15 90 M M 1 19 90
30 84 44 64 4 1 0 0.00 M M 11.3 25 160 M M 6 34 150
31 77 67 72 12 0 7 0.02 M M 15.3 33 190 M M 6 45 210
================================================================================
SM 2244 1431 202 33 3.94 M 249.6 M 110
================================================================================
AV 72.4 46.2 8.1 FASTST M M 4 MAX(MPH)
MISC ----> 33 190 45 210
================================================================================
NOTES:
# LAST OF SEVERAL OCCURRENCES
COLUMN 17 PEAK WIND IN M.P.H.
PRELIMINARY LOCAL CLIMATOLOGICAL DATA (WS FORM: F-6) , PAGE 2
STATION: FLORENCE SOUTH CAROLINA
MONTH: MARCH
YEAR: 2022
LATITUDE: 34 10 N
LONGITUDE: 79 43 W
[TEMPERATURE DATA] [PRECIPITATION DATA] SYMBOLS USED IN COLUMN 16
AVERAGE MONTHLY: 59.3 TOTAL FOR MONTH: 3.94 1 = FOG OR MIST
DPTR FM NORMAL: 3.0 DPTR FM NORMAL: 0.75 2 = FOG REDUCING VISIBILITY
HIGHEST: 85 ON 3 GRTST 24HR 2.46 ON 16-17 TO 1/4 MILE OR LESS
LOWEST: 24 ON 13 3 = THUNDER
SNOW, ICE PELLETS, HAIL 4 = ICE PELLETS
TOTAL MONTH: M 5 = HAIL
GRTST 24HR M ON M 6 = FREEZING RAIN OR DRIZZLE
GRTST DEPTH: M ON M 7 = DUSTSTORM OR SANDSTORM:
VSBY 1/2 MILE OR LESS
8 = SMOKE OR HAZE
[NO. OF DAYS WITH] [WEATHER - DAYS WITH] 9 = BLOWING SNOW
X = TORNADO
MAX 32 OR BELOW: 0 0.01 INCH OR MORE: 9
MAX 90 OR ABOVE: 0 0.10 INCH OR MORE: 6
MIN 32 OR BELOW: 4 0.50 INCH OR MORE: 3
MIN 0 OR BELOW: 0 1.00 INCH OR MORE: 2
[HDD (BASE 65) ]
TOTAL THIS MO. 202 CLEAR (SCALE 0-3) 16
DPTR FM NORMAL -91 PTCLDY (SCALE 4-7) 10
TOTAL FM JUL 1 1893 CLOUDY (SCALE 8-10) 5
DPTR FM NORMAL -320
[CDD (BASE 65) ]
TOTAL THIS MO. 33
DPTR FM NORMAL 9 [PRESSURE DATA]
TOTAL FM JAN 1 66 HIGHEST SLP 30.53 ON 14
DPTR FM NORMAL 33 LOWEST SLP 29.39 ON 12
[REMARKS]
#FINAL-03-22#