000
CXUS52 KTBW 020021
CF6FMY
PRELIMINARY LOCAL CLIMATOLOGICAL DATA (WS FORM: F-6)
STATION: FORT MYERS
MONTH: AUGUST
YEAR: 2022
LATITUDE: 26 34 N
LONGITUDE: 81 52 W
TEMPERATURE IN F: :PCPN: SNOW: WIND :SUNSHINE: SKY :PK WND
================================================================================
1 2 3 4 5 6A 6B 7 8 9 10 11 12 13 14 15 16 17 18
12Z AVG MX 2MIN
DY MAX MIN AVG DEP HDD CDD WTR SNW DPTH SPD SPD DIR MIN PSBL S-S WX SPD DR
================================================================================
1 96 77 87 3 0 22 0.16 0.0 0 5.8 16 240 M M 3 3 23 350
2 96 75 86 2 0 21 0.22 0.0 0 5.9 28 130 M M 3 38 42 140
3 94 75 85 1 0 20 0.93 0.0 0 5.3 23 310 M M 2 13 30 340
4 94 75 85 1 0 20 T 0.0 0 4.4 24 60 M M 2 3 39 60
5 95 77 86 2 0 21 0.25 0.0 0 6.5 17 130 M M 2 13 24 80
6 94 77 86 2 0 21 0.01 0.0 0 7.0 20 130 M M 1 27 120
7 94 78 86 2 0 21 0.00 0.0 0 7.3 18 160 M M 2 3 27 160
8 94 77 86 2 0 21 0.25 0.0 0 6.2 29 160 M M 2 3 44 130
9 91 76 84 0 0 19 T 0.0 0 5.5 17 120 M M 2 3 26 200
10 95 77 86 2 0 21 0.00 0.0 0 6.1 13 130 M M 2 20 150
11 94 76 85 1 0 20 0.54 0.0 0 4.3 23 200 M M 2 3 36 200
12 94 76 85 1 0 20 T 0.0 0 4.6 15 290 M M 2 38 20 110
13 93 77 85 1 0 20 0.23 0.0 0 4.6 26 230 M M 4 3 55 250
14 91 76 84 0 0 19 0.85 0.0 0 2.4 18 340 M M 3 3 24 320
15 87 76 82 -2 0 17 0.06 0.0 0 3.5 18 290 M M 1 13 24 290
16 91 78 85 1 0 20 0.05 0.0 0 5.0 23 290 M M 4 18 29 280
17 92 78 85 1 0 20 0.00 0.0 0 6.7 15 260 M M 1 3 22 280
18 93 78 86 3 0 21 T 0.0 0 7.1 17 240 M M 2 23 230
19 94 78 86 3 0 21 0.00 0.0 0 5.2 14 250 M M 1 3 22 270
20 98 78 88 5 0 23 0.00 0.0 0 5.9 14 170 M M 2 3 20 170
21 97 80 89 6 0 24 0.27 0.0 0 5.6 30 110 M M 2 3 37 120
22 97 77 87 4 0 22 0.45 0.0 0 4.9 28 110 M M 2 13 36 130
23 95 77 86 3 0 21 T 0.0 0 4.1 18 110 M M 2 3 23 110
24 97 74 86 3 0 21 2.92 0.0 0 5.9 35 100 M M M 123 51 100
25 95 77 86 3 0 21 0.61 0.0 0 5.4 21 220 M M 2 13 32 160
26 93 76 85 2 0 20 0.72 0.0 0 5.3 18 260 M M 2 13 24 110
27 90 78 84 1 0 19 0.89 0.0 0 3.9 17 140 M M 4 3 26 20
28 92 76 84 1 0 19 0.36 0.0 0 5.1 16 50 M M 2 13 25 180
29 92 76 84 1 0 19 0.01 0.0 0 3.8 15 100 M M 3 1 20 120
30 92 78 85 2 0 20 0.36 0.0 0 5.0 24 100 M M 3 138 32 100
31 92 77 85 2 0 20 0.38 0.0 0 4.1 23 120 M M 4 13 28 120
================================================================================
SM 2902 2381 0 634 10.52 0.0 162.4 M 69
================================================================================
AV 93.6 76.8 5.2 FASTST M M 2 MAX(MPH)
MISC ----> 35 100 55 250
================================================================================
NOTES:
# LAST OF SEVERAL OCCURRENCES
COLUMN 17 PEAK WIND IN M.P.H.
PRELIMINARY LOCAL CLIMATOLOGICAL DATA (WS FORM: F-6) , PAGE 2
STATION: FORT MYERS
MONTH: AUGUST
YEAR: 2022
LATITUDE: 26 34 N
LONGITUDE: 81 52 W
[TEMPERATURE DATA] [PRECIPITATION DATA] SYMBOLS USED IN COLUMN 16
AVERAGE MONTHLY: 85.2 TOTAL FOR MONTH: 10.52 1 = FOG OR MIST
DPTR FM NORMAL: 1.8 DPTR FM NORMAL: 0.09 2 = FOG REDUCING VISIBILITY
HIGHEST: 98 ON 20 GRTST 24HR 2.92 ON 24-24 TO 1/4 MILE OR LESS
LOWEST: 74 ON 24 3 = THUNDER
SNOW, ICE PELLETS, HAIL 4 = ICE PELLETS
TOTAL MONTH: 0.0 INCH 5 = HAIL
GRTST 24HR 0.0 6 = FREEZING RAIN OR DRIZZLE
GRTST DEPTH: 0 7 = DUSTSTORM OR SANDSTORM:
VSBY 1/2 MILE OR LESS
8 = SMOKE OR HAZE
[NO. OF DAYS WITH] [WEATHER - DAYS WITH] 9 = BLOWING SNOW
X = TORNADO
MAX 32 OR BELOW: 0 0.01 INCH OR MORE: 21
MAX 90 OR ABOVE: 30 0.10 INCH OR MORE: 17
MIN 32 OR BELOW: 0 0.50 INCH OR MORE: 7
MIN 0 OR BELOW: 0 1.00 INCH OR MORE: 1
[HDD (BASE 65) ]
TOTAL THIS MO. 0 CLEAR (SCALE 0-3) 23
DPTR FM NORMAL 0 PTCLDY (SCALE 4-7) 7
TOTAL FM JUL 1 0 CLOUDY (SCALE 8-10) 1
DPTR FM NORMAL 0
[CDD (BASE 65) ]
TOTAL THIS MO. 634
DPTR FM NORMAL 64 [PRESSURE DATA]
TOTAL FM JAN 1 3331 HIGHEST SLP 30.19 ON 2
DPTR FM NORMAL 550 LOWEST SLP 29.87 ON 23
[REMARKS]
#FINAL-08-22#