000
CXUS52 KTBW 021139
CF6FMY
PRELIMINARY LOCAL CLIMATOLOGICAL DATA (WS FORM: F-6)
STATION: FORT MYERS
MONTH: SEPTEMBER
YEAR: 2021
LATITUDE: 26 34 N
LONGITUDE: 81 52 W
TEMPERATURE IN F: :PCPN: SNOW: WIND :SUNSHINE: SKY :PK WND
================================================================================
1 2 3 4 5 6A 6B 7 8 9 10 11 12 13 14 15 16 17 18
12Z AVG MX 2MIN
DY MAX MIN AVG DEP HDD CDD WTR SNW DPTH SPD SPD DIR MIN PSBL S-S WX SPD DR
================================================================================
1 92 76 84 1 0 19 0.32 0.0 0 5.8 25 330 M M 2 1 31 320
2 89 76 83 0 0 18 0.06 0.0 0 5.4 21 320 M M 4 1 28 310
3 89 76 83 0 0 18 0.40 0.0 0 5.6 16 260 M M 3 138 20 250
4 90 77 84 1 0 19 T 0.0 0 5.3 16 330 M M 2 3 26 230
5 90 76 83 0 0 18 0.38 0.0 0 4.2 23 320 M M 1 3 29 320
6 92 77 85 2 0 20 T 0.0 0 3.9 15 240 M M 1 3 29 230
7 92 77 85 2 0 20 0.00 0.0 0 4.8 14 280 M M 1 3 18 260
8 93 77 85 2 0 20 0.29 0.0 0 4.5 16 160 M M 1 138 21 250
9 92 77 85 2 0 20 0.06 0.0 0 6.8 23 290 M M 1 30 280
10 92 77 85 3 0 20 0.00 0.0 0 4.9 14 300 M M 1 3 17 310
11 94 76 85 3 0 20 0.00 0.0 0 6.3 17 30 M M 2 3 22 30
12 94 77 86 4 0 21 0.45 0.0 0 7.7 26 40 M M 2 38 31 30
13 92 74 83 1 0 18 1.56 0.0 0 7.1 24 110 M M 2 138 33 50
14 92 74 83 1 0 18 1.57 0.0 0 5.8 18 120 M M 2 123 28 310
15 90 74 82 0 0 17 1.18 0.0 0 4.8 16 230 M M 2 13 23 220
16 88 76 82 0 0 17 0.03 0.0 0 4.6 15 230 M M 4 13 20 230
17 88 75 82 0 0 17 1.18 0.0 0 4.9 21 310 M M 3 13 24 310
18 90 74 82 0 0 17 0.00 0.0 0 3.5 12 260 M M 1 18 300
19 91 77 84 2 0 19 0.14 0.0 0 3.5 18 30 M M 4 3 25 250
20 93 76 85 3 0 20 T 0.0 0 4.2 17 280 M M 1 3 25 250
21 90 75 83 1 0 18 0.96 0.0 0 4.5 21 160 M M 4 13 25 170
22 87 73 80 -2 0 15 T 0.0 0 3.9 17 250 M M 1 28 240
23 90 77 84 2 0 19 0.02 0.0 0 3.1 16 330 M M 4 3 23 320
24 94 75 85 3 0 20 0.42 0.0 0 5.1 17 130 M M 5 13 20 130
25 93 76 85 3 0 20 0.01 0.0 0 5.1 15 320 M M 5 3 18 330
26 95 77 86 4 0 21 0.00 0.0 0 5.7 12 60 M M 4 3 25 90
27 91 76 84 3 0 19 0.00 0.0 0 6.8 15 30 M M 2 23 200
28 90 72 81 0 0 16 0.00 0.0 0 6.6 15 40 M M 0 19 40
29 90 72 81 0 0 16 0.00 0.0 0 4.3 14 30 M M 1 19 90
30 92 72 82 1 0 17 0.00 0.0 0 8.2 18 50 M M 1 24 60
================================================================================
SM 2735 2264 0 557 9.03 0.0 156.9 M 67
================================================================================
AV 91.2 75.5 5.2 FASTST M M 2 MAX(MPH)
MISC ----> 26 40 33 50
================================================================================
NOTES:
# LAST OF SEVERAL OCCURRENCES
COLUMN 17 PEAK WIND IN M.P.H.
PRELIMINARY LOCAL CLIMATOLOGICAL DATA (WS FORM: F-6) , PAGE 2
STATION: FORT MYERS
MONTH: SEPTEMBER
YEAR: 2021
LATITUDE: 26 34 N
LONGITUDE: 81 52 W
[TEMPERATURE DATA] [PRECIPITATION DATA] SYMBOLS USED IN COLUMN 16
AVERAGE MONTHLY: 83.3 TOTAL FOR MONTH: 9.03 1 = FOG OR MIST
DPTR FM NORMAL: 1.1 DPTR FM NORMAL: 0.03 2 = FOG REDUCING VISIBILITY
HIGHEST: 95 ON 26 GRTST 24HR 2.82 ON 13-14 TO 1/4 MILE OR LESS
LOWEST: 72 ON 30,29 3 = THUNDER
SNOW, ICE PELLETS, HAIL 4 = ICE PELLETS
TOTAL MONTH: 0.0 INCH 5 = HAIL
GRTST 24HR 0.0 6 = FREEZING RAIN OR DRIZZLE
GRTST DEPTH: 0 7 = DUSTSTORM OR SANDSTORM:
VSBY 1/2 MILE OR LESS
8 = SMOKE OR HAZE
[NO. OF DAYS WITH] [WEATHER - DAYS WITH] 9 = BLOWING SNOW
X = TORNADO
MAX 32 OR BELOW: 0 0.01 INCH OR MORE: 17
MAX 90 OR ABOVE: 25 0.10 INCH OR MORE: 12
MIN 32 OR BELOW: 0 0.50 INCH OR MORE: 5
MIN 0 OR BELOW: 0 1.00 INCH OR MORE: 4
[HDD (BASE 65) ]
TOTAL THIS MO. 0 CLEAR (SCALE 0-3) 21
DPTR FM NORMAL 0 PTCLDY (SCALE 4-7) 9
TOTAL FM JUL 1 0 CLOUDY (SCALE 8-10) 0
DPTR FM NORMAL 0
[CDD (BASE 65) ]
TOTAL THIS MO. 557
DPTR FM NORMAL 43 [PRESSURE DATA]
TOTAL FM JAN 1 3596 HIGHEST SLP 30.17 ON 12
DPTR FM NORMAL 301 LOWEST SLP 29.84 ON 23
[REMARKS]
#FINAL-09-21#