000
CXUS52 KTBW 041314
CF6FMY
PRELIMINARY LOCAL CLIMATOLOGICAL DATA (WS FORM: F-6)
STATION: Fort Myers
MONTH: AUGUST
YEAR: 2020
LATITUDE: 26 34 N
LONGITUDE: 81 52 W
TEMPERATURE IN F: :PCPN: SNOW: WIND :SUNSHINE: SKY :PK WND
================================================================================
1 2 3 4 5 6A 6B 7 8 9 10 11 12 13 14 15 16 17 18
12Z AVG MX 2MIN
DY MAX MIN AVG DEP HDD CDD WTR SNW DPTH SPD SPD DIR MIN PSBL S-S WX SPD DR
================================================================================
1 95 76 86 3 0 21 0.00 0.0 0 11.0 29 70 M M 2 35 80
2 92 77 85 1 0 20 0.01 0.0 0 9.6 20 20 M M 3 1 29 20
3 92 77 85 1 0 20 0.00 0.0 0 4.4 14 270 M M 1 19 270
4 93 78 86 2 0 21 T 0.0 0 4.7 15 250 M M 4 20 240
5 92 73 83 -1 0 18 2.77 0.0 0 5.6 25 120 M M 2 13 29 120
6 91 75 83 -1 0 18 T 0.0 0 5.6 13 250 M M 1 20 360
7 93 75 84 0 0 19 0.01 0.0 0 4.9 14 60 M M 3 3 18 280
8 95 74 85 1 0 20 0.06 0.0 0 3.8 16 180 M M 2 13 23 180
9 95 72 84 1 0 19 1.13 0.0 0 4.8 39 130 M M 2 13 51 130
10 96 74 85 2 0 20 1.53 0.0 0 4.1 33 90 M M 3 13 48 90
11 94 73 84 1 0 19 1.12 0.0 0 4.1 21 120 M M 2 13 26 120
12 94 75 85 2 0 20 0.00 0.0 0 4.1 16 190 M M 2 3 23 180
13 93 73 83 0 0 18 0.12 0.0 0 5.0 20 310 M M 3 13 25 310
14 92 74 83 0 0 18 1.61 0.0 0 3.3 24 90 M M 2 13 33 230
15 90 75 83 0 0 18 T 0.0 0 3.9 16 260 M M 1 3 22 330
16 91 78 85 2 0 20 T 0.0 0 4.8 15 250 M M 3 13 21 220
17 91 77 84 1 0 19 T 0.0 0 5.0 20 70 M M 1 3 24 80
18 92 75 84 1 0 19 0.00 0.0 0 6.2 17 240 M M 1 3 23 240
19 89 75 82 -1 0 17 0.26 0.0 0 4.3 18 310 M M 0 13 23 310
20 91 75 83 0 0 18 0.01 0.0 0 5.4 18 240 M M 1 3 27 190
21 91 74 83 0 0 18 1.34 0.0 0 7.3 20 140 M M 1 13 26 50
22 89 73 81 -2 0 16 1.38 0.0 0 4.9 20 160 M M 3 13 28 170
23 93 75 84 1 0 19 T 0.0 0 9.6 20 80 M M 1 3 32 110
24 92 77 85 2 0 20 0.26 0.0 0 10.5 30 150 M M 3 138 45 140
25 94 80 87 4 0 22 0.04 0.0 0 9.7 20 120 M M 2 3 28 110
26 92 78 85 2 0 20 T 0.0 0 7.0 21 60 M M 3 3 28 60
27 92 77 85 2 0 20 0.00 0.0 0 6.8 14 220 M M 1 20 240
28 93 78 86 3 0 21 0.00 0.0 0 5.0 13 220 M M 2 3 18 240
29 92 79 86 3 0 21 0.00 0.0 0 5.7 13 260 M M 1 16 220
30 92 76 84 1 0 19 0.01 0.0 0 7.1 23 10 M M 2 3 28 350
31 91 76 84 1 0 19 T 0.0 0 5.4 16 330 M M 0 21 300
================================================================================
SM 2862 2344 0 597 11.66 0.0 183.6 M 58
================================================================================
AV 92.3 75.6 5.9 FASTST M M 2 MAX(MPH)
MISC ----> # 39 130 # 51 130
================================================================================
NOTES:
# LAST OF SEVERAL OCCURRENCES
COLUMN 17 PEAK WIND IN M.P.H.
PRELIMINARY LOCAL CLIMATOLOGICAL DATA (WS FORM: F-6) , PAGE 2
STATION: Fort Myers
MONTH: AUGUST
YEAR: 2020
LATITUDE: 26 34 N
LONGITUDE: 81 52 W
[TEMPERATURE DATA] [PRECIPITATION DATA] SYMBOLS USED IN COLUMN 16
AVERAGE MONTHLY: 84.0 TOTAL FOR MONTH: 11.66 1 = FOG OR MIST
DPTR FM NORMAL: 0.6 DPTR FM NORMAL: 1.52 2 = FOG REDUCING VISIBILITY
HIGHEST: 96 ON 10 GRTST 24HR 2.77 ON 5- 5 TO 1/4 MILE OR LESS
LOWEST: 72 ON 9 3 = THUNDER
SNOW, ICE PELLETS, HAIL 4 = ICE PELLETS
TOTAL MONTH: 0.0 INCH 5 = HAIL
GRTST 24HR 0.0 6 = FREEZING RAIN OR DRIZZLE
GRTST DEPTH: 0 7 = DUSTSTORM OR SANDSTORM:
VSBY 1/2 MILE OR LESS
8 = SMOKE OR HAZE
[NO. OF DAYS WITH] [WEATHER - DAYS WITH] 9 = BLOWING SNOW
X = TORNADO
MAX 32 OR BELOW: 0 0.01 INCH OR MORE: 16
MAX 90 OR ABOVE: 29 0.10 INCH OR MORE: 10
MIN 32 OR BELOW: 0 0.50 INCH OR MORE: 7
MIN 0 OR BELOW: 0 1.00 INCH OR MORE: 7
[HDD (BASE 65) ]
TOTAL THIS MO. 0 CLEAR (SCALE 0-3) 29
DPTR FM NORMAL 0 PTCLDY (SCALE 4-7) 2
TOTAL FM JUL 1 0 CLOUDY (SCALE 8-10) 0
DPTR FM NORMAL 0
[CDD (BASE 65) ]
TOTAL THIS MO. 597
DPTR FM NORMAL 28 [PRESSURE DATA]
TOTAL FM JAN 1 3281 HIGHEST SLP 30.16 ON 9
DPTR FM NORMAL 557 LOWEST SLP 29.79 ON 2
[REMARKS]
#FINAL-08-20#