000
CXUS52 KTBW 061144
CF6FMY
PRELIMINARY LOCAL CLIMATOLOGICAL DATA (WS FORM: F-6)
STATION: FORT MYERS
MONTH: DECEMBER
YEAR: 2023
LATITUDE: 26 34 N
LONGITUDE: 81 52 W
TEMPERATURE IN F: :PCPN: SNOW: WIND :SUNSHINE: SKY :PK WND
================================================================================
1 2 3 4 5 6A 6B 7 8 9 10 11 12 13 14 15 16 17 18
12Z AVG MX 2MIN
DY MAX MIN AVG DEP HDD CDD WTR SNW DPTH SPD SPD DIR MIN PSBL S-S WX SPD DR
================================================================================
1 85 63 74 5 0 9 0.00 0.0 0 4.6 12 130 M M 1 17 110
2 86 71 79 10 0 14 0.00 0.0 0 5.6 15 210 M M 3 1 21 190
3 85 71 78 9 0 13 0.00 0.0 0 4.6 12 260 M M 2 12 18 240
4 84 68 76 7 0 11 0.00 0.0 0 5.4 17 360 M M 6 12 21 350
5 77 59 68 -1 0 3 0.00 0.0 0 6.1 13 340 M M 0 19 330
6 72 51 62 -7 3 0 0.00 0.0 0 10.1 20 20 M M 0 26 340
7 71 51 61 -8 4 0 0.00 0.0 0 7.8 15 40 M M 1 22 20
8 78 58 68 0 0 3 0.00 0.0 0 6.5 14 90 M M 2 19 80
9 84 64 74 6 0 9 0.00 0.0 0 4.7 14 140 M M 2 21 140
10 83 64 74 6 0 9 0.18 0.0 0 7.4 23 330 M M 3 1 32 330
11 69 53 61 -7 4 0 T 0.0 0 11.0 25 330 M M 1 34 330
12 75 53 64 -4 1 0 0.00 0.0 0 12.4 20 50 M M 2 29 40
13 77 62 70 2 0 5 0.00 0.0 0 12.2 21 40 M M 4 29 50
14 74 65 70 2 0 5 0.00 0.0 0 15.1 24 60 M M 6 38 70
15 73 68 71 3 0 6 0.00 0.0 0 15.6 23 70 M M 8 36 80
16 72 68 70 3 0 5 1.23 0.0 0 12.2 21 140 M M 9 1 32 130
17 74 62 68 1 0 3 0.41 0.0 0 14.9 26 330 M M 7 1 38 170
18 70 58 64 -3 1 0 0.00 0.0 0 8.5 21 310 M M 2 28 320
19 69 51 60 -7 5 0 0.00 0.0 0 10.6 17 30 M M 0 25 30
20 72 50 61 -6 4 0 0.00 0.0 0 10.0 17 70 M M 3 23 80
21 74 58 66 -1 0 1 0.00 0.0 0 10.2 18 40 M M 9 24 50
22 74 57 66 0 0 1 0.00 0.0 0 7.8 14 30 M M 2 20 100
23 77 59 68 2 0 3 0.00 0.0 0 9.4 20 90 M M 1 29 70
24 78 59 69 3 0 4 T 0.0 0 9.5 20 100 M M 1 27 90
25 71 67 69 3 0 4 2.01 0.0 0 8.4 21 160 M M 6 1 31 150
26 80 63 72 6 0 7 T 0.0 0 5.2 13 300 M M 6 1 17 290
27 76 58 67 1 0 2 T 0.0 0 5.3 12 290 M M 5 1 18 330
28 69 57 63 -3 2 0 0.35 0.0 0 4.0 15 110 M M 6 1 22 110
29 71 55 63 -2 2 0 0.00 0.0 0 6.0 18 300 M M 1 1 25 300
30 67 51 59 -6 6 0 T 0.0 0 5.1 14 220 M M 3 20 210
31 70 50 60 -5 5 0 0.00 0.0 0 2.9 12 290 M M 0 1 18 250
================================================================================
SM 2337 1844 37 117 4.18 0.0 259.1 M 102
================================================================================
AV 75.4 59.5 8.4 FASTST M M 3 MAX(MPH)
MISC ----> 26 330 # 38 70
================================================================================
NOTES:
# LAST OF SEVERAL OCCURRENCES
COLUMN 17 PEAK WIND IN M.P.H.
PRELIMINARY LOCAL CLIMATOLOGICAL DATA (WS FORM: F-6) , PAGE 2
STATION: FORT MYERS
MONTH: DECEMBER
YEAR: 2023
LATITUDE: 26 34 N
LONGITUDE: 81 52 W
[TEMPERATURE DATA] [PRECIPITATION DATA] SYMBOLS USED IN COLUMN 16
AVERAGE MONTHLY: 67.4 TOTAL FOR MONTH: 4.18 1 = FOG OR MIST
DPTR FM NORMAL: 0.1 DPTR FM NORMAL: 2.28 2 = FOG REDUCING VISIBILITY
HIGHEST: 86 ON 2 GRTST 24HR 2.01 ON 25-25 TO 1/4 MILE OR LESS
LOWEST: 50 ON 31,20 3 = THUNDER
SNOW, ICE PELLETS, HAIL 4 = ICE PELLETS
TOTAL MONTH: 0.0 INCH 5 = HAIL
GRTST 24HR 0.0 6 = FREEZING RAIN OR DRIZZLE
GRTST DEPTH: 0 7 = DUSTSTORM OR SANDSTORM:
VSBY 1/2 MILE OR LESS
8 = SMOKE OR HAZE
[NO. OF DAYS WITH] [WEATHER - DAYS WITH] 9 = BLOWING SNOW
X = TORNADO
MAX 32 OR BELOW: 0 0.01 INCH OR MORE: 5
MAX 90 OR ABOVE: 0 0.10 INCH OR MORE: 5
MIN 32 OR BELOW: 0 0.50 INCH OR MORE: 2
MIN 0 OR BELOW: 0 1.00 INCH OR MORE: 2
[HDD (BASE 65) ]
TOTAL THIS MO. 37 CLEAR (SCALE 0-3) 20
DPTR FM NORMAL -25 PTCLDY (SCALE 4-7) 9
TOTAL FM JUL 1 44 CLOUDY (SCALE 8-10) 2
DPTR FM NORMAL -35
[CDD (BASE 65) ]
TOTAL THIS MO. 117
DPTR FM NORMAL -16 [PRESSURE DATA]
TOTAL FM JAN 1 4930 HIGHEST SLP 30.32 ON 21
DPTR FM NORMAL 886 LOWEST SLP 29.57 ON 17
[REMARKS]
#FINAL-12-23#