000
CXUS53 KOAX 010930
CF6FNB
PRELIMINARY LOCAL CLIMATOLOGICAL DATA (WS FORM: F-6)
STATION: FALLS CITY NE
MONTH: OCTOBER
YEAR: 2021
LATITUDE: 40 4 N
LONGITUDE: 95 35 W
TEMPERATURE IN F: :PCPN: SNOW: WIND :SUNSHINE: SKY :PK WND
================================================================================
1 2 3 4 5 6A 6B 7 8 9 10 11 12 13 14 15 16 17 18
12Z AVG MX 2MIN
DY MAX MIN AVG DEP HDD CDD WTR SNW DPTH SPD SPD DIR MIN PSBL S-S WX SPD DR
================================================================================
1 75 60 68 7 0 3 0.00 M M 5.3 12 150 M M 5 1 15 150
2 72 56 64 3 1 0 0.00 M M 4.7 12 310 M M 7 1 18 300
3 78 51 65 5 0 0 0.00 M M 7.3 15 310 M M 4 22 350
4 82 49 66 6 0 1 0.00 M M 3.6 10 30 M M 0 8 14 30
5 77 48 63 3 2 0 0.00 M M 3.4 10 90 M M 4 14 110
6 75 56 66 7 0 1 0.00 M M 3.6 10 50 M M 7 1 14 70
7 78 60 69 10 0 4 0.00 M M 3.6 10 140 M M 6 12 13 170
8 87 59 73 15 0 8 0.00 M M 5.6 15 150 M M 1 8 19 170
9 83 62 73 15 0 8 0.00 M M 7.4 18 150 M M 0 18 27 150
10 76 57 67 9 0 2 0.12 M M 6.7 18 310 M M 5 25 300
11 72 48 60 3 5 0 0.58 M M 6.3 16 10 M M 6 1 25 340
12 79 45 62 5 3 0 T M M 6.5 23 140 M M 1 36 140
13 72 52 62 6 3 0 0.33 M M 11.6 26 240 M M 3 13 34 230
14 68 40 54 -2 11 0 T M M 5.5 14 10 M M 3 23 30
15 63 42 53 -2 12 0 T M M 9.0 23 310 M M 3 29 290
16 65 36 51 -4 14 0 0.00 M M 6.6 18 280 M M 0 26 290
17 74 36 55 1 10 0 0.00 M M 3.4 12 190 M M 0 16 170
18 75 42 59 5 6 0 0.00 M M 9.6 25 160 M M 0 8 36 170
19 77 52 65 11 0 0 0.00 M M 12.5 23 150 M M 0 33 160
20 66 45 56 3 9 0 0.00 M M 14.3 25 290 M M 4 33 290
21 57 37 47 -6 18 0 0.00 M M 8.7 21 310 M M 3 32 290
22 65 30 48 -4 17 0 T M M 5.8 16 80 M M 0 18 20 80
23 63 43 53 1 12 0 T M M 12.1 18 90 M M 6 3 27 120
24 59 46 53 2 12 0 0.10 M M 12.1 26 300 M M 10 13 39 300
25 57 39 48 -3 17 0 0.00 M M 6.9 15 350 M M 6 22 360
26 60 40 50 0 15 0 0.00 M M 14.3 23 130 M M 9 35 120
27 60 52 56 6 9 0 1.05 M M 9.1 18 120 M M 10 13 27 120
28 53 48 51 2 14 0 0.81 M M 17.8 29 350 M M 10 1 45 330
29 59 35 47 -2 18 0 0.00 M M 12.7 24 350 M M 4 41 350
30 68 30 49 1 16 0 0.00 M M 5.3 18 320 M M 0 27 330
31 53 39 46 -2 19 0 0.00 M M 8.2 17 350 M M 7 28 340
================================================================================
SM 2148 1435 243 27 2.99 M 249.5 M 124
================================================================================
AV 69.3 46.3 8.0 FASTST M M 4 MAX(MPH)
MISC ----> 29 350 45 330
================================================================================
NOTES:
# LAST OF SEVERAL OCCURRENCES
COLUMN 17 PEAK WIND IN M.P.H.
PRELIMINARY LOCAL CLIMATOLOGICAL DATA (WS FORM: F-6) , PAGE 2
STATION: FALLS CITY NE
MONTH: OCTOBER
YEAR: 2021
LATITUDE: 40 4 N
LONGITUDE: 95 35 W
[TEMPERATURE DATA] [PRECIPITATION DATA] SYMBOLS USED IN COLUMN 16
AVERAGE MONTHLY: 57.8 TOTAL FOR MONTH: 2.99 1 = FOG OR MIST
DPTR FM NORMAL: 3.0 DPTR FM NORMAL: 0.28 2 = FOG REDUCING VISIBILITY
HIGHEST: 87 ON 8 GRTST 24HR 1.40 ON 30- 1 TO 1/4 MILE OR LESS
LOWEST: 30 ON 30,22 3 = THUNDER
SNOW, ICE PELLETS, HAIL 4 = ICE PELLETS
TOTAL MONTH: M 5 = HAIL
GRTST 24HR M ON M 6 = FREEZING RAIN OR DRIZZLE
GRTST DEPTH: M ON M 7 = DUSTSTORM OR SANDSTORM:
VSBY 1/2 MILE OR LESS
8 = SMOKE OR HAZE
[NO. OF DAYS WITH] [WEATHER - DAYS WITH] 9 = BLOWING SNOW
X = TORNADO
MAX 32 OR BELOW: 0 0.01 INCH OR MORE: 6
MAX 90 OR ABOVE: 0 0.10 INCH OR MORE: 6
MIN 32 OR BELOW: 2 0.50 INCH OR MORE: 3
MIN 0 OR BELOW: 0 1.00 INCH OR MORE: 1
[HDD (BASE 65) ]
TOTAL THIS MO. 243 CLEAR (SCALE 0-3) 12
DPTR FM NORMAL -97 PTCLDY (SCALE 4-7) 15
TOTAL FM JUL 1 262 CLOUDY (SCALE 8-10) 4
DPTR FM NORMAL -159
[CDD (BASE 65) ]
TOTAL THIS MO. 27
DPTR FM NORMAL 5 [PRESSURE DATA]
TOTAL FM JAN 1 1413 HIGHEST SLP 30.35 ON 31
DPTR FM NORMAL 176 LOWEST SLP 29.48 ON 24
[REMARKS]
#FINAL-10-21#