000
CXUS53 KOAX 011030
CF6FNB
PRELIMINARY LOCAL CLIMATOLOGICAL DATA (WS FORM: F-6)
STATION: FALLS CITY NE
MONTH: DECEMBER
YEAR: 2023
LATITUDE: 40 4 N
LONGITUDE: 95 35 W
TEMPERATURE IN F: :PCPN: SNOW: WIND :SUNSHINE: SKY :PK WND
================================================================================
1 2 3 4 5 6A 6B 7 8 9 10 11 12 13 14 15 16 17 18
12Z AVG MX 2MIN
DY MAX MIN AVG DEP HDD CDD WTR SNW DPTH SPD SPD DIR MIN PSBL S-S WX SPD DR
================================================================================
1 38 24 31 -4 34 0 T M M 8.7 17 10 M M 4 25 20
2 41 18 30 -5 35 0 T M M 3.8 13 140 M M 4 18 17 150
3 45 31 38 4 27 0 0.02 M M 7.6 14 20 M M 8 1 18 20
4 51 28 40 6 25 0 0.02 M M 8.2 15 260 M M 5 12 21 260
5 48 24 36 2 29 0 0.00 M M 10.3 21 310 M M 1 30 320
6 58 22 40 7 25 0 0.00 M M 9.6 24 200 M M 0 31 210
7 64 37 51 18 14 0 0.00 M M 10.4 23 180 M M 0 32 180
8 58 33 46 13 19 0 0.00 M M 5.5 14 210 M M 2 18 200
9 46 30 38 6 27 0 0.00 M M 14.7 26 300 M M 4 37 300
10 48 21 35 3 30 0 0.00 M M 7.7 14 300 M M 1 18 300
11 52 24 38 6 27 0 0.00 M M 5.8 12 290 M M 0 15 320
12 39 27 33 2 32 0 0.00 M M 5.8 14 40 M M 2 18 40
13 46 26 36 5 29 0 0.00 M M 3.0 10 140 M M 1 8 14 140
14 54 23 39 8 26 0 0.00 M M 3.9 12 190 M M 1 17 190
15 45 37 41 11 24 0 0.39 M M 3.6 8 90 M M 8 1 11 110
16 43 37 40 10 25 0 0.03 M M 10.1 20 310 M M 8 1 25 310
17 50 28 39 9 26 0 0.00 M M 7.4 14 320 M M 1 23 320
18 38 22 30 0 35 0 0.00 M M 9.1 17 340 M M 0 26 310
19 52 21 37 7 28 0 0.00 M M 10.4 23 190 M M 0 33 180
20 50 31 41 12 24 0 0.00 M M 5.9 13 190 M M 2 17 200
21 58 47 53 24 12 0 0.05 M M 5.9 12 190 M M 10 1 17 190
22 55 38 47 18 18 0 0.18 M M 5.2 10 280 M M 9 12 13 290
23 59 32 46 17 19 0 0.00 M M 9.3 21 150 M M 9 12 27 150
24 58 36 47 19 18 0 0.81 M M 12.3 25 200 M M 10 1 36 210
25 36 29 33 5 32 0 0.27 M M 13.8 22 290 M M 10 16 30 300
26 34 29 32 4 33 0 0.03 M M 9.9 15 150 M M 10 1 22 140
27 35 32 34 6 31 0 0.01 M M 12.6 20 350 M M 10 1 29 360
28 40 30 35 7 30 0 T M M 11.9 22 320 M M 7 1 35 300
29 45 30 38 10 27 0 0.00 M M 10.6 18 320 M M 3 28 320
30 49 26 38 11 27 0 0.00 M M 8.4 15 290 M M 1 22 330
31 32 27 30 3 35 0 0.00 M M 10.6 20 320 M M 10 27 10
================================================================================
SM 1467 900 823 0 1.81 M 262.0 M 141
================================================================================
AV 47.3 29.0 8.5 FASTST M M 5 MAX(MPH)
MISC ----> 26 300 37 300
================================================================================
NOTES:
# LAST OF SEVERAL OCCURRENCES
COLUMN 17 PEAK WIND IN M.P.H.
PRELIMINARY LOCAL CLIMATOLOGICAL DATA (WS FORM: F-6) , PAGE 2
STATION: FALLS CITY NE
MONTH: DECEMBER
YEAR: 2023
LATITUDE: 40 4 N
LONGITUDE: 95 35 W
[TEMPERATURE DATA] [PRECIPITATION DATA] SYMBOLS USED IN COLUMN 16
AVERAGE MONTHLY: 38.2 TOTAL FOR MONTH: 1.81 1 = FOG OR MIST
DPTR FM NORMAL: 7.6 DPTR FM NORMAL: 0.60 2 = FOG REDUCING VISIBILITY
HIGHEST: 64 ON 7 GRTST 24HR 1.07 ON 24-25 TO 1/4 MILE OR LESS
LOWEST: 18 ON 2 3 = THUNDER
SNOW, ICE PELLETS, HAIL 4 = ICE PELLETS
TOTAL MONTH: M 5 = HAIL
GRTST 24HR M ON M 6 = FREEZING RAIN OR DRIZZLE
GRTST DEPTH: M ON M 7 = DUSTSTORM OR SANDSTORM:
VSBY 1/2 MILE OR LESS
8 = SMOKE OR HAZE
[NO. OF DAYS WITH] [WEATHER - DAYS WITH] 9 = BLOWING SNOW
X = TORNADO
MAX 32 OR BELOW: 1 0.01 INCH OR MORE: 10
MAX 90 OR ABOVE: 0 0.10 INCH OR MORE: 4
MIN 32 OR BELOW: 24 0.50 INCH OR MORE: 1
MIN 0 OR BELOW: 0 1.00 INCH OR MORE: 0
[HDD (BASE 65) ]
TOTAL THIS MO. 823 CLEAR (SCALE 0-3) 14
DPTR FM NORMAL -245 PTCLDY (SCALE 4-7) 9
TOTAL FM JUL 1 1754 CLOUDY (SCALE 8-10) 8
DPTR FM NORMAL -451
[CDD (BASE 65) ]
TOTAL THIS MO. 0
DPTR FM NORMAL 0 [PRESSURE DATA]
TOTAL FM JAN 1 1351 HIGHEST SLP 30.65 ON 13
DPTR FM NORMAL 113 LOWEST SLP 29.51 ON 7
[REMARKS]
#FINAL-12-23#