000
CXUS53 KDTX 010735
CF6FNT
PRELIMINARY LOCAL CLIMATOLOGICAL DATA (WS FORM: F-6)
STATION: FLINT MI
MONTH: OCTOBER
YEAR: 2020
LATITUDE: 42 58 N
LONGITUDE: 83 44 W
TEMPERATURE IN F: :PCPN: SNOW: WIND :SUNSHINE: SKY :PK WND
================================================================================
1 2 3 4 5 6A 6B 7 8 9 10 11 12 13 14 15 16 17 18
12Z AVG MX 2MIN
DY MAX MIN AVG DEP HDD CDD WTR SNW DPTH SPD SPD DIR MIN PSBL S-S WX SPD DR
================================================================================
1 56 43 50 -5 15 0 0.45 0.0 0 7.4 18 330 M M 6 13 28 270
2 58 34 46 -8 19 0 0.00 0.0 M 7.1 14 280 M M 6 19 270
3 57 39 48 -6 17 0 0.01 0.0 0 4.0 10 240 M M 8 17 230
4 55 42 49 -5 16 0 0.09 0.0 0 7.0 14 350 M M 9 18 350
5 59 36 48 -5 17 0 0.00 0.0 0 6.2 14 180 M M 3 128 20 180
6 68 50 59 6 6 0 0.00 0.0 0 10.6 18 230 M M 0 27 220
7 70 42 56 4 9 0 T 0.0 0 11.7 29 300 M M 3 38 300
8 70 37 54 2 11 0 0.00 0.0 0 5.4 21 280 M M 1 30 280
9 77 36 57 5 8 0 0.00 0.0 0 7.7 18 200 M M 0 1 27 200
10 75 52 64 13 1 0 T 0.0 0 12.0 20 250 M M 5 29 210
11 66 46 56 5 9 0 0.00 0.0 0 8.6 15 80 M M 4 22 60
12 72 47 60 9 5 0 0.49 0.0 0 10.7 26 280 M M 7 138 37 290
13 68 42 55 5 10 0 0.00 0.0 0 7.6 18 230 M M 1 29 230
14 68 37 53 3 12 0 0.00 0.0 0 10.3 28 160 M M 1 40 160
15 67 36 52 2 13 0 T 0.0 0 11.7 24 300 M M 8 33 300
16 56 29 43 -6 22 0 T 0.0 0 7.3 33 300 M M 4 43 300
17 56 33 45 -4 20 0 T 0.0 0 9.2 20 170 M M 6 27 160
18 56 42 49 0 16 0 0.16 0.0 0 9.9 22 180 M M 10 1 35 200
19 52 39 46 -2 19 0 0.07 0.0 0 2.5 13 360 M M 6 19 10
20 52 38 45 -3 20 0 0.06 0.0 0 7.2 16 80 M M 6 22 140
21 57 45 51 3 14 0 0.28 0.0 0 9.5 21 270 M M 7 13 31 280
22 63 47 55 7 10 0 0.62 0.0 0 7.9 15 170 M M 9 18 22 170
23 75 44 60 13 5 0 0.37 0.0 0 14.0 33 290 M M 5 13 46 290
24 49 33 41 -6 24 0 T 0.0 0 6.8 20 320 M M 5 25 310
25 50 35 43 -3 22 0 0.00 0.0 0 4.8 14 90 M M 4 17 80
26 46 40 43 -3 22 0 T 0.0 0 7.3 15 300 M M 8 21 290
27 41 38 40 -6 25 0 0.10 T 0 4.2 9 210 M M 10 1 13 270
28 54 37 46 0 19 0 T 0.0 0 8.1 17 240 M M 2 24 250
29 48 39 44 -1 21 0 0.01 0.0 0 10.4 18 30 M M 6 1 27 30
30 39 35 37 -8 28 0 T T 0 7.4 14 360 M M 10 18 340
31 51 28 40 -5 25 0 0.00 0.0 0 11.1 23 190 M M 3 36 190
================================================================================
SM 1831 1221 480 0 2.71 T 255.6 M 163
================================================================================
AV 59.1 39.4 8.2 FASTST M M 5 MAX(MPH)
MISC ----> # 33 300 46 290
================================================================================
NOTES:
# LAST OF SEVERAL OCCURRENCES
COLUMN 17 PEAK WIND IN M.P.H.
PRELIMINARY LOCAL CLIMATOLOGICAL DATA (WS FORM: F-6) , PAGE 2
STATION: FLINT MI
MONTH: OCTOBER
YEAR: 2020
LATITUDE: 42 58 N
LONGITUDE: 83 44 W
[TEMPERATURE DATA] [PRECIPITATION DATA] SYMBOLS USED IN COLUMN 16
AVERAGE MONTHLY: 49.2 TOTAL FOR MONTH: 2.71 1 = FOG OR MIST
DPTR FM NORMAL: -0.3 DPTR FM NORMAL: 0.24 2 = FOG REDUCING VISIBILITY
HIGHEST: 77 ON 9 GRTST 24HR 0.63 ON 21-22 TO 1/4 MILE OR LESS
LOWEST: 28 ON 31 3 = THUNDER
SNOW, ICE PELLETS, HAIL 4 = ICE PELLETS
TOTAL MONTH: T 5 = HAIL
GRTST 24HR T ON 27-27 6 = FREEZING RAIN OR DRIZZLE
GRTST DEPTH: 0 7 = DUSTSTORM OR SANDSTORM:
VSBY 1/2 MILE OR LESS
8 = SMOKE OR HAZE
[NO. OF DAYS WITH] [WEATHER - DAYS WITH] 9 = BLOWING SNOW
X = TORNADO
MAX 32 OR BELOW: 0 0.01 INCH OR MORE: 12
MAX 90 OR ABOVE: 0 0.10 INCH OR MORE: 7
MIN 32 OR BELOW: 2 0.50 INCH OR MORE: 1
MIN 0 OR BELOW: 0 1.00 INCH OR MORE: 0
[HDD (BASE 65) ]
TOTAL THIS MO. 480 CLEAR (SCALE 0-3) 9
DPTR FM NORMAL -6 PTCLDY (SCALE 4-7) 17
TOTAL FM JUL 1 675 CLOUDY (SCALE 8-10) 5
DPTR FM NORMAL -21
[CDD (BASE 65) ]
TOTAL THIS MO. 0
DPTR FM NORMAL -5 [PRESSURE DATA]
TOTAL FM JAN 1 770 HIGHEST SLP 30.43 ON 31
DPTR FM NORMAL 239 LOWEST SLP 29.52 ON 14
[REMARKS]
#FINAL-10-20#