000
CXUS52 KMLB 010634
CF6FPR
PRELIMINARY LOCAL CLIMATOLOGICAL DATA (WS FORM: F-6)
STATION: FORT PIERCE
MONTH: MAY
YEAR: 2023
LATITUDE: 27 30 N
LONGITUDE: 80 22 W
TEMPERATURE IN F: :PCPN: SNOW: WIND :SUNSHINE: SKY :PK WND
================================================================================
1 2 3 4 5 6A 6B 7 8 9 10 11 12 13 14 15 16 17 18
12Z AVG MX 2MIN
DY MAX MIN AVG DEP HDD CDD WTR SNW DPTH SPD SPD DIR MIN PSBL S-S WX SPD DR
================================================================================
1 86 62 74 0 0 9 0.00 0.0 0 7.9 16 260 M M 0 20 270
2 88 62 75 1 0 10 0.00 0.0 0 9.0 17 240 M M 0 23 240
3 85 62 74 0 0 9 0.00 0.0 0 7.1 16 300 M M 0 23 280
4 81 55 68 -7 0 3 0.00 0.0 0 4.7 13 60 M M 0 19 70
5 83 62 73 -2 0 8 0.00 0.0 0 7.1 16 100 M M 0 1 25 110
6 83 66 75 0 0 10 0.28 0.0 0 9.8 21 90 M M 6 1 30 80
7 80 70 75 0 0 10 0.00 0.0 0 13.6 22 100 M M 2 31 120
8 79 62 71 -4 0 6 0.00 0.0 0 5.5 13 120 M M 0 19 110
9 85 61 73 -2 0 8 0.00 0.0 0 4.4 13 100 M M 0 17 90
10 86 65 76 1 0 11 0.00 0.0 0 4.4 13 110 M M 1 1 16 100
11 84 68 76 0 0 11 0.00 0.0 0 7.7 15 110 M M 1 1 24 140
12 84 69 77 1 0 12 0.04 0.0 0 10.9 21 120 M M 3 28 100
13 83 73 78 2 0 13 0.00 0.0 0 9.6 17 110 M M 3 25 110
14 83 64 74 -2 0 9 0.00 0.0 0 7.2 14 70 M M 1 22 80
15 84 66 75 -1 0 10 0.00 0.0 0 5.1 15 70 M M 3 22 70
16 84 67 76 0 0 11 0.00 0.0 0 6.3 13 110 M M 2 1 20 110
17 93 71 82 6 0 17 0.24 0.0 0 5.8 21 240 M M 4 38 31 190
18 86 68 77 1 0 12 0.55 0.0 0 4.9 20 170 M M 1 13 29 180
19 86 67 77 0 0 12 0.00 0.0 0 5.5 20 130 M M 1 24 120
20 86 70 78 1 0 13 0.00 0.0 0 5.4 15 130 M M 2 1 20 110
21 86 68 77 0 0 12 0.00 0.0 0 5.9 14 90 M M 1 18 70
22 87 70 79 2 0 14 0.11 0.0 0 6.2 16 90 M M 3 13 20 90
23 83 70 77 0 0 12 0.82 0.0 0 3.7 13 80 M M 4 13 19 80
24 86 69 78 1 0 13 2.04 0.0 0 1.8 16 60 M M 3 123 26 60
25 83 68 76 -1 0 11 0.14 0.0 0 4.8 14 60 M M 3 128 21 70
26 83 69 76 -2 0 11 0.31 0.0 0 5.1 14 360 M M 5 13 24 320
27 81 65 73 -5 0 8 0.00 0.0 0 6.2 12 90 M M 2 17 70
28 82 69 76 -2 0 11 0.36 0.0 0 7.1 15 120 M M 4 1 21 110
29 83 69 76 -2 0 11 0.00 0.0 0 5.6 13 30 M M 3 22 40
30 85 65 75 -3 0 10 0.00 0.0 0 7.2 17 110 M M 1 24 90
31 81 73 77 -1 0 12 1.01 0.0 0 8.3 22 110 M M 7 1 29 110
================================================================================
SM 2609 2065 0 329 5.90 0.0 203.8 M 66
================================================================================
AV 84.2 66.6 6.6 FASTST M M 2 MAX(MPH)
MISC ----> # 22 100 # 31 120
================================================================================
NOTES:
# LAST OF SEVERAL OCCURRENCES
COLUMN 17 PEAK WIND IN M.P.H.
PRELIMINARY LOCAL CLIMATOLOGICAL DATA (WS FORM: F-6) , PAGE 2
STATION: FORT PIERCE
MONTH: MAY
YEAR: 2023
LATITUDE: 27 30 N
LONGITUDE: 80 22 W
[TEMPERATURE DATA] [PRECIPITATION DATA] SYMBOLS USED IN COLUMN 16
AVERAGE MONTHLY: 75.4 TOTAL FOR MONTH: 5.90 1 = FOG OR MIST
DPTR FM NORMAL: -0.8 DPTR FM NORMAL: 1.97 2 = FOG REDUCING VISIBILITY
HIGHEST: 93 ON 17 GRTST 24HR 2.80 ON 23-24 TO 1/4 MILE OR LESS
LOWEST: 55 ON 4 3 = THUNDER
SNOW, ICE PELLETS, HAIL 4 = ICE PELLETS
TOTAL MONTH: 0.0 INCH 5 = HAIL
GRTST 24HR 0.0 6 = FREEZING RAIN OR DRIZZLE
GRTST DEPTH: 0 7 = DUSTSTORM OR SANDSTORM:
VSBY 1/2 MILE OR LESS
8 = SMOKE OR HAZE
[NO. OF DAYS WITH] [WEATHER - DAYS WITH] 9 = BLOWING SNOW
X = TORNADO
MAX 32 OR BELOW: 0 0.01 INCH OR MORE: 11
MAX 90 OR ABOVE: 1 0.10 INCH OR MORE: 10
MIN 32 OR BELOW: 0 0.50 INCH OR MORE: 4
MIN 0 OR BELOW: 0 1.00 INCH OR MORE: 2
[HDD (BASE 65) ]
TOTAL THIS MO. 0 CLEAR (SCALE 0-3) 21
DPTR FM NORMAL 0 PTCLDY (SCALE 4-7) 10
TOTAL FM JUL 1 176 CLOUDY (SCALE 8-10) 0
DPTR FM NORMAL -241
[CDD (BASE 65) ]
TOTAL THIS MO. 329
DPTR FM NORMAL -18 [PRESSURE DATA]
TOTAL FM JAN 1 1142 HIGHEST SLP M ON M
DPTR FM NORMAL 319 LOWEST SLP 29.73 ON 25
[REMARKS]
#FINAL-05-23#