000
CXUS52 KMLB 040334
CF6FPR
PRELIMINARY LOCAL CLIMATOLOGICAL DATA (WS FORM: F-6)
STATION: FORT PIERCE
MONTH: DECEMBER
YEAR: 2022
LATITUDE: 27 30 N
LONGITUDE: 80 22 W
TEMPERATURE IN F: :PCPN: SNOW: WIND :SUNSHINE: SKY :PK WND
================================================================================
1 2 3 4 5 6A 6B 7 8 9 10 11 12 13 14 15 16 17 18
12Z AVG MX 2MIN
DY MAX MIN AVG DEP HDD CDD WTR SNW DPTH SPD SPD DIR MIN PSBL S-S WX SPD DR
================================================================================
1 81 67 74 6 0 9 0.00 0.0 0 8.8 16 70 M M 5 23 50
2 81 73 77 9 0 12 0.00 0.0 0 12.6 22 90 M M 8 27 100
3 81 62 72 5 0 7 0.00 0.0 0 8.2 23 110 M M 7 28 120
4 81 61 71 4 0 6 0.00 0.0 0 3.2 10 30 M M 2 16 80
5 80 59 70 3 0 5 0.00 0.0 0 3.2 12 20 M M 1 12 16 20
6 81 60 71 4 0 6 0.00 0.0 0 2.4 10 40 M M 0 15 30
7 82 63 73 6 0 8 0.18 0.0 0 3.5 12 120 M M 4 1 16 20
8 81 66 74 7 0 9 0.00 0.0 0 3.1 9 20 M M 5 12 14 70
9 82 61 72 5 0 7 0.00 0.0 0 4.0 10 30 M M 2 12 16 310
10 81 59 70 4 0 5 0.00 0.0 0 4.1 10 30 M M 2 12 15 10
11 80 61 71 5 0 6 0.00 0.0 0 5.3 10 30 M M 4 12 17 30
12 72 57 65 -1 0 0 0.00 0.0 0 4.4 10 290 M M 4 128 13 300
13 77 59 68 2 0 3 1.03 0.0 0 5.5 16 120 M M 6 1 20 120
14 76 67 72 6 0 7 0.65 0.0 0 8.7 22 110 M M 6 1 27 110
15 83 68 76 10 0 11 0.03 0.0 0 8.3 20 190 M M 3 3 27 200
16 71 63 67 1 0 2 0.00 0.0 0 6.2 14 300 M M 9 17 330
17 77 61 69 3 0 4 T 0.0 0 3.5 12 80 M M 8 14 80
18 74 53 64 -1 1 0 T 0.0 0 6.6 14 360 M M 4 22 350
19 74 49 62 -3 3 0 0.00 0.0 0 5.2 14 80 M M 1 18 90
20 77 57 67 2 0 2 0.27 0.0 0 6.7 23 140 M M 4 1 31 140
21 75 59 67 2 0 2 0.01 0.0 0 3.7 20 140 M M 8 1 25 140
22 76 58 67 2 0 2 0.00 0.0 0 3.9 13 290 M M 5 12 15 290
23 82 49 66 2 0 1 T 0.0 0 10.1 23 290 M M 2 28 300
24 53 36 45 -19 20 0 0.00 0.0 0 9.0 15 310 M M 0 20 330
25 48 36 42 -22 23 0 0.00 0.0 0 7.8 13 310 M M 3 19 320
26 59 40 50 -14 15 0 0.00 0.0 0 7.0 15 310 M M 5 21 320
27 70 52 61 -3 4 0 0.05 0.0 0 6.4 13 350 M M 5 1 20 10
28 75 50 63 -1 2 0 0.00 0.0 0 3.5 10 20 M M 1 16 40
29 79 53 66 2 0 1 0.00 0.0 0 6.2 17 100 M M 1 22 100
30 80 62 71 8 0 6 T 0.0 9 4.9 14 100 M M 3 1 17 110
31 85 60 73 10 0 8 0.00 0.0 0 5.1 15 130 M M 3 12 18 180
================================================================================
SM 2354 1781 68 129 2.22 0.0 181.1 M 121
================================================================================
AV 75.9 57.5 5.8 FASTST M M 4 MAX(MPH)
MISC ----> # 23 110 31 140
================================================================================
NOTES:
# LAST OF SEVERAL OCCURRENCES
COLUMN 17 PEAK WIND IN M.P.H.
PRELIMINARY LOCAL CLIMATOLOGICAL DATA (WS FORM: F-6) , PAGE 2
STATION: FORT PIERCE
MONTH: DECEMBER
YEAR: 2022
LATITUDE: 27 30 N
LONGITUDE: 80 22 W
[TEMPERATURE DATA] [PRECIPITATION DATA] SYMBOLS USED IN COLUMN 16
AVERAGE MONTHLY: 66.7 TOTAL FOR MONTH: 2.22 1 = FOG OR MIST
DPTR FM NORMAL: 1.2 DPTR FM NORMAL: -0.11 2 = FOG REDUCING VISIBILITY
HIGHEST: 85 ON 31 GRTST 24HR 1.59 ON 13-14 TO 1/4 MILE OR LESS
LOWEST: 36 ON 25,24 3 = THUNDER
SNOW, ICE PELLETS, HAIL 4 = ICE PELLETS
TOTAL MONTH: 0.0 INCH 5 = HAIL
GRTST 24HR 0.0 6 = FREEZING RAIN OR DRIZZLE
GRTST DEPTH: 9 ON 30 7 = DUSTSTORM OR SANDSTORM:
VSBY 1/2 MILE OR LESS
8 = SMOKE OR HAZE
[NO. OF DAYS WITH] [WEATHER - DAYS WITH] 9 = BLOWING SNOW
X = TORNADO
MAX 32 OR BELOW: 0 0.01 INCH OR MORE: 7
MAX 90 OR ABOVE: 0 0.10 INCH OR MORE: 4
MIN 32 OR BELOW: 0 0.50 INCH OR MORE: 2
MIN 0 OR BELOW: 0 1.00 INCH OR MORE: 1
[HDD (BASE 65) ]
TOTAL THIS MO. 68 CLEAR (SCALE 0-3) 13
DPTR FM NORMAL -24 PTCLDY (SCALE 4-7) 17
TOTAL FM JUL 1 68 CLOUDY (SCALE 8-10) 1
DPTR FM NORMAL -54
[CDD (BASE 65) ]
TOTAL THIS MO. 129
DPTR FM NORMAL 20 [PRESSURE DATA]
TOTAL FM JAN 1 3828 HIGHEST SLP 30.33 ON 3
DPTR FM NORMAL 438 LOWEST SLP 29.89 ON 15
[REMARKS]
#FINAL-12-22#