000
CXUS52 KMLB 010628
CF6FPR
PRELIMINARY LOCAL CLIMATOLOGICAL DATA (WS FORM: F-6)
STATION: FORT PIERCE
MONTH: OCTOBER
YEAR: 2023
LATITUDE: 27 30 N
LONGITUDE: 80 22 W
TEMPERATURE IN F: :PCPN: SNOW: WIND :SUNSHINE: SKY :PK WND
================================================================================
1 2 3 4 5 6A 6B 7 8 9 10 11 12 13 14 15 16 17 18
12Z AVG MX 2MIN
DY MAX MIN AVG DEP HDD CDD WTR SNW DPTH SPD SPD DIR MIN PSBL S-S WX SPD DR
================================================================================
1 84 76 80 1 0 15 1.01 0.0 0 6.1 15 70 M M 7 13 28 360
2 86 78 82 3 0 17 T 0.0 0 10.8 20 70 M M 5 8 31 60
3 86 75 81 2 0 16 0.41 0.0 0 8.1 17 60 M M 8 18 25 60
4 85 75 80 1 0 15 0.14 0.0 0 6.3 15 80 M M 4 138 23 40
5 87 74 81 2 0 16 T 0.0 0 6.0 14 80 M M 1 20 80
6 87 72 80 2 0 15 0.05 0.0 0 2.9 12 60 M M 1 1 18 80
7 88 72 80 2 0 15 0.31 0.0 0 2.9 16 310 M M 4 13 25 310
8 83 71 77 -1 0 12 0.00 0.0 0 4.6 9 340 M M 3 1 17 320
9 81 70 76 -2 0 11 0.03 0.0 0 4.6 13 350 M M 5 1 20 350
10 86 71 79 1 0 14 0.00 0.0 0 4.7 13 10 M M 3 22 10
11 87 76 82 4 0 17 0.18 0.0 0 6.4 17 100 M M 3 13 22 120
12 92 79 86 9 0 21 0.16 0.0 0 11.6 25 220 M M 4 1 43 230
13 89 78 84 7 0 19 1.13 0.0 0 4.9 16 280 M M 6 13 22 280
14 87 71 79 2 0 14 0.00 0.0 0 7.1 17 290 M M 2 1 23 290
15 85 64 75 -2 0 10 0.00 0.0 0 8.8 18 270 M M 2 27 280
16 75 57 66 -10 0 1 0.00 0.0 0 8.1 22 290 M M 3 35 290
17 74 54 64 -12 1 0 0.00 0.0 0 5.9 13 330 M M 0 20 340
18 81 55 68 -8 0 3 0.02 0.0 0 6.0 14 340 M M 4 22 320
19 82 62 72 -4 0 7 0.00 0.0 0 3.4 14 70 M M 4 20 80
20 85 64 75 -1 0 10 0.00 0.0 0 4.0 10 110 M M 1 14 120
21 87 62 75 0 0 10 0.00 0.0 0 5.5 15 290 M M 1 21 290
22 84 59 72 -3 0 7 0.00 0.0 0 2.7 8 300 M M 0 1 12 300
23 85 57 71 -4 0 6 0.00 0.0 0 5.1 13 70 M M 1 20 60
24 84 75 80 5 0 15 0.03 0.0 0 12.0 20 70 M M 5 8 31 70
25 84 73 79 5 0 14 0.08 0.0 0 12.7 23 90 M M 7 1 31 90
26 84 71 78 4 0 13 T 0.0 0 12.2 22 100 M M 4 30 90
27 85 74 80 6 0 15 T 0.0 0 8.6 17 80 M M 5 26 70
28 85 76 81 7 0 16 0.00 0.0 0 10.9 18 70 M M 4 27 90
29 84 76 80 6 0 15 0.00 0.0 0 11.1 20 90 M M 3 26 60
30 85 72 79 6 0 14 T 0.0 0 6.1 15 100 M M 4 22 70
31 86 65 76 3 0 11 0.00 0.0 0 4.9 13 10 M M 2 21 20
================================================================================
SM 2623 2154 1 384 3.55 0.0 215.0 M 106
================================================================================
AV 84.6 69.5 6.9 FASTST M M 3 MAX(MPH)
MISC ----> 25 220 43 230
================================================================================
NOTES:
# LAST OF SEVERAL OCCURRENCES
COLUMN 17 PEAK WIND IN M.P.H.
PRELIMINARY LOCAL CLIMATOLOGICAL DATA (WS FORM: F-6) , PAGE 2
STATION: FORT PIERCE
MONTH: OCTOBER
YEAR: 2023
LATITUDE: 27 30 N
LONGITUDE: 80 22 W
[TEMPERATURE DATA] [PRECIPITATION DATA] SYMBOLS USED IN COLUMN 16
AVERAGE MONTHLY: 77.0 TOTAL FOR MONTH: 3.55 1 = FOG OR MIST
DPTR FM NORMAL: 0.6 DPTR FM NORMAL: -1.70 2 = FOG REDUCING VISIBILITY
HIGHEST: 92 ON 12 GRTST 24HR 1.28 ON 12-13 TO 1/4 MILE OR LESS
LOWEST: 54 ON 17 3 = THUNDER
SNOW, ICE PELLETS, HAIL 4 = ICE PELLETS
TOTAL MONTH: 0.0 INCH 5 = HAIL
GRTST 24HR 0.0 6 = FREEZING RAIN OR DRIZZLE
GRTST DEPTH: 0 7 = DUSTSTORM OR SANDSTORM:
VSBY 1/2 MILE OR LESS
8 = SMOKE OR HAZE
[NO. OF DAYS WITH] [WEATHER - DAYS WITH] 9 = BLOWING SNOW
X = TORNADO
MAX 32 OR BELOW: 0 0.01 INCH OR MORE: 12
MAX 90 OR ABOVE: 1 0.10 INCH OR MORE: 7
MIN 32 OR BELOW: 0 0.50 INCH OR MORE: 2
MIN 0 OR BELOW: 0 1.00 INCH OR MORE: 2
[HDD (BASE 65) ]
TOTAL THIS MO. 1 CLEAR (SCALE 0-3) 14
DPTR FM NORMAL -3 PTCLDY (SCALE 4-7) 17
TOTAL FM JUL 1 1 CLOUDY (SCALE 8-10) 0
DPTR FM NORMAL 1
[CDD (BASE 65) ]
TOTAL THIS MO. 384
DPTR FM NORMAL 29 [PRESSURE DATA]
TOTAL FM JAN 1 3642 HIGHEST SLP M ON M
DPTR FM NORMAL 534 LOWEST SLP 29.67 ON 12
[REMARKS]
#FINAL-10-23#