000
CXUS54 KMAF 011338
CF6FST
PRELIMINARY LOCAL CLIMATOLOGICAL DATA (WS FORM: F-6)
STATION: FORT STOCKTON
MONTH: APRIL
YEAR: 2023
LATITUDE: 30 55 N
LONGITUDE: 102 55 W
TEMPERATURE IN F: :PCPN: SNOW: WIND :SUNSHINE: SKY :PK WND
================================================================================
1 2 3 4 5 6A 6B 7 8 9 10 11 12 13 14 15 16 17 18
12Z AVG MX 2MIN
DY MAX MIN AVG DEP HDD CDD WTR SNW DPTH SPD SPD DIR MIN PSBL S-S WX SPD DR
================================================================================
1 80 45 63 -1 2 0 0.00 M M 10.0 21 120 M M 0 29 150
2 84 54 69 5 0 4 0.00 M M 14.6 31 280 M M 0 43 290
3 90 57 74 9 0 9 0.00 M M 12.7 25 240 M M 0 34 250
4 86 61 74 9 0 9 0.00 M M 15.0 30 240 M M 1 40 220
5 66 39 53 -12 12 0 0.00 M M 8.8 23 330 M M 0 30 330
6 68 43 56 -9 9 0 0.00 M M 11.3 21 90 M M 1 8 34 100
7 64 45 55 -11 10 0 0.00 M M 5.9 13 70 M M 8 20 110
8 78 46 62 -4 3 0 0.00 M M 10.1 22 90 M M 2 30 80
9 78 56 67 1 0 2 0.00 M M 14.1 21 130 M M 0 30 130
10 81 59 70 4 0 5 0.00 M M 10.3 22 120 M M 4 31 120
11 85 58 72 6 0 7 0.00 M M 11.3 18 120 M M 0 30 100
12 87 55 71 4 0 6 0.00 M M 14.3 23 150 M M 0 32 130
13 90 57 74 7 0 9 T M M 14.3 25 140 M M 1 3 34 160
14 86 54 70 3 0 5 0.00 M M 10.0 21 280 M M 0 39 290
15 83 58 71 4 0 6 0.00 M M 12.1 25 320 M M 0 36 280
16 75 48 62 -6 3 0 0.00 M M 11.3 18 120 M M 0 28 130
17 78 56 67 -1 0 2 T M M 17.5 31 150 M M 1 8 45 150
18 89 59 74 6 0 9 0.00 M M 14.0 28 290 M M 0 43 280
19 91 57 74 6 0 9 0.00 M M 11.4 21 160 M M 0 30 170
20 84 56 70 2 0 5 0.00 M M 7.5 20 170 M M 0 26 160
21 77 51 64 -5 1 0 0.00 M M 11.2 18 330 M M 0 8 26 330
22 84 50 67 -2 0 2 0.00 M M 12.5 31 50 M M 1 8 43 50
23 51 44 48 -21 17 0 0.00 M M 9.8 16 10 M M 10 21 360
24 71 45 58 -11 7 0 T M M 13.3 25 140 M M 5 18 35 140
25 87 51 69 -1 0 4 0.00 M M 12.1 23 160 M M 0 33 150
26 83 57 70 0 0 5 0.00 M M 11.3 28 360 M M 0 36 360
27 83 45 64 -6 1 0 0.00 M M 6.6 14 190 M M 0 19 170
28 72 47 60 -10 5 0 0.00 M M 16.5 30 10 M M 2 8 46 360
29 77 43 60 -10 5 0 0.00 M M 7.7 15 340 M M 0 22 330
30 95 57 76 5 0 11 0.00 M M 12.0 23 220 M M 0 30 220
================================================================================
SM 2403 1553 75 109 T M 349.5 M 36
================================================================================
AV 80.1 51.8 11.6 FASTST M M 1 MAX(MPH)
MISC ----> # 31 280 46 360
================================================================================
NOTES:
# LAST OF SEVERAL OCCURRENCES
COLUMN 17 PEAK WIND IN M.P.H.
PRELIMINARY LOCAL CLIMATOLOGICAL DATA (WS FORM: F-6) , PAGE 2
STATION: FORT STOCKTON
MONTH: APRIL
YEAR: 2023
LATITUDE: 30 55 N
LONGITUDE: 102 55 W
[TEMPERATURE DATA] [PRECIPITATION DATA] SYMBOLS USED IN COLUMN 16
AVERAGE MONTHLY: 65.9 TOTAL FOR MONTH: T 1 = FOG OR MIST
DPTR FM NORMAL: -1.6 DPTR FM NORMAL: -0.62 2 = FOG REDUCING VISIBILITY
HIGHEST: 95 ON 30 GRTST 24HR T ON 13-13 TO 1/4 MILE OR LESS
LOWEST: 39 ON 5 3 = THUNDER
SNOW, ICE PELLETS, HAIL 4 = ICE PELLETS
TOTAL MONTH: M 5 = HAIL
GRTST 24HR M ON M 6 = FREEZING RAIN OR DRIZZLE
GRTST DEPTH: M ON M 7 = DUSTSTORM OR SANDSTORM:
VSBY 1/2 MILE OR LESS
8 = SMOKE OR HAZE
[NO. OF DAYS WITH] [WEATHER - DAYS WITH] 9 = BLOWING SNOW
X = TORNADO
MAX 32 OR BELOW: 0 0.01 INCH OR MORE: 0
MAX 90 OR ABOVE: 4 0.10 INCH OR MORE: 0
MIN 32 OR BELOW: 0 0.50 INCH OR MORE: 0
MIN 0 OR BELOW: 0 1.00 INCH OR MORE: 0
[HDD (BASE 65) ]
TOTAL THIS MO. 75 CLEAR (SCALE 0-3) 26
DPTR FM NORMAL 7 PTCLDY (SCALE 4-7) 3
TOTAL FM JUL 1 1855 CLOUDY (SCALE 8-10) 1
DPTR FM NORMAL -111
[CDD (BASE 65) ]
TOTAL THIS MO. 109
DPTR FM NORMAL -32 [PRESSURE DATA]
TOTAL FM JAN 1 164 HIGHEST SLP 30.28 ON 16
DPTR FM NORMAL -31 LOWEST SLP 29.46 ON 4
[REMARKS]
#FINAL-04-23#