000
CXUS54 KMAF 011513
CF6FST
PRELIMINARY LOCAL CLIMATOLOGICAL DATA (WS FORM: F-6)
STATION: FORT STOCKTON
MONTH: MARCH
YEAR: 2024
LATITUDE: 30 55 N
LONGITUDE: 102 55 W
TEMPERATURE IN F: :PCPN: SNOW: WIND :SUNSHINE: SKY :PK WND
================================================================================
1 2 3 4 5 6A 6B 7 8 9 10 11 12 13 14 15 16 17 18
12Z AVG MX 2MIN
DY MAX MIN AVG DEP HDD CDD WTR SNW DPTH SPD SPD DIR MIN PSBL S-S WX SPD DR
================================================================================
1 76 47 62 6 3 0 0.00 M M 11.3 23 280 M M 0 30 300
2 84 52 68 12 0 3 0.00 M M 12.3 23 220 M M 0 31 250
3 83 55 69 13 0 4 0.00 M M 12.5 22 240 M M 0 33 250
4 80 51 66 9 0 1 0.00 M M 11.0 21 300 M M 0 29 300
5 73 52 63 6 2 0 M M M 13.2 23 290 M M 0 33 310
6 81 51 66 9 0 1 0.00 M M 7.2 14 10 M M M 19 40
7 77 59 68 11 0 3 0.00 M M 8.2 23 320 M M M 32 310
8 67 43 55 -3 10 0 0.00 M M 15.0 29 280 M M M 39 270
9 55 36 46 -12 19 0 0.00 M M 8.4 16 330 M M M 32 340
10 65 38 52 -6 13 0 0.00 M M 9.7 18 130 M M M 25 130
11 78 40 59 1 6 0 0.00 M M 9.0 26 160 M M M 18 160
12 82 51 67 8 0 2 0.00 M M 10.9 27 170 M M M 21 170
13 86 55 71 12 0 6 0.00 M M 12.0 24 230 M M M 33 250
14 81 50 66 7 0 1 0.00 M M 10.0 17 110 M M M 23 60
15 66 48 57 -3 8 0 T M M 11.1 22 60 M M M 18 29 50
16 58 48 53 -7 12 0 0.01 M M 5.7 14 60 M M M 1 17 60
17 60 50 55 -5 10 0 0.00 M M 7.3 17 50 M M M 1 22 50
18 58 49 54 -6 11 0 0.03 M M 9.1 15 120 M M M 20 140
19 73 48 61 0 4 0 0.06 M M 12.5 21 160 M M M 30 160
20 77 49 63 2 2 0 0.02 M M M 25 240 M M M 33 210
21 76 50 63 2 2 0 0.00 M M 11.9 26 290 M M M 36 280
22 83 49 66 4 0 1 0.00 M M M 21 360 M M M 29 360
23 79 51 65 3 0 0 0.00 M M 16.5 31 140 M M M 45 160
24 82 56 69 7 0 4 0.00 M M 19.3 36 240 M M M 50 240
25 67 49 58 -4 7 0 0.00 M M 18.0 31 300 M M M 45 300
26 66 41 54 -9 11 0 0.00 M M 11.4 25 290 M M M 42 320
27 71 44 58 -5 7 0 0.00 M M 12.5 28 310 M M M 41 290
28 82 43 63 0 2 0 0.00 M M 12.3 22 180 M M M 34 170
29 88 57 73 9 0 8 M M M 9.4 20 150 M M M 28 160
30 87 57 72 8 0 7 0.00 M M 9.5 18 140 M M M 30 130
31 85 65 75 11 0 10 0.00 M M 12.7 25 160 M M M 36 170
================================================================================
SM 2326 1534 129 51 0.12 M 329.9 M 0
================================================================================
AV 75.0 49.5 11.4 FASTST M M 0 MAX(MPH)
MISC ----> 36 240 50 240
================================================================================
NOTES:
# LAST OF SEVERAL OCCURRENCES
COLUMN 17 PEAK WIND IN M.P.H.
PRELIMINARY LOCAL CLIMATOLOGICAL DATA (WS FORM: F-6) , PAGE 2
STATION: FORT STOCKTON
MONTH: MARCH
YEAR: 2024
LATITUDE: 30 55 N
LONGITUDE: 102 55 W
[TEMPERATURE DATA] [PRECIPITATION DATA] SYMBOLS USED IN COLUMN 16
AVERAGE MONTHLY: 62.3 TOTAL FOR MONTH: 0.12 1 = FOG OR MIST
DPTR FM NORMAL: 2.4 DPTR FM NORMAL: -0.47 2 = FOG REDUCING VISIBILITY
HIGHEST: 88 ON 29 GRTST 24HR 0.06 ON 19-19 TO 1/4 MILE OR LESS
LOWEST: 36 ON 9 3 = THUNDER
SNOW, ICE PELLETS, HAIL 4 = ICE PELLETS
TOTAL MONTH: M 5 = HAIL
GRTST 24HR M ON M 6 = FREEZING RAIN OR DRIZZLE
GRTST DEPTH: M ON M 7 = DUSTSTORM OR SANDSTORM:
VSBY 1/2 MILE OR LESS
8 = SMOKE OR HAZE
[NO. OF DAYS WITH] [WEATHER - DAYS WITH] 9 = BLOWING SNOW
X = TORNADO
MAX 32 OR BELOW: 0 0.01 INCH OR MORE: 4
MAX 90 OR ABOVE: 0 0.10 INCH OR MORE: 0
MIN 32 OR BELOW: 0 0.50 INCH OR MORE: 0
MIN 0 OR BELOW: 0 1.00 INCH OR MORE: 0
[HDD (BASE 65) ]
TOTAL THIS MO. 129 CLEAR (SCALE 0-3) 5
DPTR FM NORMAL -73 PTCLDY (SCALE 4-7) 0
TOTAL FM JUL 1 1533 CLOUDY (SCALE 8-10) 26
DPTR FM NORMAL -367
[CDD (BASE 65) ]
TOTAL THIS MO. 51
DPTR FM NORMAL 7 [PRESSURE DATA]
TOTAL FM JAN 1 96 HIGHEST SLP M ON M
DPTR FM NORMAL 42 LOWEST SLP 29.53 ON 7
[REMARKS]
#FINAL-03-24#