000
CXUS52 KFFC 011110
CF6FTY
PRELIMINARY LOCAL CLIMATOLOGICAL DATA (WS FORM: F-6)
STATION: FULTON COUNTY AIRPORT
MONTH: JANUARY
YEAR: 2023
LATITUDE: 33 46 N
LONGITUDE: 84 31 W
TEMPERATURE IN F: :PCPN: SNOW: WIND :SUNSHINE: SKY :PK WND
================================================================================
1 2 3 4 5 6A 6B 7 8 9 10 11 12 13 14 15 16 17 18
12Z AVG MX 2MIN
DY MAX MIN AVG DEP HDD CDD WTR SNW DPTH SPD SPD DIR MIN PSBL S-S WX SPD DR
================================================================================
1 71 47 59 15 6 0 0.00 M M 2.1 10 240 M M 6 128 17 220
2 66 43 55 11 10 0 0.37 M M 0.9 7 130 M M 8 12 13 120
3 70 56 63 19 2 0 1.06 M M 5.4 15 190 M M 9 13 23 190
4 70 46 58 14 7 0 1.75 M M 5.1 21 270 M M 6 13 28 270
5 62 40 51 8 14 0 0.00 M M 4.9 18 280 M M 1 12 25 290
6 57 35 46 3 19 0 0.00 M M 4.3 15 280 M M 0 19 240
7 64 32 48 5 17 0 0.00 M M 1.0 7 190 M M 3 11 80
8 62 45 54 11 11 0 0.33 M M 3.9 14 240 M M 7 1 23 230
9 54 38 46 3 19 0 0.00 M M 5.7 15 340 M M 3 23 330
10 62 32 47 4 18 0 0.00 M M 2.1 10 230 M M 0 1 14 230
11 65 37 51 8 14 0 0.00 M M 1.8 12 240 M M 7 17 240
12 70 52 61 18 4 0 0.59 M M 7.8 23 260 M M 8 13 36 280
13 52 36 44 1 21 0 0.01 M M 12.7 22 310 M M 10 1 35 320
14 44 31 38 -5 27 0 0.00 M M 13.1 22 340 M M 4 39 320
15 57 28 43 0 22 0 0.00 M M 1.3 9 300 M M 0 14 290
16 62 28 45 2 20 0 0.00 M M 2.1 13 180 M M 0 18 210
17 61 49 55 12 10 0 0.18 M M 4.8 13 310 M M 9 12 18 300
18 66 56 61 18 4 0 0.04 M M 3.5 12 180 M M 10 12 18 170
19 73 52 63 20 2 0 0.07 M M 8.4 21 230 M M 5 1 35 260
20 58 42 50 6 15 0 0.00 M M 8.8 17 290 M M 0 26 330
21 51 37 44 0 21 0 0.05 M M 4.4 13 120 M M 2 20 130
22 46 40 43 -1 22 0 1.53 M M 6.0 15 70 M M 10 138 22 80
23 48 29 39 -5 26 0 T M M 7.9 22 310 M M 4 32 320
24 55 24 40 -4 25 0 0.00 M M 3.7 10 110 M M 0 1 16 140
25 65 42 54 10 11 0 0.87 M M 9.5 23 290 M M 8 13 33 290
26 49 35 42 -2 23 0 0.00 M M 7.8 21 290 M M 5 32 280
27 52 29 41 -3 24 0 0.00 M M 3.8 16 290 M M 0 22 280
28 59 27 43 -1 22 0 0.00 M M 2.1 12 180 M M 1 16 150
29 57 39 48 4 17 0 0.52 M M 2.3 8 60 M M 7 1 11 40
30 60 48 54 9 11 0 0.44 M M 2.5 8 50 M M 10 1 11 50
31 67 54 61 16 4 0 0.03 M M 4.3 20 320 M M 10 1 27 330
================================================================================
SM 1855 1229 468 0 7.84 M 154.0 M 153
================================================================================
AV 59.8 39.6 5.0 FASTST M M 5 MAX(MPH)
MISC ----> # 23 260 39 320
================================================================================
NOTES:
# LAST OF SEVERAL OCCURRENCES
COLUMN 17 PEAK WIND IN M.P.H.
PRELIMINARY LOCAL CLIMATOLOGICAL DATA (WS FORM: F-6) , PAGE 2
STATION: FULTON COUNTY AIRPORT
MONTH: JANUARY
YEAR: 2023
LATITUDE: 33 46 N
LONGITUDE: 84 31 W
[TEMPERATURE DATA] [PRECIPITATION DATA] SYMBOLS USED IN COLUMN 16
AVERAGE MONTHLY: 49.7 TOTAL FOR MONTH: 7.84 1 = FOG OR MIST
DPTR FM NORMAL: 6.1 DPTR FM NORMAL: 3.59 2 = FOG REDUCING VISIBILITY
HIGHEST: 73 ON 19 GRTST 24HR 2.09 ON 21-22 TO 1/4 MILE OR LESS
LOWEST: 24 ON 24 3 = THUNDER
SNOW, ICE PELLETS, HAIL 4 = ICE PELLETS
TOTAL MONTH: M 5 = HAIL
GRTST 24HR M ON M 6 = FREEZING RAIN OR DRIZZLE
GRTST DEPTH: M ON M 7 = DUSTSTORM OR SANDSTORM:
VSBY 1/2 MILE OR LESS
8 = SMOKE OR HAZE
[NO. OF DAYS WITH] [WEATHER - DAYS WITH] 9 = BLOWING SNOW
X = TORNADO
MAX 32 OR BELOW: 0 0.01 INCH OR MORE: 15
MAX 90 OR ABOVE: 0 0.10 INCH OR MORE: 10
MIN 32 OR BELOW: 9 0.50 INCH OR MORE: 6
MIN 0 OR BELOW: 0 1.00 INCH OR MORE: 3
[HDD (BASE 65) ]
TOTAL THIS MO. 468 CLEAR (SCALE 0-3) 12
DPTR FM NORMAL -196 PTCLDY (SCALE 4-7) 11
TOTAL FM JUL 1 1537 CLOUDY (SCALE 8-10) 8
DPTR FM NORMAL -243
[CDD (BASE 65) ]
TOTAL THIS MO. 0
DPTR FM NORMAL 0 [PRESSURE DATA]
TOTAL FM JAN 1 0 HIGHEST SLP 30.45 ON 28
DPTR FM NORMAL 0 LOWEST SLP 29.69 ON 25
[REMARKS]
#FINAL-01-23#