000
CXUS52 KFFC 011010
CF6FTY
PRELIMINARY LOCAL CLIMATOLOGICAL DATA (WS FORM: F-6)
STATION: FULTON COUNTY AIRPORT
MONTH: OCTOBER
YEAR: 2023
LATITUDE: 33 46 N
LONGITUDE: 84 31 W
TEMPERATURE IN F: :PCPN: SNOW: WIND :SUNSHINE: SKY :PK WND
================================================================================
1 2 3 4 5 6A 6B 7 8 9 10 11 12 13 14 15 16 17 18
12Z AVG MX 2MIN
DY MAX MIN AVG DEP HDD CDD WTR SNW DPTH SPD SPD DIR MIN PSBL S-S WX SPD DR
================================================================================
1 83 61 72 3 0 7 0.00 M M 3.8 15 80 M M 2 20 80
2 83 58 71 3 0 6 0.00 M M 3.4 14 70 M M 1 21 80
3 83 56 70 2 0 5 0.00 M M 3.2 15 50 M M 0 20 100
4 83 57 70 2 0 5 0.00 M M 2.8 12 110 M M 1 18 120
5 81 58 70 3 0 5 0.00 M M 2.3 13 80 M M 0 19 140
6 78 64 71 4 0 6 0.17 M M 2.2 10 340 M M 9 1 15 350
7 68 51 60 -6 5 0 0.00 M M 8.2 21 310 M M 1 29 300
8 68 44 56 -10 9 0 0.00 M M 3.1 15 290 M M 0 21 290
9 75 43 59 -7 6 0 0.00 M M 3.7 14 220 M M 0 24 220
10 81 51 66 1 0 1 0.00 M M 5.4 13 230 M M 0 22 220
11 70 60 65 0 0 0 0.53 M M 2.0 13 120 M M 3 1 26 100
12 71 59 65 1 0 0 0.45 M M 10.2 18 70 M M 10 1 27 70
13 67 61 64 0 1 0 0.13 M M 5.4 13 70 M M 10 18 20 80
14 75 59 67 3 0 2 0.00 M M 6.8 20 270 M M 7 1 28 240
15 63 50 57 -6 8 0 T M M 8.7 18 310 M M 8 30 290
16 58 45 52 -11 13 0 0.00 M M 7.9 17 310 M M 4 26 360
17 67 45 56 -6 9 0 0.00 M M 2.0 10 300 M M 0 15 310
18 71 41 56 -6 9 0 0.00 M M 1.5 8 190 M M 1 13 240
19 72 46 59 -3 6 0 T M M 2.6 12 180 M M 4 16 170
20 74 53 64 3 1 0 0.19 M M 6.8 21 290 M M 5 13 30 270
21 75 45 60 -1 5 0 0.00 M M 3.8 14 340 M M 0 21 290
22 76 50 63 3 2 0 0.00 M M 4.7 15 330 M M 0 22 320
23 73 43 58 -2 7 0 0.00 M M 3.2 13 110 M M 0 19 110
24 74 44 59 -1 6 0 0.00 M M 3.7 13 90 M M 0 19 90
25 76 46 61 2 4 0 0.00 M M 3.5 13 80 M M 4 24 100
26 79 57 68 9 0 3 0.00 M M 4.5 13 120 M M 6 24 140
27 80 55 68 10 0 3 0.00 M M 2.0 10 140 M M 3 1 18 150
28 81 54 68 10 0 3 0.00 M M 1.3 9 180 M M 0 1 13 180
29 81 53 67 9 0 2 0.00 M M 2.5 14 220 M M 2 1 20 230
30 83 51 67 10 0 2 0.00 M M 6.6 20 310 M M 4 1 31 310
31 62 44 53 -4 12 0 0.00 M M 9.6 17 340 M M 1 27 330
================================================================================
SM 2311 1604 103 50 1.47 M 137.4 M 86
================================================================================
AV 74.5 51.7 4.4 FASTST M M 3 MAX(MPH)
MISC ----> # 21 310 31 310
================================================================================
NOTES:
# LAST OF SEVERAL OCCURRENCES
COLUMN 17 PEAK WIND IN M.P.H.
PRELIMINARY LOCAL CLIMATOLOGICAL DATA (WS FORM: F-6) , PAGE 2
STATION: FULTON COUNTY AIRPORT
MONTH: OCTOBER
YEAR: 2023
LATITUDE: 33 46 N
LONGITUDE: 84 31 W
[TEMPERATURE DATA] [PRECIPITATION DATA] SYMBOLS USED IN COLUMN 16
AVERAGE MONTHLY: 63.1 TOTAL FOR MONTH: 1.47 1 = FOG OR MIST
DPTR FM NORMAL: 0.2 DPTR FM NORMAL: -2.12 2 = FOG REDUCING VISIBILITY
HIGHEST: 83 ON 30, 4 GRTST 24HR 0.98 ON 11-12 TO 1/4 MILE OR LESS
LOWEST: 41 ON 18 3 = THUNDER
SNOW, ICE PELLETS, HAIL 4 = ICE PELLETS
TOTAL MONTH: M 5 = HAIL
GRTST 24HR M ON M 6 = FREEZING RAIN OR DRIZZLE
GRTST DEPTH: M ON M 7 = DUSTSTORM OR SANDSTORM:
VSBY 1/2 MILE OR LESS
8 = SMOKE OR HAZE
[NO. OF DAYS WITH] [WEATHER - DAYS WITH] 9 = BLOWING SNOW
X = TORNADO
MAX 32 OR BELOW: 0 0.01 INCH OR MORE: 5
MAX 90 OR ABOVE: 0 0.10 INCH OR MORE: 5
MIN 32 OR BELOW: 0 0.50 INCH OR MORE: 1
MIN 0 OR BELOW: 0 1.00 INCH OR MORE: 0
[HDD (BASE 65) ]
TOTAL THIS MO. 103 CLEAR (SCALE 0-3) 18
DPTR FM NORMAL -24 PTCLDY (SCALE 4-7) 9
TOTAL FM JUL 1 103 CLOUDY (SCALE 8-10) 4
DPTR FM NORMAL -31
[CDD (BASE 65) ]
TOTAL THIS MO. 50
DPTR FM NORMAL -12 [PRESSURE DATA]
TOTAL FM JAN 1 1781 HIGHEST SLP 30.37 ON 25
DPTR FM NORMAL -38 LOWEST SLP 29.65 ON 20
[REMARKS]
#FINAL-10-23#