000
CXUS56 KSGX 011045
CF6FUL
PRELIMINARY LOCAL CLIMATOLOGICAL DATA (WS FORM: F-6)
STATION: FULLERTON AIRPORT CA
MONTH: MAY
YEAR: 2023
LATITUDE: 33 52 N
LONGITUDE: 117 58 W
TEMPERATURE IN F: :PCPN: SNOW: WIND :SUNSHINE: SKY :PK WND
================================================================================
1 2 3 4 5 6A 6B 7 8 9 10 11 12 13 14 15 16 17 18
12Z AVG MX 2MIN
DY MAX MIN AVG DEP HDD CDD WTR SNW DPTH SPD SPD DIR MIN PSBL S-S WX SPD DR
================================================================================
1 69 56 63 -3 2 0 0.03 M M 6.9 15 210 M M 9 1 21 220
2 67 54 61 -5 4 0 0.00 M M 4.9 15 190 M M 6 22 190
3 68 51 60 -6 5 0 T M M 5.2 14 210 M M 3 8 20 200
4 66 52 59 -7 6 0 0.66 M M 6.1 14 180 M M 8 13X 19 190
5 68 54 61 -5 4 0 0.09 M M 4.5 13 260 M M 7 1 19 210
6 70 51 61 -5 4 0 0.00 M M 5.8 13 190 M M 2 20 210
7 72 53 63 -3 2 0 0.00 M M 3.7 13 180 M M 2 17 200
8 71 56 64 -2 1 0 0.00 M M 4.7 13 190 M M 3 18 24 200
9 70 56 63 -3 2 0 0.00 M M 4.1 14 200 M M 7 18 270
10 70 57 64 -2 1 0 0.00 M M 4.4 13 210 M M 5 18 210
11 71 57 64 -2 1 0 0.00 M M 3.8 13 190 M M 6 16 220
12 75 55 65 -2 0 0 0.00 M M 4.2 13 200 M M 3 17 190
13 75 59 67 0 0 2 0.00 M M 4.6 12 220 M M 6 18 16 200
14 77 59 68 1 0 3 0.00 M M 4.0 13 210 M M 6 18 18 230
15 72 60 66 -1 0 1 0.00 M M 3.7 13 200 M M 5 18 17 220
16 77 60 69 2 0 4 0.00 M M 3.5 12 210 M M 5 18 18 210
17 74 57 66 -1 0 1 0.00 M M 3.4 13 190 M M 5 18 20 160
18 73 60 67 0 0 2 0.00 M M 3.4 10 200 M M 7 18 14 220
19 69 60 65 -2 0 0 T M M 3.7 9 170 M M 10 1 12 190
20 75 62 69 2 0 4 0.00 M M 4.7 13 190 M M 7 38 20 200
21 76 61 69 2 0 4 0.00 M M 4.7 13 200 M M 7 18 190
22 72 60 66 -1 0 1 T M M 3.4 10 190 M M 8 1 15 220
23 67 60 64 -3 1 0 0.01 M M 3.7 12 190 M M 10 1 14 200
24 70 58 64 -4 1 0 0.00 M M 5.0 12 200 M M 10 1 16 170
25 70 61 66 -2 0 1 0.00 M M 4.8 12 190 M M 10 15 180
26 68 58 63 -5 2 0 0.02 M M 4.3 12 220 M M 8 1 18 300
27 72 57 65 -3 0 0 0.00 M M 3.4 10 200 M M 7 17 260
28 69 59 64 -4 1 0 0.00 M M 2.5 9 210 M M 10 13 210
29 70 60 65 -3 0 0 0.00 M M 5.1 12 220 M M 10 16 230
30 67 60 64 -4 1 0 T M M 4.1 12 200 M M 9 15 220
31 64 58 61 -7 4 0 0.01 M M 3.8 10 220 M M 10 1 14 240
================================================================================
SM 2194 1781 42 23 0.82 M 134.1 M 211
================================================================================
AV 70.8 57.5 4.3 FASTST M M 7 MAX(MPH)
MISC ----> # 15 210 24 200
================================================================================
NOTES:
# LAST OF SEVERAL OCCURRENCES
COLUMN 17 PEAK WIND IN M.P.H.
PRELIMINARY LOCAL CLIMATOLOGICAL DATA (WS FORM: F-6) , PAGE 2
STATION: FULLERTON AIRPORT CA
MONTH: MAY
YEAR: 2023
LATITUDE: 33 52 N
LONGITUDE: 117 58 W
[TEMPERATURE DATA] [PRECIPITATION DATA] SYMBOLS USED IN COLUMN 16
AVERAGE MONTHLY: 64.1 TOTAL FOR MONTH: 0.82 1 = FOG OR MIST
DPTR FM NORMAL: -2.8 DPTR FM NORMAL: 0.52 2 = FOG REDUCING VISIBILITY
HIGHEST: 77 ON 16,14 GRTST 24HR 0.66 ON 4- 4 TO 1/4 MILE OR LESS
LOWEST: 51 ON 6, 3 3 = THUNDER
SNOW, ICE PELLETS, HAIL 4 = ICE PELLETS
TOTAL MONTH: M 5 = HAIL
GRTST 24HR M ON M 6 = FREEZING RAIN OR DRIZZLE
GRTST DEPTH: M ON M 7 = DUSTSTORM OR SANDSTORM:
VSBY 1/2 MILE OR LESS
8 = SMOKE OR HAZE
[NO. OF DAYS WITH] [WEATHER - DAYS WITH] 9 = BLOWING SNOW
X = TORNADO
MAX 32 OR BELOW: 0 0.01 INCH OR MORE: 6
MAX 90 OR ABOVE: 0 0.10 INCH OR MORE: 1
MIN 32 OR BELOW: 0 0.50 INCH OR MORE: 1
MIN 0 OR BELOW: 0 1.00 INCH OR MORE: 0
[HDD (BASE 65) ]
TOTAL THIS MO. 42 CLEAR (SCALE 0-3) 3
DPTR FM NORMAL 15 PTCLDY (SCALE 4-7) 18
TOTAL FM JUL 1 1147 CLOUDY (SCALE 8-10) 10
DPTR FM NORMAL 100
[CDD (BASE 65) ]
TOTAL THIS MO. 23
DPTR FM NORMAL -63 [PRESSURE DATA]
TOTAL FM JAN 1 56 HIGHEST SLP 30.10 ON 7
DPTR FM NORMAL -115 LOWEST SLP 29.79 ON 13
[REMARKS]
#FINAL-05-23#