000
CXUS51 KCAR 010700
CF6FVE
PRELIMINARY LOCAL CLIMATOLOGICAL DATA (WS FORM: F-6)
STATION: FRENCHVILLE ME
MONTH: APRIL
YEAR: 2023
LATITUDE: 47 16 N
LONGITUDE: 68 19 W
TEMPERATURE IN F: :PCPN: SNOW: WIND :SUNSHINE: SKY :PK WND
================================================================================
1 2 3 4 5 6A 6B 7 8 9 10 11 12 13 14 15 16 17 18
12Z AVG MX 2MIN
DY MAX MIN AVG DEP HDD CDD WTR SNW DPTH SPD SPD DIR MIN PSBL S-S WX SPD DR
================================================================================
1 34 29 32 1 33 0 0.08 M M 11.4 25 290 M M 10 126 37 290
2 31 16 24 -7 41 0 T M M 20.5 33 290 M M 3 50 290
3 38 12 25 -7 40 0 T M M 9.4 23 220 M M 5 38 180
4 38 21 30 -2 35 0 0.00 M M 10.6 24 330 M M 6 32 330
5 31 16 24 -8 41 0 0.17 M M 6.9 17 330 M M 5 168 22 330
6 40 26 33 0 32 0 0.01 M M 12.2 22 250 M M 9 126 33 250
7 39 21 30 -3 35 0 0.02 M M 18.0 35 280 M M 7 12 46 270
8 31 16 24 -10 41 0 0.00 M M 14.8 25 280 M M 2 36 330
9 44 23 34 0 31 0 0.00 M M 10.8 22 280 M M 2 29 270
10 58 30 44 9 21 0 0.00 M M 10.4 24 240 M M 0 33 240
11 56 41 49 14 16 0 0.02 M M 10.7 24 310 M M 6 38 300
12 47 35 41 5 24 0 T M M 14.9 28 300 M M 6 41 280
13 62 30 46 10 19 0 0.00 M M 8.1 23 310 M M 0 35 310
14 54 37 46 9 19 0 0.00 M M 11.0 23 320 M M 1 35 310
15 56 34 45 8 20 0 0.00 M M 6.9 14 130 M M 1 18 130
16 53 35 44 6 21 0 0.00 M M 7.4 13 80 M M 8 12 19 100
17 54 37 46 8 19 0 0.05 M M 9.9 21 90 M M 10 12 35 100
18 49 36 43 4 22 0 0.33 M M 9.4 18 270 M M 10 12 25 260
19 50 32 41 2 24 0 T M M 8.3 17 270 M M 6 24 240
20 42 30 36 -4 29 0 0.00 M M 12.7 22 330 M M 9 29 320
21 51 27 39 -1 26 0 T M M 7.7 17 120 M M 2 26 120
22 56 35 46 5 19 0 T M M 12.7 18 120 M M 1 26 130
23 61 36 49 7 16 0 0.00 M M 12.1 22 130 M M 1 30 110
24 52 35 44 2 21 0 0.00 M M 9.2 17 40 M M 7 24 50
25 46 34 40 -3 25 0 T M M 4.3 10 80 M M 10 1 16 80
26 52 39 46 3 19 0 T M M 4.9 12 170 M M 7 16 200
27 60 32 46 2 19 0 0.00 M M 6.8 18 330 M M 2 1 30 340
28 65 34 50 6 15 0 0.00 M M 5.0 10 310 M M 1 23 310
29 63 40 52 7 13 0 0.00 M M 9.5 14 150 M M 4 20 170
30 55 46 51 6 14 0 0.02 M M 12.0 22 110 M M 8 34 130
================================================================================
SM 1468 915 750 0 0.70 M 308.5 M 149
================================================================================
AV 48.9 30.5 10.3 FASTST M M 5 MAX(MPH)
MISC ----> 35 280 50 290
================================================================================
NOTES:
# LAST OF SEVERAL OCCURRENCES
COLUMN 17 PEAK WIND IN M.P.H.
PRELIMINARY LOCAL CLIMATOLOGICAL DATA (WS FORM: F-6) , PAGE 2
STATION: FRENCHVILLE ME
MONTH: APRIL
YEAR: 2023
LATITUDE: 47 16 N
LONGITUDE: 68 19 W
[TEMPERATURE DATA] [PRECIPITATION DATA] SYMBOLS USED IN COLUMN 16
AVERAGE MONTHLY: 39.7 TOTAL FOR MONTH: 0.70 1 = FOG OR MIST
DPTR FM NORMAL: 2.0 DPTR FM NORMAL: -1.65 2 = FOG REDUCING VISIBILITY
HIGHEST: 65 ON 28 GRTST 24HR 0.38 ON 17-18 TO 1/4 MILE OR LESS
LOWEST: 12 ON 3 3 = THUNDER
SNOW, ICE PELLETS, HAIL 4 = ICE PELLETS
TOTAL MONTH: M 5 = HAIL
GRTST 24HR M ON M 6 = FREEZING RAIN OR DRIZZLE
GRTST DEPTH: M ON M 7 = DUSTSTORM OR SANDSTORM:
VSBY 1/2 MILE OR LESS
8 = SMOKE OR HAZE
[NO. OF DAYS WITH] [WEATHER - DAYS WITH] 9 = BLOWING SNOW
X = TORNADO
MAX 32 OR BELOW: 3 0.01 INCH OR MORE: 8
MAX 90 OR ABOVE: 0 0.10 INCH OR MORE: 2
MIN 32 OR BELOW: 15 0.50 INCH OR MORE: 0
MIN 0 OR BELOW: 0 1.00 INCH OR MORE: 0
[HDD (BASE 65) ]
TOTAL THIS MO. 750 CLEAR (SCALE 0-3) 11
DPTR FM NORMAL -69 PTCLDY (SCALE 4-7) 13
TOTAL FM JUL 1 7854 CLOUDY (SCALE 8-10) 6
DPTR FM NORMAL -797
[CDD (BASE 65) ]
TOTAL THIS MO. 0
DPTR FM NORMAL 0 [PRESSURE DATA]
TOTAL FM JAN 1 0 HIGHEST SLP 30.52 ON 5
DPTR FM NORMAL 0 LOWEST SLP 29.14 ON 1
[REMARKS]
#FINAL-04-23#