000
CXUS52 KMFL 011130
CF6FXE
PRELIMINARY LOCAL CLIMATOLOGICAL DATA (WS FORM: F-6)
STATION: FORT LAUDERDALE EXEC ARPT
MONTH: JANUARY
YEAR: 2024
LATITUDE: 26 12 N
LONGITUDE: 80 11 W
TEMPERATURE IN F: :PCPN: SNOW: WIND :SUNSHINE: SKY :PK WND
================================================================================
1 2 3 4 5 6A 6B 7 8 9 10 11 12 13 14 15 16 17 18
12Z AVG MX 2MIN
DY MAX MIN AVG DEP HDD CDD WTR SNW DPTH SPD SPD DIR MIN PSBL S-S WX SPD DR
================================================================================
1 73 50 62 -6 3 0 0.00 0.0 0 3.1 13 260 M M 0 18 19 280
2 71 53 62 -6 3 0 0.00 0.0 0 5.2 15 340 M M 0 22 350
3 73 53 63 -5 2 0 0.00 0.0 0 4.0 17 150 M M 2 23 150
4 78 57 68 0 0 3 T 0.0 0 6.7 21 270 M M 4 29 270
5 78 60 69 1 0 4 T 0.0 0 12.8 22 90 M M 7 29 120
6 78 70 74 6 0 9 0.29 0.0 0 9.6 18 180 M M 6 1 28 140
7 72 60 66 -2 0 1 0.18 0.0 0 5.6 15 340 M M 5 1 25 330
8 75 60 68 0 0 3 0.00 0.0 0 13.1 25 110 M M 5 40 100
9 80 65 73 5 0 8 0.05 0.0 0 16.5 26 190 M M 7 1 45 190
10 72 64 68 0 0 3 0.01 M M 4.5 10 320 M M 6 17 290
11 70 62 66 -2 0 1 0.29 M M 4.9 15 80 M M 10 1 20 70
12 88 70 79 12 0 14 0.14 M M 9.4 20 230 M M 6 1 28 200
13 85 67 76 9 0 11 0.01 M M 8.9 24 220 M M 6 1 33 210
14 72 64 68 1 0 3 0.77 M M 8.5 20 90 M M 10 13 25 80
15 81 72 77 10 0 12 0.00 0.0 0 9.8 20 140 M M 6 26 140
16 87 72 80 13 0 15 T 0.0 0 7.5 20 220 M M 3 28 210
17 73 65 69 2 0 4 T 0.0 0 7.8 15 30 M M 8 1 25 300
18 81 70 76 9 0 11 0.00 0.0 0 7.7 17 110 M M 7 21 100
19 76 68 72 5 0 7 0.01 0.0 0 4.5 12 290 M M 7 19 310
20 73 56 65 -2 0 0 0.00 M M 8.1 14 340 M M 2 22 350
21 72 51 62 -5 3 0 0.00 M M 12.2 21 70 M M 4 29 60
22 73 65 69 2 0 4 T M M 17.8 28 90 M M 9 36 80
23 80 68 74 6 0 9 0.01 0.0 0 15.2 24 100 M M 5 35 110
24 81 74 78 10 0 13 0.00 0.0 0 15.0 23 110 M M 3 31 130
25 80 74 77 9 0 12 0.00 0.0 0 10.9 20 120 M M 4 26 110
26 83 73 78 10 0 13 T 0.0 0 9.2 16 120 M M 3 20 110
27 82 73 78 10 0 13 T 0.0 0 9.6 22 140 M M 5 1 31 140
28 85 59 72 4 0 7 0.16 0.0 0 10.2 23 240 M M 4 1 33 280
29 65 51 58 -10 7 0 0.00 M M 9.3 18 310 M M 1 29 310
30 73 50 62 -6 3 0 0.00 0.0 0 5.6 12 300 M M 2 19 310
31 74 52 63 -5 2 0 0.00 0.0 0 8.5 17 270 M M 0 26 270
================================================================================
SM 2384 1948 23 180 1.92 0.0 281.7 M 147
================================================================================
AV 76.9 62.8 9.1 FASTST M M 5 MAX(MPH)
MISC ----> 28 90 45 190
================================================================================
NOTES:
# LAST OF SEVERAL OCCURRENCES
COLUMN 17 PEAK WIND IN M.P.H.
PRELIMINARY LOCAL CLIMATOLOGICAL DATA (WS FORM: F-6) , PAGE 2
STATION: FORT LAUDERDALE EXEC ARPT
MONTH: JANUARY
YEAR: 2024
LATITUDE: 26 12 N
LONGITUDE: 80 11 W
[TEMPERATURE DATA] [PRECIPITATION DATA] SYMBOLS USED IN COLUMN 16
AVERAGE MONTHLY: 69.9 TOTAL FOR MONTH: 1.92 1 = FOG OR MIST
DPTR FM NORMAL: 2.2 DPTR FM NORMAL: -0.46 2 = FOG REDUCING VISIBILITY
HIGHEST: 88 ON 12 GRTST 24HR 1.03 ON 6- 7 TO 1/4 MILE OR LESS
LOWEST: 50 ON 30, 1 3 = THUNDER
SNOW, ICE PELLETS, HAIL 4 = ICE PELLETS
TOTAL MONTH: 0.0 INCH 5 = HAIL
GRTST 24HR 0.0 6 = FREEZING RAIN OR DRIZZLE
GRTST DEPTH: 0 7 = DUSTSTORM OR SANDSTORM:
VSBY 1/2 MILE OR LESS
8 = SMOKE OR HAZE
[NO. OF DAYS WITH] [WEATHER - DAYS WITH] 9 = BLOWING SNOW
X = TORNADO
MAX 32 OR BELOW: 0 0.01 INCH OR MORE: 11
MAX 90 OR ABOVE: 0 0.10 INCH OR MORE: 6
MIN 32 OR BELOW: 0 0.50 INCH OR MORE: 1
MIN 0 OR BELOW: 0 1.00 INCH OR MORE: 0
[HDD (BASE 65) ]
TOTAL THIS MO. 23 CLEAR (SCALE 0-3) 8
DPTR FM NORMAL -35 PTCLDY (SCALE 4-7) 19
TOTAL FM JUL 1 39 CLOUDY (SCALE 8-10) 4
DPTR FM NORMAL -63
[CDD (BASE 65) ]
TOTAL THIS MO. 180
DPTR FM NORMAL 40 [PRESSURE DATA]
TOTAL FM JAN 1 180 HIGHEST SLP 30.41 ON 22
DPTR FM NORMAL 40 LOWEST SLP 29.81 ON 9
[REMARKS]
#FINAL-01-24#