000
CXUS54 KTSA 011109
CF6FYV
PRELIMINARY LOCAL CLIMATOLOGICAL DATA (WS FORM: F-6)
STATION: FAYETTEVILLE ARKANSAS
MONTH: SEPTEMBER
YEAR: 2021
LATITUDE: 36 0 N
LONGITUDE: 94 10 W
TEMPERATURE IN F: :PCPN: SNOW: WIND :SUNSHINE: SKY :PK WND
================================================================================
1 2 3 4 5 6A 6B 7 8 9 10 11 12 13 14 15 16 17 18
12Z AVG MX 2MIN
DY MAX MIN AVG DEP HDD CDD WTR SNW DPTH SPD SPD DIR MIN PSBL S-S WX SPD DR
================================================================================
1 95 67 81 7 0 16 0.00 0.0 0 3.5 13 340 M M 1 18 310
2 90 71 81 7 0 16 T 0.0 0 5.1 13 160 M M 3 17 170
3 92 67 80 7 0 15 0.00 0.0 0 5.9 15 220 M M 0 22 210
4 95 73 84 11 0 19 0.18 0.0 0 7.5 22 330 M M 6 1 30 340
5 88 70 79 6 0 14 0.81 0.0 0 4.6 10 40 M M 5 13 13 50
6 90 60 75 3 0 10 0.00 0.0 0 3.0 12 200 M M 0 12 200
7 91 59 75 3 0 10 0.00 0.0 0 6.7 12 200 M M 0 12 200
8 86 58 72 0 0 7 0.00 0.0 0 7.4 20 340 M M 1 3 31 360
9 89 52 71 0 0 6 0.00 0.0 0 2.2 9 300 M M 0 13 310
10 90 57 74 3 0 9 0.00 0.0 0 4.7 16 200 M M 0 22 210
11 91 63 77 6 0 12 0.00 0.0 0 6.7 16 180 M M 0 23 180
12 88 59 74 4 0 9 0.00 0.0 0 4.1 13 170 M M 0 20 220
13 91 57 74 4 0 9 0.00 0.0 0 6.4 18 180 M M 1 25 170
14 91 67 79 9 0 14 0.00 0.0 0 5.2 15 210 M M 2 21 230
15 89 65 77 8 0 12 0.00 0.0 0 3.7 16 350 M M 2 23 340
16 90 61 76 7 0 11 0.00 0.0 0 2.5 13 120 M M 1 19 130
17 90 61 76 7 0 11 0.00 0.0 0 2.5 15 80 M M 2 1 26 80
18 90 61 76 8 0 11 0.00 0.0 0 3.6 14 80 M M 1 22 60
19 88 63 76 8 0 11 0.00 0.0 0 2.7 13 120 M M 2 1 19 120
20 93 67 80 12 0 15 T 0.0 0 8.0 18 350 M M 1 3 30 340
21 77 50 64 -3 1 0 0.74 0.0 0 8.0 28 320 M M 6 13 42 300
22 75 44 60 -7 5 0 0.00 0.0 0 5.2 20 330 M M 0 27 330
23 79 41 60 -6 5 0 0.00 0.0 0 2.3 10 340 M M 0 20 360
24 82 44 63 -3 2 0 0.00 0.0 0 3.6 15 180 M M 0 20 180
25 82 48 65 -1 0 0 0.00 0.0 0 2.5 14 320 M M 0 18 40
26 89 47 68 3 0 3 0.00 0.0 0 5.3 21 200 M M 0 31 210
27 89 55 72 7 0 7 0.00 0.0 0 4.6 17 230 M M 0 24 210
28 88 56 72 8 0 7 0.00 0.0 0 2.8 14 180 M M 0 1 18 180
29 85 63 74 10 0 9 0.00 0.0 0 4.8 14 120 M M 2 19 150
30 87 62 75 11 0 10 0.20 0.0 0 2.9 15 180 M M 4 13 17 180
================================================================================
SM 2640 1768 13 273 1.93 0.0 138.0 M 40
================================================================================
AV 88.0 58.9 4.6 FASTST M M 1 MAX(MPH)
MISC ----> 28 320 42 300
================================================================================
NOTES:
# LAST OF SEVERAL OCCURRENCES
COLUMN 17 PEAK WIND IN M.P.H.
PRELIMINARY LOCAL CLIMATOLOGICAL DATA (WS FORM: F-6) , PAGE 2
STATION: FAYETTEVILLE ARKANSAS
MONTH: SEPTEMBER
YEAR: 2021
LATITUDE: 36 0 N
LONGITUDE: 94 10 W
[TEMPERATURE DATA] [PRECIPITATION DATA] SYMBOLS USED IN COLUMN 16
AVERAGE MONTHLY: 73.5 TOTAL FOR MONTH: 1.93 1 = FOG OR MIST
DPTR FM NORMAL: 4.5 DPTR FM NORMAL: -2.33 2 = FOG REDUCING VISIBILITY
HIGHEST: 95 ON 4, 1 GRTST 24HR 0.99 ON 4- 5 TO 1/4 MILE OR LESS
LOWEST: 41 ON 23 3 = THUNDER
SNOW, ICE PELLETS, HAIL 4 = ICE PELLETS
TOTAL MONTH: 0.0 INCH 5 = HAIL
GRTST 24HR 0.0 6 = FREEZING RAIN OR DRIZZLE
GRTST DEPTH: 0 7 = DUSTSTORM OR SANDSTORM:
VSBY 1/2 MILE OR LESS
8 = SMOKE OR HAZE
[NO. OF DAYS WITH] [WEATHER - DAYS WITH] 9 = BLOWING SNOW
X = TORNADO
MAX 32 OR BELOW: 0 0.01 INCH OR MORE: 4
MAX 90 OR ABOVE: 14 0.10 INCH OR MORE: 4
MIN 32 OR BELOW: 0 0.50 INCH OR MORE: 2
MIN 0 OR BELOW: 0 1.00 INCH OR MORE: 0
[HDD (BASE 65) ]
TOTAL THIS MO. 13 CLEAR (SCALE 0-3) 26
DPTR FM NORMAL -28 PTCLDY (SCALE 4-7) 4
TOTAL FM JUL 1 13 CLOUDY (SCALE 8-10) 0
DPTR FM NORMAL -28
[CDD (BASE 65) ]
TOTAL THIS MO. 273
DPTR FM NORMAL 112 [PRESSURE DATA]
TOTAL FM JAN 1 1508 HIGHEST SLP 30.33 ON 22
DPTR FM NORMAL 188 LOWEST SLP 29.76 ON 1
[REMARKS]
#FINAL-09-21#