000
CXUS54 KTSA 011100
CLMFYV
CLIMATE REPORT
NATIONAL WEATHER SERVICE TULSA OK
1030 AM CDT WED NOV 01 2023
...................................
...THE FAYETTEVILLE ARKANSAS CLIMATE SUMMARY FOR THE MONTH OF OCTOBER 2023...
CLIMATE NORMAL PERIOD 1991 TO 2020
CLIMATE RECORD PERIOD 1905 TO 2023
WEATHER OBSERVED NORMAL DEPART LAST YEAR`S
VALUE DATE(S) VALUE FROM VALUE DATE(S)
NORMAL
................................................................
TEMPERATURE (F)
RECORD
HIGH 93 10/08/1963
10/03/1963
10/02/1953
LOW 17 10/30/1998
10/29/1952
HIGHEST 89 10/01 96 -7 88 10/15
LOWEST 23 10/31 17 6 22 10/19
AVG. MAXIMUM 73.1 70.9 2.2 74.5
AVG. MINIMUM 48.5 45.2 3.3 44.6
MEAN 60.8 58.0 2.8 59.6
DAYS MAX >= 90 0 0.0 0.0 0
DAYS MAX <= 32 0 0.0 0.0 0
DAYS MIN <= 32 2 2.8 -0.8 3
DAYS MIN <= 0 0 0.0 0.0 0
PRECIPITATION (INCHES)
RECORD
MAXIMUM 12.07 2019
MINIMUM 0.03 1963
TOTALS 3.47 4.48 -1.01 3.21
DAILY AVG. 0.11 0.14 -0.03 0.10
DAYS >= .01 8 9.8 -1.8 7
DAYS >= .10 5 5.9 -0.9 5
DAYS >= .50 3 3.0 0.0 2
DAYS >= 1.00 0 1.5 -1.5 1
GREATEST
24 HR. TOTAL 1.17 10/28 TO 10/29
SNOWFALL (INCHES)
RECORDS
TOTAL 0.3 1993
TOTALS 0.0 0.0 0.0 0.0
SINCE 7/1 0.0 0.0 0.0 MM
SNOWDEPTH AVG. 0 0
DAYS >= TRACE 0 0.0 0.0 0
DAYS >= 1.0 0 0.0 0.0 0
GREATEST
SNOW DEPTH 0 0 MM
24 HR TOTAL MM
DEGREE DAYS
HEATING TOTAL 186 244 -58 197
SINCE 7/1 186 287 -101 MM
COOLING TOTAL 66 29 37 36
SINCE 1/1 1786 1349 437 MM
................................................................
WIND (MPH)
AVERAGE WIND SPEED 6.1
HIGHEST WIND SPEED/DIRECTION 26/180 DATE 10/11
26/180 10/24
HIGHEST GUST SPEED/DIRECTION 38/180 DATE 10/24
SKY COVER
POSSIBLE SUNSHINE (PERCENT) MM
AVERAGE SKY COVER 0.31
NUMBER OF DAYS FAIR 19
NUMBER OF DAYS PC 7
NUMBER OF DAYS CLOUDY 5
AVERAGE RH (PERCENT) 68
WEATHER CONDITIONS. NUMBER OF DAYS WITH
THUNDERSTORM 2 MIXED PRECIP 0
HEAVY RAIN 5 RAIN 5
LIGHT RAIN 10 FREEZING RAIN 0
LT FREEZING RAIN 0 HAIL 0
HEAVY SNOW 0 SNOW 0
LIGHT SNOW 0 SLEET 0
FOG 17 FOG W/VIS <= 1/4 MILE 0
HAZE 5
- INDICATES NEGATIVE NUMBERS.
R INDICATES RECORD WAS SET OR TIED.
MM INDICATES DATA IS MISSING.
T INDICATES TRACE AMOUNT.
$$