000
CXUS54 KOUN 010700
CF6GAG
PRELIMINARY LOCAL CLIMATOLOGICAL DATA (WS FORM: F-6)
STATION: GAGE
MONTH: MARCH
YEAR: 2020
LATITUDE: 36 17 N
LONGITUDE: 99 46 W
TEMPERATURE IN F: :PCPN: SNOW: WIND :SUNSHINE: SKY :PK WND
================================================================================
1 2 3 4 5 6A 6B 7 8 9 10 11 12 13 14 15 16 17 18
12Z AVG MX 2MIN
DY MAX MIN AVG DEP HDD CDD WTR SNW DPTH SPD SPD DIR MIN PSBL S-S WX SPD DR
================================================================================
1 74 34 54 11 11 0 0.00 0.0 0 11.8 28 180 M M 0 37 180
2 59 33 46 3 19 0 0.00 0.0 0 8.1 21 20 M M 0 24 10
3 66 32 49 6 16 0 0.00 0.0 0 6.2 18 330 M M 0 23 330
4 61 31 46 2 19 0 0.00 0.0 0 8.1 16 40 M M 0 21 30
5 63 24 44 0 21 0 0.00 0.0 0 10.6 26 20 M M 0 34 10
6 69 19 44 0 21 0 0.00 0.0 0 13.0 26 190 M M 0 32 190
7 71 41 56 11 9 0 0.00 0.0 0 23.8 37 180 M M 0 49 180
8 57 44 51 6 14 0 0.17 M 0 22.2 33 180 M M 4 1 41 180
9 62 40 51 6 14 0 0.01 0.0 0 15.6 30 170 M M 5 36 170
10 75 34 55 9 10 0 0.00 0.0 0 13.8 25 180 M M 0 32 170
11 75 44 60 14 5 0 0.00 0.0 0 10.1 25 180 M M 2 1 33 180
12 78 50 64 18 1 0 0.00 0.0 0 15.3 25 200 M M 0 31 200
13 50 37 44 -2 21 0 0.41 M 0 14.9 25 60 M M 9 138 34 70
14 48 37 43 -4 22 0 0.19 M 0 M M M M M 9 1 M M
15 42 36 39 -8 26 0 0.28 M 0 5.5 12 100 M M 10 13 15 90
16 63 41 52 5 13 0 T M 0 8.5 15 60 M M 9 1 19 70
17 52 43 48 0 17 0 0.12 M 0 10.4 17 120 M M 10 1 23 110
18 83 50 67 19 0 2 0.00 0.0 0 14.1 24 210 M M 4 1 31 210
19 73 41 57 9 8 0 0.04 0.0 0 22.2 40 240 M M 3 1 49 320
20 50 29 40 -9 25 0 0.00 0.0 0 15.2 33 330 M M 5 44 330
21 56 26 41 -8 24 0 0.10 0.0 0 9.6 20 160 M M 4 1 24 160
22 73 41 57 8 8 0 0.00 0.0 0 9.9 21 150 M M 5 1 26 150
23 64 48 56 6 9 0 0.00 0.0 0 7.8 14 160 M M 10 18 17 150
24 74 50 62 12 3 0 0.14 0.0 0 7.4 16 160 M M 6 123 21 150
25 91 50 71 21 0 6 0.00 0.0 0 18.1 24 180 M M 0 35 190
26 97 50 74 24 0 9 0.00 0.0 0 9.4 29 240 M M 0 37 240
27 87 53 70 19 0 5 0.00 0.0 0 11.5 25 210 M M 2 31 220
28 67 37 52 1 13 0 0.00 0.0 0 20.6 40 300 M M 3 51 300
29 69 30 50 -1 15 0 0.00 0.0 0 9.9 20 180 M M 0 23 200
30 57 47 52 0 13 0 0.30 M 0 11.4 26 150 M M 6 18 32 120
31 68 47 58 6 7 0 0.03 M 0 8.1 21 180 M M 6 1 25 180
================================================================================
SM 2074 1219 384 22 1.79 0.0 373.1 M 112
================================================================================
AV 66.9 39.3 12.4 FASTST M M 4 MAX(MPH)
MISC ----> # 40 240 # 51 300
================================================================================
NOTES:
# LAST OF SEVERAL OCCURRENCES
COLUMN 17 PEAK WIND IN M.P.H.
PRELIMINARY LOCAL CLIMATOLOGICAL DATA (WS FORM: F-6) , PAGE 2
STATION: GAGE
MONTH: MARCH
YEAR: 2020
LATITUDE: 36 17 N
LONGITUDE: 99 46 W
[TEMPERATURE DATA] [PRECIPITATION DATA] SYMBOLS USED IN COLUMN 16
AVERAGE MONTHLY: 53.1 TOTAL FOR MONTH: 1.79 1 = FOG OR MIST
DPTR FM NORMAL: 5.8 DPTR FM NORMAL: -0.09 2 = FOG REDUCING VISIBILITY
HIGHEST: 97 ON 26 GRTST 24HR 0.41 ON 13-13 TO 1/4 MILE OR LESS
LOWEST: 19 ON 6 3 = THUNDER
SNOW, ICE PELLETS, HAIL 4 = ICE PELLETS
TOTAL MONTH: 0.0 INCH 5 = HAIL
GRTST 24HR 0.0 6 = FREEZING RAIN OR DRIZZLE
GRTST DEPTH: 0 7 = DUSTSTORM OR SANDSTORM:
VSBY 1/2 MILE OR LESS
8 = SMOKE OR HAZE
[NO. OF DAYS WITH] [WEATHER - DAYS WITH] 9 = BLOWING SNOW
X = TORNADO
MAX 32 OR BELOW: 0 0.01 INCH OR MORE: 11
MAX 90 OR ABOVE: 2 0.10 INCH OR MORE: 8
MIN 32 OR BELOW: 7 0.50 INCH OR MORE: 0
MIN 0 OR BELOW: 0 1.00 INCH OR MORE: 0
[HDD (BASE 65) ]
TOTAL THIS MO. 384 CLEAR (SCALE 0-3) 15
DPTR FM NORMAL -169 PTCLDY (SCALE 4-7) 10
TOTAL FM JUL 1 3631 CLOUDY (SCALE 8-10) 6
DPTR FM NORMAL -394
[CDD (BASE 65) ]
TOTAL THIS MO. 22
DPTR FM NORMAL 17 [PRESSURE DATA]
TOTAL FM JAN 1 22 HIGHEST SLP M ON M
DPTR FM NORMAL 17 LOWEST SLP 29.53 ON 28
[REMARKS]
#FINAL-03-20#