000
CXUS53 KUNR 011030
CF6GCC
PRELIMINARY LOCAL CLIMATOLOGICAL DATA (WS FORM: F-6)
STATION: GILLETTE AIRPORT WY
MONTH: DECEMBER
YEAR: 2022
LATITUDE: 44 20 N
LONGITUDE: 105 32 W
TEMPERATURE IN F: :PCPN: SNOW: WIND :SUNSHINE: SKY :PK WND
================================================================================
1 2 3 4 5 6A 6B 7 8 9 10 11 12 13 14 15 16 17 18
12Z AVG MX 2MIN
DY MAX MIN AVG DEP HDD CDD WTR SNW DPTH SPD SPD DIR MIN PSBL S-S WX SPD DR
================================================================================
1 50 33 42 14 23 0 0.00 M M 24.3 37 200 M M 0 48 200
2 45 5 25 -3 40 0 0.09 M M 13.0 31 230 M M 3 18 43 230
3 36 7 22 -5 43 0 0.00 M M 16.7 26 230 M M 0 35 230
4 47 9 28 1 37 0 0.00 M M 6.5 24 210 M M 2 32 210
5 33 16 25 -2 40 0 T M M 7.1 20 230 M M 5 1 26 230
6 36 10 23 -3 42 0 0.00 M M 8.2 25 230 M M 2 1 33 230
7 42 2 22 -4 43 0 0.00 M M 5.5 18 220 M M 3 1 24 220
8 43 5 24 -2 41 0 0.00 M M 4.7 21 210 M M 0 27 210
9 42 15 29 3 36 0 0.00 M M 17.2 37 210 M M 1 50 210
10 43 15 29 3 36 0 0.00 M M 12.9 30 230 M M 0 39 220
11 53 33 43 18 22 0 0.00 M M 19.5 35 220 M M 0 46 230
12 39 10 25 0 40 0 T M M 15.6 24 350 M M 7 1 32 340
13 13 8 11 -14 54 0 0.15 M M 19.4 25 320 M M 5 18 36 320
14 22 12 17 -8 48 0 0.24 M M 20.2 35 320 M M 0 18 44 320
15 20 15 18 -7 47 0 0.04 M M 29.6 39 310 M M 0 18 56 310
16 22 12 17 -8 48 0 0.01 M M 16.2 37 320 M M 0 18 49 320
17 25 14 20 -5 45 0 0.00 M M 12.5 20 220 M M 0 24 210
18 20 -1 10 -15 55 0 T M M 5.1 14 340 M M 0 128 18 190
19 11 -12 0 -25 65 0 T M M 2.7 10 40 M M 3 18 13 30
20 7 -5 1 -24 64 0 0.00 M M 5.8 16 160 M M 6 18 19 160
21 -1 -29 -15 -40 80 0 0.02 M M 14.9 32 340 M M 4 18 41 340
22 -12 -29 -20 -45 85 0 0.00 M M 12.0 25 300 M M 0 34 300
23 8 -26 -9 -34 74 0 0.00 M M 7.8 22 160 M M 3 29 160
24 38 7 23 -2 42 0 0.00 M M 7.6 22 190 M M 6 27 190
25 44 26 35 10 30 0 0.03 M M 16.2 31 330 M M 3 1 43 330
26 45 21 33 8 32 0 0.00 M M 17.4 29 230 M M 0 36 220
27 48 43 46 21 19 0 0.00 M M 30.2 45 220 M M 1 62 220
28 48 25 37 12 28 0 0.00 M M 9.9 33 220 M M 5 44 220
29 39 20 30 5 35 0 0.00 M M 7.3 15 300 M M 6 19 280
30 38 20 29 4 36 0 0.00 M M 9.3 22 230 M M 0 29 220
31 43 23 33 8 32 0 0.00 M M 5.6 18 340 M M 4 23 350
================================================================================
SM 987 304 1362 0 0.58 M 400.9 M 69
================================================================================
AV 31.8 9.8 12.9 FASTST M M 2 MAX(MPH)
MISC ----> 45 220 62 220
================================================================================
NOTES:
# LAST OF SEVERAL OCCURRENCES
COLUMN 17 PEAK WIND IN M.P.H.
PRELIMINARY LOCAL CLIMATOLOGICAL DATA (WS FORM: F-6) , PAGE 2
STATION: GILLETTE AIRPORT WY
MONTH: DECEMBER
YEAR: 2022
LATITUDE: 44 20 N
LONGITUDE: 105 32 W
[TEMPERATURE DATA] [PRECIPITATION DATA] SYMBOLS USED IN COLUMN 16
AVERAGE MONTHLY: 20.8 TOTAL FOR MONTH: 0.58 1 = FOG OR MIST
DPTR FM NORMAL: -4.6 DPTR FM NORMAL: 0.22 2 = FOG REDUCING VISIBILITY
HIGHEST: 53 ON 11 GRTST 24HR 0.35 ON 13-14 TO 1/4 MILE OR LESS
LOWEST: -29 ON 22,21 3 = THUNDER
SNOW, ICE PELLETS, HAIL 4 = ICE PELLETS
TOTAL MONTH: M 5 = HAIL
GRTST 24HR M ON M 6 = FREEZING RAIN OR DRIZZLE
GRTST DEPTH: M ON M 7 = DUSTSTORM OR SANDSTORM:
VSBY 1/2 MILE OR LESS
8 = SMOKE OR HAZE
[NO. OF DAYS WITH] [WEATHER - DAYS WITH] 9 = BLOWING SNOW
X = TORNADO
MAX 32 OR BELOW: 11 0.01 INCH OR MORE: 7
MAX 90 OR ABOVE: 0 0.10 INCH OR MORE: 2
MIN 32 OR BELOW: 28 0.50 INCH OR MORE: 0
MIN 0 OR BELOW: 6 1.00 INCH OR MORE: 0
[HDD (BASE 65) ]
TOTAL THIS MO. 1362 CLEAR (SCALE 0-3) 21
DPTR FM NORMAL 136 PTCLDY (SCALE 4-7) 10
TOTAL FM JUL 1 3131 CLOUDY (SCALE 8-10) 0
DPTR FM NORMAL 90
[CDD (BASE 65) ]
TOTAL THIS MO. 0
DPTR FM NORMAL 0 [PRESSURE DATA]
TOTAL FM JAN 1 735 HIGHEST SLP 30.86 ON 22
DPTR FM NORMAL 216 LOWEST SLP 29.19 ON 27
[REMARKS]
#FINAL-12-22#