000
CXUS53 KUNR 010930
CF6GCC
PRELIMINARY LOCAL CLIMATOLOGICAL DATA (WS FORM: F-6)
STATION: GILLETTE AIRPORT WY
MONTH: MAY
YEAR: 2021
LATITUDE: 44 20 N
LONGITUDE: 105 32 W
TEMPERATURE IN F: :PCPN: SNOW: WIND :SUNSHINE: SKY :PK WND
================================================================================
1 2 3 4 5 6A 6B 7 8 9 10 11 12 13 14 15 16 17 18
12Z AVG MX 2MIN
DY MAX MIN AVG DEP HDD CDD WTR SNW DPTH SPD SPD DIR MIN PSBL S-S WX SPD DR
================================================================================
1 75 42 59 13 6 0 0.00 M M 4.9 16 360 M M 2 22 360
2 52 42 47 0 18 0 0.06 M M 16.7 25 340 M M 8 1 32 330
3 54 33 44 -3 21 0 T M M 8.5 23 10 M M 7 30 30
4 62 33 48 0 17 0 0.00 M M 10.4 29 330 M M 4 36 340
5 58 30 44 -4 21 0 0.03 M M 11.5 37 290 M M 4 13 47 300
6 68 34 51 3 14 0 0.00 M M 4.8 13 30 M M 0 8 19 20
7 76 41 59 10 6 0 0.00 M M 22.1 39 160 M M 0 52 150
8 60 27 44 -5 21 0 0.04 M M 12.9 28 340 M M 7 1 36 300
9 54 26 40 -10 25 0 0.00 M M 9.1 24 320 M M 5 34 310
10 53 23 38 -12 27 0 0.00 M M 4.6 13 150 M M 7 12 18 30
11 56 30 43 -7 22 0 0.00 M M 13.7 26 170 M M 4 35 160
12 61 35 48 -3 17 0 0.00 M M 10.0 29 350 M M 3 8 37 350
13 68 37 53 2 12 0 0.01 M M 10.3 29 280 M M 2 3 42 280
14 65 41 53 2 12 0 0.01 M M 4.6 21 230 M M 6 28 240
15 62 45 54 2 11 0 0.13 M M 6.4 17 90 M M 8 25 80
16 72 39 56 4 9 0 0.00 M M 4.5 13 160 M M 2 1 18 80
17 75 48 62 9 3 0 0.00 M M 13.6 23 160 M M 1 30 160
18 84 52 68 15 0 3 0.00 M M 12.0 26 170 M M 1 32 160
19 75 49 62 9 3 0 0.00 M M 12.9 25 340 M M 1 33 330
20 83 41 62 8 3 0 T M M 15.2 33 300 M M 3 18 44 310
21 41 34 38 -16 27 0 0.04 M M 13.4 23 340 M M 10 1 31 340
22 52 33 43 -11 22 0 0.05 M M 8.1 15 30 M M 10 1 21 20
23 73 48 61 6 4 0 0.00 M M 19.5 39 210 M M 6 1 53 200
24 72 46 59 4 6 0 0.00 M M 19.7 35 230 M M 1 47 240
25 71 36 54 -2 11 0 0.00 M M 11.1 24 340 M M 1 33 310
26 68 34 51 -5 14 0 0.24 M M 12.8 33 330 M M 3 13 49 330
27 62 42 52 -4 13 0 0.00 M M 11.2 29 170 M M 6 35 180
28 76 41 59 3 6 0 T M M 16.0 29 330 M M 4 38 160
29 68 43 56 -1 9 0 0.16 M M 10.4 21 30 M M 5 1 27 40
30 71 38 55 -2 10 0 T M M 4.8 15 180 M M 2 19 50
31 78 43 61 4 4 0 T M M 11.0 22 170 M M 1 29 160
================================================================================
SM 2045 1186 394 3 0.77 M 346.7 M 124
================================================================================
AV 66.0 38.3 11.2 FASTST M M 4 MAX(MPH)
MISC ----> # 39 160 53 200
================================================================================
NOTES:
# LAST OF SEVERAL OCCURRENCES
COLUMN 17 PEAK WIND IN M.P.H.
PRELIMINARY LOCAL CLIMATOLOGICAL DATA (WS FORM: F-6) , PAGE 2
STATION: GILLETTE AIRPORT WY
MONTH: MAY
YEAR: 2021
LATITUDE: 44 20 N
LONGITUDE: 105 32 W
[TEMPERATURE DATA] [PRECIPITATION DATA] SYMBOLS USED IN COLUMN 16
AVERAGE MONTHLY: 52.1 TOTAL FOR MONTH: 0.77 1 = FOG OR MIST
DPTR FM NORMAL: 0.0 DPTR FM NORMAL: -1.86 2 = FOG REDUCING VISIBILITY
HIGHEST: 84 ON 18 GRTST 24HR 0.24 ON 26-26 TO 1/4 MILE OR LESS
LOWEST: 23 ON 10 3 = THUNDER
SNOW, ICE PELLETS, HAIL 4 = ICE PELLETS
TOTAL MONTH: M 5 = HAIL
GRTST 24HR M ON M 6 = FREEZING RAIN OR DRIZZLE
GRTST DEPTH: M ON M 7 = DUSTSTORM OR SANDSTORM:
VSBY 1/2 MILE OR LESS
8 = SMOKE OR HAZE
[NO. OF DAYS WITH] [WEATHER - DAYS WITH] 9 = BLOWING SNOW
X = TORNADO
MAX 32 OR BELOW: 0 0.01 INCH OR MORE: 10
MAX 90 OR ABOVE: 0 0.10 INCH OR MORE: 3
MIN 32 OR BELOW: 5 0.50 INCH OR MORE: 0
MIN 0 OR BELOW: 0 1.00 INCH OR MORE: 0
[HDD (BASE 65) ]
TOTAL THIS MO. 394 CLEAR (SCALE 0-3) 15
DPTR FM NORMAL -13 PTCLDY (SCALE 4-7) 14
TOTAL FM JUL 1 7238 CLOUDY (SCALE 8-10) 2
DPTR FM NORMAL -120
[CDD (BASE 65) ]
TOTAL THIS MO. 3
DPTR FM NORMAL -4 [PRESSURE DATA]
TOTAL FM JAN 1 5 HIGHEST SLP 30.36 ON 6
DPTR FM NORMAL -2 LOWEST SLP 29.49 ON 20
[REMARKS]
#FINAL-05-21#