000
CXUS53 KDDC 011516
CF6GCK
PRELIMINARY LOCAL CLIMATOLOGICAL DATA (WS FORM: F-6)
STATION: GARDEN CITY REGIONAL ARPT KS
MONTH: FEBRUARY
YEAR: 2023
LATITUDE: 37 55 N
LONGITUDE: 100 43 W
TEMPERATURE IN F: :PCPN: SNOW: WIND :SUNSHINE: SKY :PK WND
================================================================================
1 2 3 4 5 6A 6B 7 8 9 10 11 12 13 14 15 16 17 18
12Z AVG MX 2MIN
DY MAX MIN AVG DEP HDD CDD WTR SNW DPTH SPD SPD DIR MIN PSBL S-S WX SPD DR
================================================================================
1 34 -1 17 -15 48 0 0.00 M M 6.3 12 310 M M 0 16 250
2 40 11 26 -6 39 0 0.00 M M 11.3 24 360 M M 0 29 10
3 56 13 35 3 30 0 0.00 M M 7.5 17 200 M M 1 12 22 200
4 53 25 39 6 26 0 0.00 M M 10.4 20 340 M M 0 24 350
5 61 23 42 9 23 0 0.00 M M 10.4 23 150 M M 0 30 150
6 52 28 40 7 25 0 0.00 M M 15.9 33 350 M M 0 42 350
7 51 26 39 6 26 0 0.00 M M 10.7 22 350 M M 0 8 29 350
8 51 20 36 3 29 0 0.00 M M 7.6 14 300 M M 1 18 340
9 42 26 34 1 31 0 T M M 23.6 39 360 M M 6 49 360
10 42 17 30 -4 35 0 0.00 M M 7.5 20 360 M M 1 25 10
11 61 15 38 4 27 0 0.00 M M 12.9 24 190 M M 0 35 190
12 58 21 40 6 25 0 0.00 M M 14.4 26 340 M M 0 35 340
13 62 19 41 7 24 0 0.00 M M 12.8 25 180 M M 1 34 180
14 50 32 41 7 24 0 T M M 16.4 43 360 M M 5 56 360
15 33 11 22 -12 43 0 0.15 M M 18.4 33 50 M M 8 12 41 50
16 25 8 17 -18 48 0 T M M 15.3 28 340 M M 3 1 35 340
17 49 2 26 -9 39 0 0.00 M M 10.4 20 230 M M 0 26 240
18 52 23 38 3 27 0 0.00 M M 15.1 38 200 M M 1 49 200
19 55 24 40 5 25 0 0.00 M M 8.6 23 80 M M 0 30 70
20 60 20 40 4 25 0 0.00 M M 7.0 17 60 M M 0 22 90
21 71 25 48 12 17 0 0.00 M M 13.1 31 210 M M 2 78 41 210
22 53 9 31 -5 34 0 T M M 18.7 31 360 M M 7 16 42 360
23 24 2 13 -24 52 0 0.00 M M 14.8 35 350 M M 1 42 350
24 37 7 22 -15 43 0 0.00 M M 8.7 15 80 M M 0 20 110
25 54 15 35 -2 30 0 0.00 M M 9.8 17 130 M M 0 23 140
26 75 29 52 14 13 0 0.03 M M 13.8 49 250 M M 2 138 66 250
27 64 36 50 12 15 0 0.00 M M 13.6 24 300 M M 0 30 310
28 66 21 44 6 21 0 0.00 M M 13.6 41 260 M M 0 1278 54 270
================================================================================
SM 1431 507 844 0 0.18 M 348.6 M 39
================================================================================
AV 51.1 18.1 12.5 FASTST M M 1 MAX(MPH)
MISC ----> 49 250 66 250
================================================================================
NOTES:
# LAST OF SEVERAL OCCURRENCES
COLUMN 17 PEAK WIND IN M.P.H.
PRELIMINARY LOCAL CLIMATOLOGICAL DATA (WS FORM: F-6) , PAGE 2
STATION: GARDEN CITY REGIONAL ARPT KS
MONTH: FEBRUARY
YEAR: 2023
LATITUDE: 37 55 N
LONGITUDE: 100 43 W
[TEMPERATURE DATA] [PRECIPITATION DATA] SYMBOLS USED IN COLUMN 16
AVERAGE MONTHLY: 34.6 TOTAL FOR MONTH: 0.18 1 = FOG OR MIST
DPTR FM NORMAL: -0.1 DPTR FM NORMAL: -0.22 2 = FOG REDUCING VISIBILITY
HIGHEST: 75 ON 26 GRTST 24HR 0.15 ON 15-15 TO 1/4 MILE OR LESS
LOWEST: -1 ON 1 3 = THUNDER
4 = ICE PELLETS
5 = HAIL
6 = FREEZING RAIN OR DRIZZLE
7 = DUSTSTORM OR SANDSTORM:
VSBY 1/2 MILE OR LESS
8 = SMOKE OR HAZE
[NO. OF DAYS WITH] [WEATHER - DAYS WITH] 9 = BLOWING SNOW
X = TORNADO
MAX 32 OR BELOW: 2 0.01 INCH OR MORE: 2
MAX 90 OR ABOVE: 0 0.10 INCH OR MORE: 1
MIN 32 OR BELOW: 27 0.50 INCH OR MORE: 0
MIN 0 OR BELOW: 1 1.00 INCH OR MORE: 0
[HDD (BASE 65) ]
TOTAL THIS MO. 844 CLEAR (SCALE 0-3) 24
DPTR FM NORMAL -4 PTCLDY (SCALE 4-7) 4
TOTAL FM JUL 1 4057 CLOUDY (SCALE 8-10) 0
DPTR FM NORMAL 63
[CDD (BASE 65) ]
TOTAL THIS MO. 0
DPTR FM NORMAL 0 [PRESSURE DATA]
TOTAL FM JAN 1 0 HIGHEST SLP 30.58 ON 2
DPTR FM NORMAL 0 LOWEST SLP 29.12 ON 22
[REMARKS]
#FINAL-02-23#
Precipitation on the 15th was estimated using reports around the area along with radar estimates.
Original entry was a trace.