000
CXUS54 KFWD 161604
CF6GDJ
PRELIMINARY LOCAL CLIMATOLOGICAL DATA (WS FORM: F-6)
STATION: GRANBURY
MONTH: JANUARY
YEAR: 2024
LATITUDE: 32 26 N
LONGITUDE: 97 48 W
TEMPERATURE IN F: :PCPN: SNOW: WIND :SUNSHINE: SKY :PK WND
================================================================================
1 2 3 4 5 6A 6B 7 8 9 10 11 12 13 14 15 16 17 18
12Z AVG MX 2MIN
DY MAX MIN AVG DEP HDD CDD WTR SNW DPTH SPD SPD DIR MIN PSBL S-S WX SPD DR
================================================================================
1 44 29 37 -6 28 0 0.00 M M 7.0 13 360 M M 3 17 340
2 47 26 37 -6 28 0 0.63 M M 2.7 12 80 M M 5 1 M M
3 52 37 45 2 20 0 0.00 M M 3.0 7 300 M M 7 1 M M
4 55 33 44 1 21 0 0.09 M M 5.4 17 140 M M 9 12 23 180
5 59 41 50 7 15 0 0.04 M M 7.3 18 110 M M 5 23 110
6 49 33 41 -2 24 0 0.00 M M 6.6 13 330 M M 3 17 330
7 59 28 44 1 21 0 0.00 M M 8.2 21 140 M M 1 30 140
8 56 37 47 4 18 0 0.33 M M 19.1 30 300 M M 8 3 46 290
9 50 30 40 -3 25 0 0.00 M M 16.2 35 290 M M 1 47 290
10 67 31 49 6 16 0 0.00 M M 12.5 25 230 M M 0 33 220
11 74 35 55 12 10 0 0.00 M M 7.7 16 260 M M 0 24 150
12 60 28 44 1 21 0 0.00 M M 12.1 26 310 M M 1 36 280
13 64 22 43 0 22 0 0.00 M M 10.4 22 220 M M 0 33 210
14 21 12 17 -26 48 0 0.00 M M 11.4 17 350 M M 8 24 360
15 26 10 18 -25 47 0 0.00 M M 11.5 21 360 M M 5 28 360
16 27 12 20 -23 45 0 0.00 M M 9.1 20 350 M M 0 25 350
17 46 14 30 -13 35 0 0.00 M M 9.6 18 190 M M 0 25 190
18 64 36 50 7 15 0 0.00 M M 7.3 14 290 M M 0 23 190
19 41 23 32 -12 33 0 0.00 M M 12.6 20 350 M M 0 28 350
20 37 19 28 -16 37 0 0.00 M M 6.0 9 10 M M 1 M M
21 41 32 37 -7 28 0 0.06 M M 10.2 14 130 M M 10 20 150
22 40 33 37 -7 28 0 0.05 M M 3.1 8 130 M M 10 M M
23 50 40 45 1 20 0 0.13 M M 2.6 8 100 M M 10 M M
24 51 44 48 4 17 0 0.01 M M 4.6 10 320 M M 10 M M
25 54 45 50 6 15 0 0.00 M M 4.6 7 150 M M 8 M M
26 51 46 49 5 16 0 0.19 M M 5.3 10 40 M M 10 M M
27 55 37 46 2 19 0 0.03 M M 10.6 17 330 M M 6 22 310
28 64 33 49 5 16 0 0.00 M M 3.7 8 280 M M 0 M M
29 73 34 54 10 11 0 0.00 M M 3.2 12 290 M M 0 16 40
30 73 35 54 10 11 0 0.00 M M 2.1 8 310 M M 0 M M
31 73 36 55 10 10 0 0.00 M M 3.1 8 170 M M 0 M M
================================================================================
SM 1623 951 720 0 1.56 M 238.5 M 121
================================================================================
AV 52.4 30.7 7.7 FASTST M M 4 MAX(MPH)
MISC ----> 35 290 47 290
================================================================================
NOTES:
# LAST OF SEVERAL OCCURRENCES
COLUMN 17 PEAK WIND IN M.P.H.
PRELIMINARY LOCAL CLIMATOLOGICAL DATA (WS FORM: F-6) , PAGE 2
STATION: GRANBURY
MONTH: JANUARY
YEAR: 2024
LATITUDE: 32 26 N
LONGITUDE: 97 48 W
[TEMPERATURE DATA] [PRECIPITATION DATA] SYMBOLS USED IN COLUMN 16
AVERAGE MONTHLY: 41.5 TOTAL FOR MONTH: 1.56 1 = FOG OR MIST
DPTR FM NORMAL: -1.9 DPTR FM NORMAL: M 2 = FOG REDUCING VISIBILITY
HIGHEST: 74 ON 11 GRTST 24HR 0.63 ON 2- 2 TO 1/4 MILE OR LESS
LOWEST: 10 ON 15 3 = THUNDER
SNOW, ICE PELLETS, HAIL 4 = ICE PELLETS
TOTAL MONTH: M 5 = HAIL
GRTST 24HR M ON M 6 = FREEZING RAIN OR DRIZZLE
GRTST DEPTH: M ON M 7 = DUSTSTORM OR SANDSTORM:
VSBY 1/2 MILE OR LESS
8 = SMOKE OR HAZE
[NO. OF DAYS WITH] [WEATHER - DAYS WITH] 9 = BLOWING SNOW
X = TORNADO
MAX 32 OR BELOW: 3 0.01 INCH OR MORE: 10
MAX 90 OR ABOVE: 0 0.10 INCH OR MORE: 4
MIN 32 OR BELOW: 14 0.50 INCH OR MORE: 1
MIN 0 OR BELOW: 0 1.00 INCH OR MORE: 0
[HDD (BASE 65) ]
TOTAL THIS MO. 720 CLEAR (SCALE 0-3) 16
DPTR FM NORMAL 50 PTCLDY (SCALE 4-7) 9
TOTAL FM JUL 1 1559 CLOUDY (SCALE 8-10) 6
DPTR FM NORMAL -183
[CDD (BASE 65) ]
TOTAL THIS MO. 0
DPTR FM NORMAL 0 [PRESSURE DATA]
TOTAL FM JAN 1 0 HIGHEST SLP M ON M
DPTR FM NORMAL 0 LOWEST SLP M ON M
[REMARKS]
#FINAL-01-24#