000
CXUS54 KFWD 010731
CF6GDJ
PRELIMINARY LOCAL CLIMATOLOGICAL DATA (WS FORM: F-6)
STATION: GRANBURY
MONTH: AUGUST
YEAR: 2020
LATITUDE: 32 26 N
LONGITUDE: 97 48 W
TEMPERATURE IN F: :PCPN: SNOW: WIND :SUNSHINE: SKY :PK WND
================================================================================
1 2 3 4 5 6A 6B 7 8 9 10 11 12 13 14 15 16 17 18
12Z AVG MX 2MIN
DY MAX MIN AVG DEP HDD CDD WTR SNW DPTH SPD SPD DIR MIN PSBL S-S WX SPD DR
================================================================================
1 95 67 81 -3 0 16 0.00 0.0 0 3.9 10 340 M M 0 16 340
2 98 66 82 -2 0 17 0.00 0.0 0 4.1 12 40 M M 0 17 30
3 95 70 83 -1 0 18 0.01 0.0 0 3.8 22 30 M M 2 3 27 30
4 98 70 84 0 0 19 0.00 0.0 0 6.3 12 90 M M 0 16 80
5 99 76 88 4 0 23 0.00 0.0 0 7.8 13 90 M M 1 17 100
6 101 77 89 5 0 24 0.00 0.0 0 10.0 15 140 M M 1 30 110
7 101 80 91 7 0 26 0.00 0.0 0 11.0 18 140 M M 0 25 160
8 101 79 90 6 0 25 0.00 0.0 0 10.2 17 130 M M 0 22 150
9 101 81 91 7 0 26 0.00 0.0 0 10.7 14 130 M M 1 27 190
10 103 80 92 8 0 27 0.00 0.0 0 11.0 16 160 M M 0 23 190
11 103 82 93 9 0 28 0.00 0.0 0 8.9 13 190 M M 1 21 190
12 105 82 94 10 0 29 0.00 0.0 0 8.8 15 130 M M 0 21 140
13 106 82 94 10 0 29 0.00 0.0 0 8.9 15 150 M M 0 23 150
14 109 82 96 12 0 31 0.00 0.0 0 8.4 14 230 M M 0 20 230
15 108 83 96 12 0 31 0.00 0.0 0 8.0 10 110 M M 0 16 150
16 106 72 89 5 0 24 0.36 0.0 0 7.5 31 50 M M 2 3 46 40
17 91 72 82 -2 0 17 M 0.0 0 3.9 9 300 M M 0 M M
18 98 70 84 0 0 19 0.00 0.0 0 4.9 13 10 M M 0 18 40
19 96 64 80 -4 0 15 0.00 0.0 0 3.4 12 20 M M 0 20 20
20 96 67 82 -2 0 17 0.00 0.0 0 4.9 12 110 M M 0 M M
21 98 69 84 0 0 19 M 0.0 0 5.7 12 80 M M 0 3 M M
22 97 72 85 1 0 20 0.01 0.0 0 5.0 10 110 M M 3 3 16 110
23 97 72 85 1 0 20 0.00 0.0 0 5.4 12 110 M M 0 18 110
24 98 70 84 0 0 19 0.00 0.0 0 3.5 12 80 M M 1 17 80
25 98 68 83 0 0 18 0.00 0.0 0 2.9 10 90 M M 1 M M
26 98 72 85 2 0 20 0.00 0.0 0 6.2 16 50 M M 2 22 50
27 98 72 85 2 0 20 0.00 0.0 0 3.9 9 70 M M 2 15 70
28 109 77 93 10 0 28 0.00 0.0 0 6.8 13 220 M M 1 17 220
29 108 81 95 12 0 30 0.00 0.0 0 8.2 14 160 M M 1 21 160
30 103 76 90 8 0 25 0.02 0.0 0 8.7 13 160 M M 2 18 260
31 102 83 93 11 0 28 0.00 0.0 0 10.9 15 190 M M 2 22 170
================================================================================
SM 3116 2314 0 708 0.40 0.0 213.6 M 23
================================================================================
AV100.5 74.7 6.9 FASTST M M 1 MAX(MPH)
MISC ----> # 31 50 # 46 40
================================================================================
NOTES:
# LAST OF SEVERAL OCCURRENCES
COLUMN 17 PEAK WIND IN M.P.H.
PRELIMINARY LOCAL CLIMATOLOGICAL DATA (WS FORM: F-6) , PAGE 2
STATION: GRANBURY
MONTH: AUGUST
YEAR: 2020
LATITUDE: 32 26 N
LONGITUDE: 97 48 W
[TEMPERATURE DATA] [PRECIPITATION DATA] SYMBOLS USED IN COLUMN 16
AVERAGE MONTHLY: 87.6 TOTAL FOR MONTH: 0.40 1 = FOG OR MIST
DPTR FM NORMAL: 3.8 DPTR FM NORMAL: M 2 = FOG REDUCING VISIBILITY
HIGHEST: 109 ON 28,14 GRTST 24HR 0.36 ON 16-16 TO 1/4 MILE OR LESS
LOWEST: 64 ON 19 3 = THUNDER
SNOW, ICE PELLETS, HAIL 4 = ICE PELLETS
TOTAL MONTH: 0.0 INCH 5 = HAIL
GRTST 24HR 0.0 6 = FREEZING RAIN OR DRIZZLE
GRTST DEPTH: 0 7 = DUSTSTORM OR SANDSTORM:
VSBY 1/2 MILE OR LESS
8 = SMOKE OR HAZE
[NO. OF DAYS WITH] [WEATHER - DAYS WITH] 9 = BLOWING SNOW
X = TORNADO
MAX 32 OR BELOW: 0 0.01 INCH OR MORE: 4
MAX 90 OR ABOVE: 31 0.10 INCH OR MORE: 1
MIN 32 OR BELOW: 0 0.50 INCH OR MORE: 0
MIN 0 OR BELOW: 0 1.00 INCH OR MORE: 0
[HDD (BASE 65) ]
TOTAL THIS MO. 0 CLEAR (SCALE 0-3) 31
DPTR FM NORMAL 0 PTCLDY (SCALE 4-7) 0
TOTAL FM JUL 1 0 CLOUDY (SCALE 8-10) 0
DPTR FM NORMAL 0
[CDD (BASE 65) ]
TOTAL THIS MO. 708
DPTR FM NORMAL 126 [PRESSURE DATA]
TOTAL FM JAN 1 2443 HIGHEST SLP M ON M
DPTR FM NORMAL 512 LOWEST SLP M ON M
[REMARKS]
#FINAL-08-20#