000
CXUS54 KMAF 011636
CF6GDP
PRELIMINARY LOCAL CLIMATOLOGICAL DATA (WS FORM: F-6)
STATION: GUADALUPE PASS
MONTH: JULY
YEAR: 2023
LATITUDE: 31 49 N
LONGITUDE: 104 48 W
TEMPERATURE IN F: :PCPN: SNOW: WIND :SUNSHINE: SKY :PK WND
================================================================================
1 2 3 4 5 6A 6B 7 8 9 10 11 12 13 14 15 16 17 18
12Z AVG MX 2MIN
DY MAX MIN AVG DEP HDD CDD WTR SNW DPTH SPD SPD DIR MIN PSBL S-S WX SPD DR
================================================================================
1 90 63 77 -1 0 12 0.36 M M 17.4 41 170 M M 1 18 61 200
2 88 64 76 -2 0 11 T M M 14.6 38 40 M M 1 18 44 40
3 89 65 77 -1 0 12 0.02 M M 14.7 39 70 M M 1 8 48 70
4 93 65 79 1 0 14 0.00 M M 11.4 24 50 M M 0 8 30 50
5 96 69 83 5 0 18 0.00 M M 16.0 28 80 M M 0 8 35 70
6 94 70 82 4 0 17 0.00 M M 15.9 29 70 M M 0 8 41 90
7 99 74 87 9 0 22 0.00 M M 14.7 24 230 M M 0 8 31 240
8 M M M M M M 0.00 M M M M M M M 0 M M
9 M M M M M M 0.00 M M M M M M M 0 M M
10 M M M M M M 0.00 M M M M M M M 0 M M
11 M M M M M M 0.07 M M M 33 80 M M 1 8 51 180
12 101 69 85 7 0 20 0.29 M M 18.1 31 240 M M 0 8 41 240
13 94 67 81 4 0 16 0.57 M M 14.8 29 250 M M 2 38 260
14 97 73 85 8 0 20 0.00 M M 12.7 23 40 M M 0 8 30 260
15 86 75 81 4 0 16 0.12 M M 9.3 25 60 M M 3 33 60
16 M M M M M M M M M M M M M M M M M
17 95 74 85 8 0 20 0.00 M M 13.8 28 40 M M M 8 34 60
18 101 78 90 13 0 25 0.00 M M 9.9 24 230 M M 0 8 34 240
19 103 78 91 14 0 26 0.00 M M 14.6 32 40 M M 0 8 42 40
20 94 73 84 7 0 19 0.00 M M 19.0 32 70 M M 0 8 39 70
21 93 72 83 6 0 18 0.00 M M 18.9 39 50 M M 0 8 47 50
22 89 69 79 2 0 14 T M M 21.9 37 40 M M 0 8 45 40
23 94 71 83 6 0 18 0.00 M M 14.6 31 40 M M 1 8 35 50
24 96 75 86 9 0 21 0.00 M M 12.8 24 100 M M 0 8 32 110
25 95 75 85 8 0 20 M M M 11.7 29 50 M M 0 8 42 60
26 95 71 83 6 0 18 0.00 M M 19.1 33 70 M M 0 8 40 80
27 93 69 81 4 0 16 0.00 M M 23.2 32 60 M M 0 8 40 50
28 92 72 82 5 0 17 0.00 M M 18.7 31 70 M M 0 8 38 70
29 91 73 82 5 0 17 0.00 M M 17.8 32 80 M M 0 8 40 70
30 88 70 79 2 0 14 0.00 M M 19.1 31 70 M M 0 8 42 60
31 94 71 83 6 0 18 T M M 8.5 38 80 M M 2 8 49 90
================================================================================
SM 2440 1845 0 459 1.43 M 403.2 M 12
================================================================================
AV 93.8 71.0 15.5 FASTST M M 0 MAX(MPH)
MISC ----> 41 170 61 200
================================================================================
NOTES:
# LAST OF SEVERAL OCCURRENCES
COLUMN 17 PEAK WIND IN M.P.H.
PRELIMINARY LOCAL CLIMATOLOGICAL DATA (WS FORM: F-6) , PAGE 2
STATION: GUADALUPE PASS
MONTH: JULY
YEAR: 2023
LATITUDE: 31 49 N
LONGITUDE: 104 48 W
[TEMPERATURE DATA] [PRECIPITATION DATA] SYMBOLS USED IN COLUMN 16
AVERAGE MONTHLY: 82.4 TOTAL FOR MONTH: 1.43 1 = FOG OR MIST
DPTR FM NORMAL: 4.9 DPTR FM NORMAL: -0.44 2 = FOG REDUCING VISIBILITY
HIGHEST: 103 ON 19 GRTST 24HR 0.86 ON 12-13 TO 1/4 MILE OR LESS
LOWEST: 63 ON 1 3 = THUNDER
SNOW, ICE PELLETS, HAIL 4 = ICE PELLETS
TOTAL MONTH: M 5 = HAIL
GRTST 24HR M ON M 6 = FREEZING RAIN OR DRIZZLE
GRTST DEPTH: M ON M 7 = DUSTSTORM OR SANDSTORM:
VSBY 1/2 MILE OR LESS
8 = SMOKE OR HAZE
[NO. OF DAYS WITH] [WEATHER - DAYS WITH] 9 = BLOWING SNOW
X = TORNADO
MAX 32 OR BELOW: 0 0.01 INCH OR MORE: 6
MAX 90 OR ABOVE: 21 0.10 INCH OR MORE: 4
MIN 32 OR BELOW: 0 0.50 INCH OR MORE: 1
MIN 0 OR BELOW: 0 1.00 INCH OR MORE: 0
[HDD (BASE 65) ]
TOTAL THIS MO. 0 CLEAR (SCALE 0-3) 28
DPTR FM NORMAL -2 PTCLDY (SCALE 4-7) 1
TOTAL FM JUL 1 0 CLOUDY (SCALE 8-10) 2
DPTR FM NORMAL 0
[CDD (BASE 65) ]
TOTAL THIS MO. 459
DPTR FM NORMAL 70 [PRESSURE DATA]
TOTAL FM JAN 1 1107 HIGHEST SLP 30.10 ON 24
DPTR FM NORMAL 63 LOWEST SLP 29.74 ON 14
[REMARKS]
#FINAL-07-23#