000
CXUS56 KOTX 011010
CF6GEG
PRELIMINARY LOCAL CLIMATOLOGICAL DATA (WS FORM: F-6)
STATION: SPOKANE WA AIRPORT
MONTH: DECEMBER
YEAR: 2021
LATITUDE: 47 37 N
LONGITUDE: 117 32 W
TEMPERATURE IN F: :PCPN: SNOW: WIND :SUNSHINE: SKY :PK WND
================================================================================
1 2 3 4 5 6A 6B 7 8 9 10 11 12 13 14 15 16 17 18
12Z AVG MX 2MIN
DY MAX MIN AVG DEP HDD CDD WTR SNW DPTH SPD SPD DIR MIN PSBL S-S WX SPD DR
================================================================================
1 59 48 54 22 11 0 0.00 0.0 0 20.4 31 220 M M 8 42 210
2 51 34 43 12 22 0 0.00 0.0 0 11.5 22 200 M M 9 31 200
3 36 30 33 2 32 0 T T 0 4.8 9 350 M M 8 12 160
4 37 30 34 3 31 0 0.03 0.3 0 6.1 15 230 M M 10 1 20 220
5 33 24 29 -2 36 0 0.00 0.0 0 5.4 20 320 M M 5 26 310
6 26 22 24 -6 41 0 0.07 1.7 2 6.1 12 30 M M 10 18 13 20
7 32 25 29 -1 36 0 0.00 0.0 1 3.3 8 20 M M 10 12 10 10
8 42 27 35 5 30 0 0.00 0.0 1 14.6 38 270 M M 6 12 44 270
9 32 25 29 -1 36 0 T 0.1 0 9.4 20 200 M M 8 1 22 200
10 35 24 30 0 35 0 0.01 T 0 10.9 26 200 M M 10 128 32 200
11 44 34 39 10 26 0 0.04 T 0 24.3 39 210 M M 9 1 54 200
12 39 32 36 7 29 0 0.01 T 0 13.5 26 240 M M 8 31 240
13 41 30 36 7 29 0 0.06 0.0 0 10.0 20 200 M M 8 1 25 200
14 36 25 31 2 34 0 0.00 0.0 0 9.1 18 230 M M 6 21 230
15 33 22 28 -1 37 0 0.00 0.0 0 6.4 12 130 M M 5 15 140
16 29 22 26 -3 39 0 0.06 1.2 T 9.8 20 240 M M 9 18 23 240
17 22 6 14 -14 51 0 0.00 0.0 1 5.4 14 330 M M 6 19 310
18 40 20 30 2 35 0 0.31 2.9 1 12.1 26 210 M M 10 1 34 210
19 34 24 29 1 36 0 0.00 0.0 1 5.1 14 30 M M 9 12 16 30
20 27 18 23 -5 42 0 0.12 1.6 1 5.1 13 20 M M 10 12 16 20
21 26 19 23 -5 42 0 0.01 T 2 3.7 9 30 M M 10 12 10 30
22 39 24 32 4 33 0 0.20 1.4 3 8.0 17 160 M M 9 1 23 160
23 40 31 36 8 29 0 0.02 T 1 18.5 35 220 M M 9 1 42 220
24 33 29 31 3 34 0 0.17 3.9 T 12.7 22 200 M M 9 19 29 210
25 33 26 30 2 35 0 0.01 0.3 4 14.4 26 200 M M 9 189 32 200
26 28 18 23 -5 42 0 T 0.3 3 8.9 18 200 M M 8 18 23 200
27 21 9 15 -13 50 0 0.01 0.2 3 7.2 15 210 M M 9 158 23 320
28 14 4 9 -19 56 0 T 0.8 3 2.5 7 40 M M 9 18 9 330
29 15 5 10 -18 55 0 0.04 0.4 3 7.6 14 200 M M 8 18 17 30
30 14 9 12 -16 53 0 0.18 2.6 4 6.6 14 40 M M 10 1 16 30
31 18 2 10 -18 55 0 T T 5 4.6 10 220 M M 7 18 16 350
================================================================================
SM 1009 698 1152 0 1.35 17.7 288.0 M 261
================================================================================
AV 32.5 22.5 9.3 FASTST M M 8 MAX(MPH)
MISC ----> 39 210 54 200
================================================================================
NOTES:
# LAST OF SEVERAL OCCURRENCES
COLUMN 17 PEAK WIND IN M.P.H.
PRELIMINARY LOCAL CLIMATOLOGICAL DATA (WS FORM: F-6) , PAGE 2
STATION: SPOKANE WA AIRPORT
MONTH: DECEMBER
YEAR: 2021
LATITUDE: 47 37 N
LONGITUDE: 117 32 W
[TEMPERATURE DATA] [PRECIPITATION DATA] SYMBOLS USED IN COLUMN 16
AVERAGE MONTHLY: 27.5 TOTAL FOR MONTH: 1.35 1 = FOG OR MIST
DPTR FM NORMAL: -1.6 DPTR FM NORMAL: -0.99 2 = FOG REDUCING VISIBILITY
HIGHEST: 59 ON 1 GRTST 24HR 0.97 ON 8- 8 TO 1/4 MILE OR LESS
LOWEST: 2 ON 31 3 = THUNDER
SNOW, ICE PELLETS, HAIL 4 = ICE PELLETS
TOTAL MONTH: 17.7 INCHES 5 = HAIL
GRTST 24HR 3.9 ON 24-24 6 = FREEZING RAIN OR DRIZZLE
GRTST DEPTH: 5 ON 31 7 = DUSTSTORM OR SANDSTORM:
VSBY 1/2 MILE OR LESS
8 = SMOKE OR HAZE
[NO. OF DAYS WITH] [WEATHER - DAYS WITH] 9 = BLOWING SNOW
X = TORNADO
MAX 32 OR BELOW: 13 0.01 INCH OR MORE: 17
MAX 90 OR ABOVE: 0 0.10 INCH OR MORE: 5
MIN 32 OR BELOW: 28 0.50 INCH OR MORE: 0
MIN 0 OR BELOW: 0 1.00 INCH OR MORE: 0
[HDD (BASE 65) ]
TOTAL THIS MO. 1152 CLEAR (SCALE 0-3) 0
DPTR FM NORMAL 38 PTCLDY (SCALE 4-7) 9
TOTAL FM JUL 1 2544 CLOUDY (SCALE 8-10) 22
DPTR FM NORMAL -181
[CDD (BASE 65) ]
TOTAL THIS MO. 0
DPTR FM NORMAL 0 [PRESSURE DATA]
TOTAL FM JAN 1 919 HIGHEST SLP M ON M
DPTR FM NORMAL 404 LOWEST SLP 29.26 ON 23
[REMARKS]
#FINAL-12-21#