000
CXUS55 KALY 010810
CF6GFL
PRELIMINARY LOCAL CLIMATOLOGICAL DATA (WS FORM: F-6)
STATION: GLENS FALLS NY
MONTH: FEBRUARY
YEAR: 2024
LATITUDE: 43 20 N
LONGITUDE: 73 37 W
TEMPERATURE IN F: :PCPN: SNOW: WIND :SUNSHINE: SKY :PK WND
================================================================================
1 2 3 4 5 6A 6B 7 8 9 10 11 12 13 14 15 16 17 18
12Z AVG MX 2MIN
DY MAX MIN AVG DEP HDD CDD WTR SNW DPTH SPD SPD DIR MIN PSBL S-S WX SPD DR
================================================================================
1 35 32 34 15 31 0 T M M 5.7 13 200 M M 10 1 17 200
2 40 28 34 15 31 0 T M M 7.8 21 30 M M 10 1 27 10
3 33 22 28 9 37 0 0.00 M M 9.0 20 30 M M 5 28 20
4 36 15 26 7 39 0 0.00 M M 4.0 12 30 M M 1 17 30
5 36 18 27 7 38 0 0.00 M M 8.3 18 50 M M 0 26 40
6 36 16 26 6 39 0 0.00 M M 5.0 14 70 M M 0 19 70
7 39 14 27 7 38 0 0.00 M M 1.1 6 40 M M 3 11 30
8 47 20 34 14 31 0 0.00 M M 0.6 8 150 M M 0 10 150
9 52 28 40 20 25 0 T M M 3.8 15 190 M M 3 21 190
10 55 25 40 20 25 0 0.04 M M 4.6 16 300 M M 5 123 21 280
11 45 25 35 14 30 0 0.00 M M 5.5 14 300 M M 7 23 280
12 37 22 30 9 35 0 0.00 M M 1.7 8 190 M M 9 10 190
13 39 26 33 12 32 0 0.00 M M 5.9 15 350 M M 7 20 340
14 31 19 25 4 40 0 T M M 10.2 23 300 M M 1 18 33 320
15 31 16 24 2 41 0 0.03 M M 5.5 17 210 M M 3 18 26 180
16 33 22 28 6 37 0 0.01 M M 7.6 24 310 M M 7 1 31 300
17 30 16 23 1 42 0 0.02 M M 6.8 23 310 M M 9 18 34 300
18 28 11 20 -2 45 0 T M M 8.9 21 210 M M 8 18 30 190
19 32 18 25 2 40 0 T M M 7.4 21 270 M M 3 18 40 270
20 34 5 20 -3 45 0 0.00 M M 3.4 12 140 M M 0 17 160
21 41 10 26 2 39 0 0.00 M M 5.8 16 200 M M 0 26 170
22 38 22 30 6 35 0 0.02 M M 3.3 13 190 M M 6 1 18 190
23 42 24 33 9 32 0 0.03 M M 3.2 9 140 M M 8 1 13 200
24 34 10 22 -2 43 0 0.00 M M 10.8 18 80 M M 5 1 25 50
25 34 7 21 -4 44 0 0.00 M M 4.5 15 160 M M 0 19 150
26 55 24 40 15 25 0 0.00 M M 6.9 17 250 M M 4 27 250
27 65 21 43 17 22 0 0.06 M M 5.8 17 200 M M 2 32 190
28 57 28 43 17 22 0 0.23 M M 11.7 25 270 M M 10 18 42 290
29 28 19 24 -2 41 0 T M M 14.0 22 290 M M 5 48 290
================================================================================
SM 1143 563 1024 0 0.44 M 178.8 M 131
================================================================================
AV 39.4 19.4 6.2 FASTST M M 5 MAX(MPH)
MISC ----> 25 270 48 290
================================================================================
NOTES:
# LAST OF SEVERAL OCCURRENCES
COLUMN 17 PEAK WIND IN M.P.H.
PRELIMINARY LOCAL CLIMATOLOGICAL DATA (WS FORM: F-6) , PAGE 2
STATION: GLENS FALLS NY
MONTH: FEBRUARY
YEAR: 2024
LATITUDE: 43 20 N
LONGITUDE: 73 37 W
[TEMPERATURE DATA] [PRECIPITATION DATA] SYMBOLS USED IN COLUMN 16
AVERAGE MONTHLY: 29.4 TOTAL FOR MONTH: 0.44 1 = FOG OR MIST
DPTR FM NORMAL: 7.5 DPTR FM NORMAL: -1.51 2 = FOG REDUCING VISIBILITY
HIGHEST: 65 ON 27 GRTST 24HR 0.23 ON 28-28 TO 1/4 MILE OR LESS
LOWEST: 5 ON 20 3 = THUNDER
SNOW, ICE PELLETS, HAIL 4 = ICE PELLETS
TOTAL MONTH: M 5 = HAIL
GRTST 24HR M ON M 6 = FREEZING RAIN OR DRIZZLE
GRTST DEPTH: M ON M 7 = DUSTSTORM OR SANDSTORM:
VSBY 1/2 MILE OR LESS
8 = SMOKE OR HAZE
[NO. OF DAYS WITH] [WEATHER - DAYS WITH] 9 = BLOWING SNOW
X = TORNADO
MAX 32 OR BELOW: 6 0.01 INCH OR MORE: 8
MAX 90 OR ABOVE: 0 0.10 INCH OR MORE: 1
MIN 32 OR BELOW: 29 0.50 INCH OR MORE: 0
MIN 0 OR BELOW: 0 1.00 INCH OR MORE: 0
[HDD (BASE 65) ]
TOTAL THIS MO. 1024 CLEAR (SCALE 0-3) 11
DPTR FM NORMAL -184 PTCLDY (SCALE 4-7) 13
TOTAL FM JUL 1 4649 CLOUDY (SCALE 8-10) 5
DPTR FM NORMAL -836
[CDD (BASE 65) ]
TOTAL THIS MO. 0
DPTR FM NORMAL 0 [PRESSURE DATA]
TOTAL FM JAN 1 0 HIGHEST SLP 30.53 ON 20
DPTR FM NORMAL 0 LOWEST SLP 29.31 ON 28
[REMARKS]
#FINAL-02-24#