000
CXUS51 KALY 011517
CLSGFL
CLIMATE REPORT
NATIONAL WEATHER SERVICE ALBANY NY
1017 AM EST WED DEC 01 2021
...................................
...THE GLENS FALLS NY CLIMATE SUMMARY FOR THE SEASON, FROM
9/1/2021 TO 11/30/2021...
CLIMATE NORMAL PERIOD: 1991 TO 2020
CLIMATE RECORD PERIOD: 1893 TO 2021
WEATHER OBSERVED NORMAL DEPART LAST YEAR`S
VALUE DATE(S) VALUE FROM VALUE DATE(S)
NORMAL
................................................................
TEMPERATURE (F)
RECORD
HIGH 97 09/02/1953
LOW -7 11/24/1914
HIGHEST 82 09/08 82 09/08
09/09
LOWEST 13 11/29 14 11/18
11/30
AVG. MAXIMUM 59.9 59.3 0.6 60.5
AVG. MINIMUM 39.5 37.3 2.2 37.2
MEAN 49.7 48.3 1.4 48.8
DAYS MAX >= 90 0 0.3 -0.3 0
DAYS MAX <= 32 4 1.9 2.1 1
DAYS MIN <= 32 32 32.6 -0.6 35
DAYS MIN <= 0 0 0.0 0.0 0
PRECIPITATION (INCHES)
RECORD
MAXIMUM 16.60 2005
MINIMUM 1.86 1964
TOTALS 12.00 9.99 2.01 9.00
DAILY AVG. 0.13 0.10
DAYS >= .01 42 31.6 10.4 32
DAYS >= .10 22 18.9 3.1 19
DAYS >= .50 11 7.1 3.9 5
DAYS >= 1.00 2 1.9 0.1 2
GREATEST
24 HR. TOTAL 2.18 09/23 TO 09/24
DEGREE DAYS
HEATING TOTAL 1383 1557 -174 1469
SINCE 7/1 1417 1603 -186 1503
COOLING TOTAL 18 35 -17 24
SINCE 1/1 514 408 106 567
................................................................
WIND (MPH)
AVERAGE WIND SPEED 3.9
HIGHEST WIND SPEED/DIRECTION 29/190 DATE 10/16
HIGHEST GUST SPEED/DIRECTION 40/180 DATE 10/16
WEATHER CONDITIONS. NUMBER OF DAYS WITH
THUNDERSTORM 6 MIXED PRECIP 0
HEAVY RAIN 7 RAIN 14
LIGHT RAIN 42 FREEZING RAIN 0
LT FREEZING RAIN 0 HAIL 0
HEAVY SNOW 0 SNOW 0
LIGHT SNOW 6 SLEET 0
FOG 75 FOG W/VIS <= 1/4 MILE 27
HAZE 3
- INDICATES NEGATIVE NUMBERS.
R INDICATES RECORD WAS SET OR TIED.
MM INDICATES DATA IS MISSING.
T INDICATES TRACE AMOUNT.
$$