000
CXUS55 KGGW 010910
CF6GGW
PRELIMINARY LOCAL CLIMATOLOGICAL DATA (WS FORM: F-6)
STATION: GLASGOW MT
MONTH: JANUARY
YEAR: 2022
LATITUDE: 48 13 N
LONGITUDE: 106 37 W
TEMPERATURE IN F: :PCPN: SNOW: WIND :SUNSHINE: SKY :PK WND
================================================================================
1 2 3 4 5 6A 6B 7 8 9 10 11 12 13 14 15 16 17 18
12Z AVG MX 2MIN
DY MAX MIN AVG DEP HDD CDD WTR SNW DPTH SPD SPD DIR MIN PSBL S-S WX SPD DR
================================================================================
1 -9 -27 -18 -33 83 0 0.00 0.0 3 6.8 14 110 M M 1 16 110
2 26 -13 7 -8 58 0 0.00 0.0 3 5.2 13 140 M M 1 13 140
3 16 9 13 -2 52 0 0.00 0.0 3 16.6 29 120 M M 1 8 35 120
4 15 -15 0 -14 65 0 0.14 2.5 3 22.9 37 310 M M 9 18 46 310
5 -13 -22 -17 -31 82 0 0.00 0.0 5 9.6 21 300 M M 0 26 300
6 -5 -29 -17 -31 82 0 0.01 0.8 4 13.3 24 110 M M 4 8 29 120
7 22 -5 9 -5 56 0 0.01 0.2 3 14.7 26 350 M M 7 8 33 360
8 12 -15 -1 -15 66 0 0.04 1.1 3 14.2 32 330 M M 0 8 40 340
9 2 -15 -6 -20 71 0 0.00 0.0 3 6.6 14 100 M M 1 17 110
10 17 -6 6 -8 59 0 0.00 0.0 3 4.6 14 110 M M 0 16 120
11 40 14 27 13 38 0 0.00 0.0 2 12.7 38 290 M M 0 57 290
12 44 30 37 23 28 0 0.00 0.0 2 6.6 18 290 M M 3 23 290
13 36 24 30 16 35 0 T 0.0 2 10.9 33 340 M M 4 12 42 350
14 34 20 27 13 38 0 0.01 0.2 2 8.7 33 340 M M 9 12 44 330
15 39 19 29 15 36 0 T T 1 8.5 16 140 M M 3 1 19 320
16 40 24 32 18 33 0 T T 1 9.5 17 290 M M 4 22 290
17 44 23 34 20 31 0 0.00 0.0 1 6.4 21 300 M M 0 30 300
18 43 -8 18 4 47 0 T T 1 22.4 39 340 M M 5 8 49 340
19 -3 -16 -9 -23 74 0 0.00 0.0 1 8.0 18 330 M M 0 8 23 330
20 35 -11 12 -3 53 0 0.02 T 1 14.3 21 130 M M 4 46 26 120
21 39 24 32 17 33 0 0.00 0.0 1 16.0 31 310 M M 5 41 310
22 42 21 32 17 33 0 T 0.0 1 9.4 22 310 M M 10 1 30 300
23 44 32 38 23 27 0 0.00 0.0 T 13.8 26 310 M M 6 1 36 310
24 36 13 25 10 40 0 0.01 0.1 T 10.4 17 120 M M 10 18 21 300
25 24 1 13 -2 52 0 T T T 9.3 15 130 M M 5 18 130
26 38 23 31 16 34 0 0.01 0.1 T 15.0 32 310 M M 6 44 300
27 36 18 27 12 38 0 T 0.2 T 9.4 20 300 M M 7 1 25 310
28 38 18 28 13 37 0 0.00 0.0 T 4.0 9 250 M M 0 12 250
29 41 24 33 18 32 0 0.00 0.0 T 8.0 14 120 M M 0 18 330
30 42 24 33 18 32 0 0.00 0.0 T 7.3 14 130 M M 0 16 320
31 48 6 27 11 38 0 0.01 0.2 T 24.5 45 310 M M 7 1 57 310
================================================================================
SM 863 185 1483 0 0.26 5.4 349.6 M 112
================================================================================
AV 27.8 6.0 11.3 FASTST M M 4 MAX(MPH)
MISC ----> 45 310 # 57 290
================================================================================
NOTES:
# LAST OF SEVERAL OCCURRENCES
COLUMN 17 PEAK WIND IN M.P.H.
PRELIMINARY LOCAL CLIMATOLOGICAL DATA (WS FORM: F-6) , PAGE 2
STATION: GLASGOW MT
MONTH: JANUARY
YEAR: 2022
LATITUDE: 48 13 N
LONGITUDE: 106 37 W
[TEMPERATURE DATA] [PRECIPITATION DATA] SYMBOLS USED IN COLUMN 16
AVERAGE MONTHLY: 16.9 TOTAL FOR MONTH: 0.26 1 = FOG OR MIST
DPTR FM NORMAL: 2.3 DPTR FM NORMAL: -0.18 2 = FOG REDUCING VISIBILITY
HIGHEST: 48 ON 31 GRTST 24HR 0.14 ON 6- 6 TO 1/4 MILE OR LESS
LOWEST: -29 ON 6 3 = THUNDER
SNOW, ICE PELLETS, HAIL 4 = ICE PELLETS
TOTAL MONTH: 5.4 INCHES 5 = HAIL
GRTST 24HR 2.5 ON 4- 4 6 = FREEZING RAIN OR DRIZZLE
GRTST DEPTH: 5 ON 5 7 = DUSTSTORM OR SANDSTORM:
VSBY 1/2 MILE OR LESS
8 = SMOKE OR HAZE
[NO. OF DAYS WITH] [WEATHER - DAYS WITH] 9 = BLOWING SNOW
X = TORNADO
MAX 32 OR BELOW: 12 0.01 INCH OR MORE: 9
MAX 90 OR ABOVE: 0 0.10 INCH OR MORE: 1
MIN 32 OR BELOW: 31 0.50 INCH OR MORE: 0
MIN 0 OR BELOW: 12 1.00 INCH OR MORE: 0
[HDD (BASE 65) ]
TOTAL THIS MO. 1483 CLEAR (SCALE 0-3) 14
DPTR FM NORMAL -78 PTCLDY (SCALE 4-7) 13
TOTAL FM JUL 1 4557 CLOUDY (SCALE 8-10) 4
DPTR FM NORMAL -353
[CDD (BASE 65) ]
TOTAL THIS MO. 0
DPTR FM NORMAL 0 [PRESSURE DATA]
TOTAL FM JAN 1 0 HIGHEST SLP M ON M
DPTR FM NORMAL 0 LOWEST SLP 29.45 ON 31
[REMARKS]
#FINAL-01-22#